{"id":29730,"date":"2022-01-19T15:31:58","date_gmt":"2022-01-19T14:31:58","guid":{"rendered":"https:\/\/www.redacteur.com\/blog\/?page_id=29730"},"modified":"2022-10-04T16:18:32","modified_gmt":"2022-10-04T14:18:32","slug":"definition","status":"publish","type":"page","link":"https:\/\/www.redacteur.com\/blog\/definition\/","title":{"rendered":"Lexique SEO"},"content":{"rendered":"<h2>Toutes les d\u00e9finitions utiles du r\u00e9f\u00e9rencement<\/h2>\n<p>Retrouvez tous les mots-cl\u00e9s utiles pour comprendre le r\u00e9f\u00e9rencement web&nbsp;:<\/p>\n<ul class=\"wpb_page_list\"><li class=\"page_item page-item-30427\"><a href=\"https:\/\/www.redacteur.com\/blog\/definition\/ancre-de-lien\/\">Ancre de lien<\/a><\/li>\n<li class=\"page_item page-item-29860\"><a href=\"https:\/\/www.redacteur.com\/blog\/definition\/audit-seo\/\">Audit SEO<\/a><\/li>\n<li class=\"page_item page-item-30434\"><a href=\"https:\/\/www.redacteur.com\/blog\/definition\/backlink\/\">Backlink&nbsp;: D\u00e9finition et exemples<\/a><\/li>\n<li class=\"page_item page-item-29923\"><a href=\"https:\/\/www.redacteur.com\/blog\/definition\/balise-canonical\/\">Balise canonical<\/a><\/li>\n<li class=\"page_item page-item-29849\"><a href=\"https:\/\/www.redacteur.com\/blog\/definition\/balise-html\/\">Balise HTML<\/a><\/li>\n<li class=\"page_item page-item-30103\"><a href=\"https:\/\/www.redacteur.com\/blog\/definition\/balise-meta\/\">Balise meta<\/a><\/li>\n<li class=\"page_item page-item-30117\"><a href=\"https:\/\/www.redacteur.com\/blog\/definition\/balise-title\/\">Balise Title<\/a><\/li>\n<li class=\"page_item page-item-29870\"><a href=\"https:\/\/www.redacteur.com\/blog\/definition\/budget-crawl\/\">Budget Crawl<\/a><\/li>\n<li class=\"page_item page-item-29755\"><a href=\"https:\/\/www.redacteur.com\/blog\/definition\/cluster-thematique\/\">Cluster th\u00e9matique<\/a><\/li>\n<li class=\"page_item page-item-30448\"><a href=\"https:\/\/www.redacteur.com\/blog\/definition\/cocon-semantique\/\">Cocon s\u00e9mantique<\/a><\/li>\n<li class=\"page_item page-item-30641\"><a href=\"https:\/\/www.redacteur.com\/blog\/definition\/content-marketing\/\">Content marketing<\/a><\/li>\n<li class=\"page_item page-item-30444\"><a href=\"https:\/\/www.redacteur.com\/blog\/definition\/crawler\/\">Crawler<\/a><\/li>\n<li class=\"page_item page-item-29877\"><a href=\"https:\/\/www.redacteur.com\/blog\/definition\/donnees-structurees\/\">Donn\u00e9es structur\u00e9es<\/a><\/li>\n<li class=\"page_item page-item-30145\"><a href=\"https:\/\/www.redacteur.com\/blog\/definition\/duplicate-content\/\">Duplicate content<\/a><\/li>\n<li class=\"page_item page-item-30452\"><a href=\"https:\/\/www.redacteur.com\/blog\/definition\/featured-snippets\/\">Featured snippets<\/a><\/li>\n<li class=\"page_item page-item-29874\"><a href=\"https:\/\/www.redacteur.com\/blog\/definition\/fil-ariane\/\">Fil d\u2019Ariane<\/a><\/li>\n<li class=\"page_item page-item-30455\"><a href=\"https:\/\/www.redacteur.com\/blog\/definition\/inbound-marketing\/\">Inbound marketing<\/a><\/li>\n<li class=\"page_item page-item-29880\"><a href=\"https:\/\/www.redacteur.com\/blog\/definition\/index-mobile-first\/\">Index Mobile First<\/a><\/li>\n<li class=\"page_item page-item-30462\"><a href=\"https:\/\/www.redacteur.com\/blog\/definition\/indexer\/\">Indexer<\/a><\/li>\n<li class=\"page_item page-item-30629\"><a href=\"https:\/\/www.redacteur.com\/blog\/definition\/knowledge-graph\/\">Knowledge Graph<\/a><\/li>\n<li class=\"page_item page-item-30467\"><a href=\"https:\/\/www.redacteur.com\/blog\/definition\/kpi\/\">KPI<\/a><\/li>\n<li class=\"page_item page-item-30168\"><a href=\"https:\/\/www.redacteur.com\/blog\/definition\/landing-page\/\">Landing Page<\/a><\/li>\n<li class=\"page_item page-item-29762\"><a href=\"https:\/\/www.redacteur.com\/blog\/definition\/lead-nurturing\/\">Lead Nurturing<\/a><\/li>\n<li class=\"page_item page-item-30617\"><a href=\"https:\/\/www.redacteur.com\/blog\/definition\/ligne-editoriale\/\">Ligne \u00e9ditoriale<\/a><\/li>\n<li class=\"page_item page-item-30646\"><a href=\"https:\/\/www.redacteur.com\/blog\/definition\/link-building\/\">Link building<\/a><\/li>\n<li class=\"page_item page-item-30470\"><a href=\"https:\/\/www.redacteur.com\/blog\/definition\/longue-traine\/\">Longue tra\u00eene<\/a><\/li>\n<li class=\"page_item page-item-30611\"><a href=\"https:\/\/www.redacteur.com\/blog\/definition\/maillage-interne\/\">Maillage interne<\/a><\/li>\n<li class=\"page_item page-item-30113\"><a href=\"https:\/\/www.redacteur.com\/blog\/definition\/meta-description\/\">Meta Description<\/a><\/li>\n<li class=\"page_item page-item-30638\"><a href=\"https:\/\/www.redacteur.com\/blog\/definition\/mot-cle\/\">Mot cl\u00e9<\/a><\/li>\n<li class=\"page_item page-item-32023\"><a href=\"https:\/\/www.redacteur.com\/blog\/definition\/negative-seo\/\">N\u00e9gative SEO<\/a><\/li>\n<li class=\"page_item page-item-30474\"><a href=\"https:\/\/www.redacteur.com\/blog\/definition\/netlinking\/\">Netlinking<\/a><\/li>\n<li class=\"page_item page-item-29883\"><a href=\"https:\/\/www.redacteur.com\/blog\/definition\/noindex\/\">NoIndex<\/a><\/li>\n<li class=\"page_item page-item-30598\"><a href=\"https:\/\/www.redacteur.com\/blog\/definition\/nom-de-domaine\/\">Nom de domaine<\/a><\/li>\n<li class=\"page_item page-item-30477\"><a href=\"https:\/\/www.redacteur.com\/blog\/definition\/page-rank\/\">Page Rank<\/a><\/li>\n<li class=\"page_item page-item-30653\"><a href=\"https:\/\/www.redacteur.com\/blog\/definition\/private-blog-network\/\">Private Blog Network<\/a><\/li>\n<li class=\"page_item page-item-30626\"><a href=\"https:\/\/www.redacteur.com\/blog\/definition\/referencement-local\/\">R\u00e9f\u00e9rencement local<\/a><\/li>\n<li class=\"page_item page-item-30129\"><a href=\"https:\/\/www.redacteur.com\/blog\/definition\/referencement-naturel\/\">R\u00e9f\u00e9rencement naturel<\/a><\/li>\n<li class=\"page_item page-item-30481\"><a href=\"https:\/\/www.redacteur.com\/blog\/definition\/rich-snippets\/\">Rich snippets<\/a><\/li>\n<li class=\"page_item page-item-30635\"><a href=\"https:\/\/www.redacteur.com\/blog\/definition\/sea\/\">SEA<\/a><\/li>\n<li class=\"page_item page-item-30483\"><a href=\"https:\/\/www.redacteur.com\/blog\/definition\/sem\/\">SEM<\/a><\/li>\n<li class=\"page_item page-item-30124\"><a href=\"https:\/\/www.redacteur.com\/blog\/definition\/seo\/\">SEO<\/a><\/li>\n<li class=\"page_item page-item-30440\"><a href=\"https:\/\/www.redacteur.com\/blog\/definition\/seo-black-hat\/\">SEO Black hat<\/a><\/li>\n<li class=\"page_item page-item-30620\"><a href=\"https:\/\/www.redacteur.com\/blog\/definition\/seo-friendly\/\">SEO friendly<\/a><\/li>\n<li class=\"page_item page-item-30648\"><a href=\"https:\/\/www.redacteur.com\/blog\/definition\/seo-on-page\/\">SEO on-page<\/a><\/li>\n<li class=\"page_item page-item-30487\"><a href=\"https:\/\/www.redacteur.com\/blog\/definition\/serp\/\">SERP<\/a><\/li>\n<li class=\"page_item page-item-30632\"><a href=\"https:\/\/www.redacteur.com\/blog\/definition\/sitelinks\/\">Sitelinks<\/a><\/li>\n<li class=\"page_item page-item-30490\"><a href=\"https:\/\/www.redacteur.com\/blog\/definition\/sitemap\/\">Sitemap<\/a><\/li>\n<li class=\"page_item page-item-30422\"><a href=\"https:\/\/www.redacteur.com\/blog\/definition\/taux-de-rebond\/\">Taux de rebond<\/a><\/li>\n<li class=\"page_item page-item-30589\"><a href=\"https:\/\/www.redacteur.com\/blog\/definition\/topic-cluster\/\">Topic cluster<\/a><\/li>\n<li class=\"page_item page-item-30180\"><a href=\"https:\/\/www.redacteur.com\/blog\/definition\/trafic-organique\/\">Trafic organique<\/a><\/li>\n<li class=\"page_item page-item-30643\"><a href=\"https:\/\/www.redacteur.com\/blog\/definition\/url-canonique\/\">URL canonique<\/a><\/li>\n<li class=\"page_item page-item-30650\"><a href=\"https:\/\/www.redacteur.com\/blog\/definition\/utm\/\">UTM<\/a><\/li>\n<\/ul>\n","protected":false},"excerpt":{"rendered":"<p>Toutes les d\u00e9finitions utiles du r\u00e9f\u00e9rencement Retrouvez tous les mots-cl\u00e9s utiles pour comprendre le r\u00e9f\u00e9rencement web&nbsp;:<\/p>\n","protected":false},"author":1,"featured_media":0,"parent":0,"menu_order":0,"comment_status":"closed","ping_status":"closed","template":"","meta":{"_acf_changed":false,"inline_featured_image":false,"footnotes":""},"class_list":["post-29730","page","type-page","status-publish","hentry"],"acf":[],"yoast_head":"<!-- This site is optimized with the Yoast SEO plugin v25.9 - https:\/\/yoast.com\/wordpress\/plugins\/seo\/ -->\n<title>Lexique SEO - Redacteur Blog<\/title>\n<meta name=\"description\" content=\"Retrouvez toutes les d\u00e9finitions utiles pour bien comprendre le r\u00e9f\u00e9rencement et indexer votre site internet correctement.\" \/>\n<meta name=\"robots\" content=\"index, follow, max-snippet:-1, max-image-preview:large, max-video-preview:-1\" \/>\n<link rel=\"canonical\" href=\"https:\/\/www.redacteur.com\/blog\/definition\/\" \/>\n<meta property=\"og:locale\" content=\"fr_FR\" \/>\n<meta property=\"og:type\" content=\"article\" \/>\n<meta property=\"og:title\" content=\"Lexique SEO - Redacteur Blog\" \/>\n<meta property=\"og:description\" content=\"Retrouvez toutes les d\u00e9finitions utiles pour bien comprendre le r\u00e9f\u00e9rencement et indexer votre site internet correctement.\" \/>\n<meta property=\"og:url\" content=\"https:\/\/www.redacteur.com\/blog\/definition\/\" \/>\n<meta property=\"og:site_name\" content=\"Redacteur.com\" \/>\n<meta property=\"article:publisher\" content=\"https:\/\/www.facebook.com\/redacteurcom\" \/>\n<meta property=\"article:modified_time\" content=\"2022-10-04T14:18:32+00:00\" \/>\n<meta name=\"twitter:card\" content=\"summary_large_image\" \/>\n<meta name=\"twitter:site\" content=\"@Redacteurcom\" \/>\n<script type=\"application\/ld+json\" class=\"yoast-schema-graph\">{\"@context\":\"https:\/\/schema.org\",\"@graph\":[{\"@type\":\"WebPage\",\"@id\":\"https:\/\/www.redacteur.com\/blog\/definition\/\",\"url\":\"https:\/\/www.redacteur.com\/blog\/definition\/\",\"name\":\"Lexique SEO - Redacteur Blog\",\"isPartOf\":{\"@id\":\"https:\/\/www.redacteur.com\/blog\/#website\"},\"datePublished\":\"2022-01-19T14:31:58+00:00\",\"dateModified\":\"2022-10-04T14:18:32+00:00\",\"description\":\"Retrouvez toutes les d\u00e9finitions utiles pour bien comprendre le r\u00e9f\u00e9rencement et indexer votre site internet correctement.\",\"breadcrumb\":{\"@id\":\"https:\/\/www.redacteur.com\/blog\/definition\/#breadcrumb\"},\"inLanguage\":\"fr-FR\",\"potentialAction\":[{\"@type\":\"ReadAction\",\"target\":[\"https:\/\/www.redacteur.com\/blog\/definition\/\"]}]},{\"@type\":\"BreadcrumbList\",\"@id\":\"https:\/\/www.redacteur.com\/blog\/definition\/#breadcrumb\",\"itemListElement\":[{\"@type\":\"ListItem\",\"position\":1,\"name\":\"Blog\",\"item\":\"https:\/\/www.redacteur.com\/blog\/\"},{\"@type\":\"ListItem\",\"position\":2,\"name\":\"Lexique SEO\"}]},{\"@type\":\"WebSite\",\"@id\":\"https:\/\/www.redacteur.com\/blog\/#website\",\"url\":\"https:\/\/www.redacteur.com\/blog\/\",\"name\":\"Redacteur.com\",\"description\":\"redacteur\",\"publisher\":{\"@id\":\"https:\/\/www.redacteur.com\/blog\/#organization\"},\"potentialAction\":[{\"@type\":\"SearchAction\",\"target\":{\"@type\":\"EntryPoint\",\"urlTemplate\":\"https:\/\/www.redacteur.com\/blog\/?s={search_term_string}\"},\"query-input\":{\"@type\":\"PropertyValueSpecification\",\"valueRequired\":true,\"valueName\":\"search_term_string\"}}],\"inLanguage\":\"fr-FR\"},{\"@type\":\"Organization\",\"@id\":\"https:\/\/www.redacteur.com\/blog\/#organization\",\"name\":\"Redacteur.com\",\"url\":\"https:\/\/www.redacteur.com\/blog\/\",\"logo\":{\"@type\":\"ImageObject\",\"inLanguage\":\"fr-FR\",\"@id\":\"https:\/\/www.redacteur.com\/blog\/#\/schema\/logo\/image\/\",\"url\":\"https:\/\/www.redacteur.com\/blog\/wp-content\/uploads\/sites\/6\/2022\/10\/logo-redacteur-blog.svg\",\"contentUrl\":\"https:\/\/www.redacteur.com\/blog\/wp-content\/uploads\/sites\/6\/2022\/10\/logo-redacteur-blog.svg\",\"width\":1,\"height\":1,\"caption\":\"Redacteur.com\"},\"image\":{\"@id\":\"https:\/\/www.redacteur.com\/blog\/#\/schema\/logo\/image\/\"},\"sameAs\":[\"https:\/\/www.facebook.com\/redacteurcom\",\"https:\/\/x.com\/Redacteurcom\",\"https:\/\/www.linkedin.com\/company\/redacteur-com\",\"https:\/\/www.youtube.com\/channel\/UCgj9ySM9xy3gdL8qBafl9Uw\/\"]}]}<\/script>\n<!-- \/ Yoast SEO plugin. -->","yoast_head_json":{"title":"Lexique SEO - Redacteur Blog","description":"Retrouvez toutes les d\u00e9finitions utiles pour bien comprendre le r\u00e9f\u00e9rencement et indexer votre site internet correctement.","robots":{"index":"index","follow":"follow","max-snippet":"max-snippet:-1","max-image-preview":"max-image-preview:large","max-video-preview":"max-video-preview:-1"},"canonical":"https:\/\/www.redacteur.com\/blog\/definition\/","og_locale":"fr_FR","og_type":"article","og_title":"Lexique SEO - Redacteur Blog","og_description":"Retrouvez toutes les d\u00e9finitions utiles pour bien comprendre le r\u00e9f\u00e9rencement et indexer votre site internet correctement.","og_url":"https:\/\/www.redacteur.com\/blog\/definition\/","og_site_name":"Redacteur.com","article_publisher":"https:\/\/www.facebook.com\/redacteurcom","article_modified_time":"2022-10-04T14:18:32+00:00","twitter_card":"summary_large_image","twitter_site":"@Redacteurcom","schema":{"@context":"https:\/\/schema.org","@graph":[{"@type":"WebPage","@id":"https:\/\/www.redacteur.com\/blog\/definition\/","url":"https:\/\/www.redacteur.com\/blog\/definition\/","name":"Lexique SEO - Redacteur Blog","isPartOf":{"@id":"https:\/\/www.redacteur.com\/blog\/#website"},"datePublished":"2022-01-19T14:31:58+00:00","dateModified":"2022-10-04T14:18:32+00:00","description":"Retrouvez toutes les d\u00e9finitions utiles pour bien comprendre le r\u00e9f\u00e9rencement et indexer votre site internet correctement.","breadcrumb":{"@id":"https:\/\/www.redacteur.com\/blog\/definition\/#breadcrumb"},"inLanguage":"fr-FR","potentialAction":[{"@type":"ReadAction","target":["https:\/\/www.redacteur.com\/blog\/definition\/"]}]},{"@type":"BreadcrumbList","@id":"https:\/\/www.redacteur.com\/blog\/definition\/#breadcrumb","itemListElement":[{"@type":"ListItem","position":1,"name":"Blog","item":"https:\/\/www.redacteur.com\/blog\/"},{"@type":"ListItem","position":2,"name":"Lexique SEO"}]},{"@type":"WebSite","@id":"https:\/\/www.redacteur.com\/blog\/#website","url":"https:\/\/www.redacteur.com\/blog\/","name":"Redacteur.com","description":"redacteur","publisher":{"@id":"https:\/\/www.redacteur.com\/blog\/#organization"},"potentialAction":[{"@type":"SearchAction","target":{"@type":"EntryPoint","urlTemplate":"https:\/\/www.redacteur.com\/blog\/?s={search_term_string}"},"query-input":{"@type":"PropertyValueSpecification","valueRequired":true,"valueName":"search_term_string"}}],"inLanguage":"fr-FR"},{"@type":"Organization","@id":"https:\/\/www.redacteur.com\/blog\/#organization","name":"Redacteur.com","url":"https:\/\/www.redacteur.com\/blog\/","logo":{"@type":"ImageObject","inLanguage":"fr-FR","@id":"https:\/\/www.redacteur.com\/blog\/#\/schema\/logo\/image\/","url":"https:\/\/www.redacteur.com\/blog\/wp-content\/uploads\/sites\/6\/2022\/10\/logo-redacteur-blog.svg","contentUrl":"https:\/\/www.redacteur.com\/blog\/wp-content\/uploads\/sites\/6\/2022\/10\/logo-redacteur-blog.svg","width":1,"height":1,"caption":"Redacteur.com"},"image":{"@id":"https:\/\/www.redacteur.com\/blog\/#\/schema\/logo\/image\/"},"sameAs":["https:\/\/www.facebook.com\/redacteurcom","https:\/\/x.com\/Redacteurcom","https:\/\/www.linkedin.com\/company\/redacteur-com","https:\/\/www.youtube.com\/channel\/UCgj9ySM9xy3gdL8qBafl9Uw\/"]}]}},"_links":{"self":[{"href":"https:\/\/www.redacteur.com\/blog\/wp-json\/wp\/v2\/pages\/29730","targetHints":{"allow":["GET"]}}],"collection":[{"href":"https:\/\/www.redacteur.com\/blog\/wp-json\/wp\/v2\/pages"}],"about":[{"href":"https:\/\/www.redacteur.com\/blog\/wp-json\/wp\/v2\/types\/page"}],"author":[{"embeddable":true,"href":"https:\/\/www.redacteur.com\/blog\/wp-json\/wp\/v2\/users\/1"}],"replies":[{"embeddable":true,"href":"https:\/\/www.redacteur.com\/blog\/wp-json\/wp\/v2\/comments?post=29730"}],"version-history":[{"count":0,"href":"https:\/\/www.redacteur.com\/blog\/wp-json\/wp\/v2\/pages\/29730\/revisions"}],"wp:attachment":[{"href":"https:\/\/www.redacteur.com\/blog\/wp-json\/wp\/v2\/media?parent=29730"}],"curies":[{"name":"wp","href":"https:\/\/api.w.org\/{rel}","templated":true}]}}