{"id":29874,"date":"2022-01-26T17:02:15","date_gmt":"2022-01-26T16:02:15","guid":{"rendered":"https:\/\/www.redacteur.com\/blog\/?page_id=29874"},"modified":"2023-03-03T13:59:23","modified_gmt":"2023-03-03T12:59:23","slug":"fil-ariane","status":"publish","type":"page","link":"https:\/\/www.redacteur.com\/blog\/definition\/fil-ariane\/","title":{"rendered":"Fil d\u2019Ariane"},"content":{"rendered":"<p>En SEO, vous entendrez souvent parler du <strong>fil d\u2019Ariane<\/strong>. Cet outil est tout aussi essentiel que la <a href=\"https:\/\/www.redacteur.com\/blog\/definition\/balise-canonicale\/\">balise canonicale<\/a> et le <a href=\"https:\/\/www.redacteur.com\/blog\/definition\/budget-crawl\/\">budget crawl<\/a>.<\/p>\n<p>Voyons donc pourquoi ce \u00ab fil \u00bb est int\u00e9ressant et comment bien l\u2019utiliser. Mais avant tout, pr\u00e9sentons-le.<\/p>\n<h2>Le fil d\u2019Ariane&nbsp;: qu\u2019est ce que c\u2019est&nbsp;?<\/h2>\n<p>Le <strong>fil d\u2019Ariane<\/strong> est \u00e9galement appel\u00e9 \u00ab <strong>breadcrumb<\/strong> \u00bb en anglais, et porte son nom en r\u00e9f\u00e9rence \u00e0 un mythe de la Gr\u00e8ce antique, le L\u00e9gende de Th\u00e9s\u00e9e.<\/p>\n<p>Pour faire court, Th\u00e9s\u00e9e se rend dans le labyrinthe de Cr\u00e8te cr\u00e9\u00e9 par D\u00e9dale pour abattre le c\u00e9l\u00e8bre Minotaure. Ariane, \u00e9prise de Th\u00e9s\u00e9e, lui confie alors une pelote de laine \u00e0 d\u00e9rouler tout au long de son parcours pour pouvoir retrouver sa sortie. C&#8217;est ainsi que le fil d&#8217;Ariane permet \u00e0 Th\u00e9s\u00e9e de sortir du labyrinthe sans difficult\u00e9 apr\u00e8s avoir combattu et vaincu le Minotaure.<\/p>\n<p>Et c\u2019est justement la partie pour aider \u00e0 trouver le chemin qui est en lien avec notre fil d&#8217;Ariane sur Internet.<\/p>\n<p>Ainsi, cet outil est en r\u00e9alit\u00e9 une trace du chemin parcouru pour atteindre une page. Il est souvent plac\u00e9 en haut de page de cette mani\u00e8re&nbsp;:<\/p>\n<pre>\u00ab Page d\u2019accueil &gt; Cat\u00e9gorie &gt; Sous-cat\u00e9gorie &gt; Page actuelle \u00bb.<\/pre>\n<p>Gr\u00e2ce \u00e0 cela, l\u2019utilisateur peut facilement retourner sur ses pas ou m\u00eame voir le nom de la page actuelle.<\/p>\n<h2>Les diff\u00e9rents types de fil d&#8217;Ariane<\/h2>\n<p>Maintenant que la d\u00e9finition est claire, voyons ensemble les diff\u00e9rents types de <strong>fil d&#8217;Ariane<\/strong> que nous pouvons trouver.<\/p>\n<p>Il en existe trois&nbsp;: le fil d\u2019Ariane con\u00e7u par hi\u00e9rarchisation, sur les attributs et sur l\u2019historique.<\/p>\n<p>Mais avant, il est important de savoir que les diff\u00e9rentes pages peuvent \u00eatre s\u00e9par\u00e9es par diff\u00e9rents signes tels que \u00ab \/ \u00bb, \u00ab &gt; \u00bb, \u00ab ; \u00bb.<\/p>\n<h3>Le fil d&#8217;Ariane con\u00e7u par hi\u00e9rarchisation<\/h3>\n<p>Ce <strong>fil d\u2019Ariane<\/strong> est le plus classique. Il se construit <strong>\u00e0 partir de la structure du site<\/strong> en lui-m\u00eame, ce qui permet tout simplement de voir le parcours effectu\u00e9 par l&#8217;utilisateur, cat\u00e9gorie par cat\u00e9gorie.<\/p>\n<p>Ex&nbsp;: <em>\u00ab Page d\u2019accueil &gt; Cat\u00e9gorie 7 &gt; Sous-cat\u00e9gorie 7.2 &gt; Page actuelle \u00bb<\/em><\/p>\n<figure id=\"attachment_29939\" aria-describedby=\"caption-attachment-29939\" style=\"width: 770px\" class=\"wp-caption alignnone\"><a href=\"https:\/\/www.redacteur.com\/blog\/wp-content\/uploads\/2022\/01\/screenshot2174-scaled.jpg\"><img decoding=\"async\" class=\"wp-image-29939 size-large\" src=\"https:\/\/www.redacteur.com\/blog\/wp-content\/uploads\/sites\/6\/2022\/01\/screenshot2174-scaled-1-1024x397.jpg\" alt=\"fil d'Ariane e-commerce\" width=\"770\" height=\"299\" srcset=\"https:\/\/www.redacteur.com\/blog\/wp-content\/uploads\/sites\/6\/2022\/01\/screenshot2174-scaled-1-1024x397.jpg 1024w, https:\/\/www.redacteur.com\/blog\/wp-content\/uploads\/sites\/6\/2022\/01\/screenshot2174-scaled-1-300x116.jpg 300w, https:\/\/www.redacteur.com\/blog\/wp-content\/uploads\/sites\/6\/2022\/01\/screenshot2174-scaled-1-768x298.jpg 768w, https:\/\/www.redacteur.com\/blog\/wp-content\/uploads\/sites\/6\/2022\/01\/screenshot2174-scaled-1-1536x595.jpg 1536w, https:\/\/www.redacteur.com\/blog\/wp-content\/uploads\/sites\/6\/2022\/01\/screenshot2174-scaled-1-2048x794.jpg 2048w, https:\/\/www.redacteur.com\/blog\/wp-content\/uploads\/sites\/6\/2022\/01\/screenshot2174-scaled-1-60x23.jpg 60w, https:\/\/www.redacteur.com\/blog\/wp-content\/uploads\/sites\/6\/2022\/01\/screenshot2174-scaled-1-370x143.jpg 370w, https:\/\/www.redacteur.com\/blog\/wp-content\/uploads\/sites\/6\/2022\/01\/screenshot2174-scaled-1-270x105.jpg 270w, https:\/\/www.redacteur.com\/blog\/wp-content\/uploads\/sites\/6\/2022\/01\/screenshot2174-scaled-1-570x221.jpg 570w, https:\/\/www.redacteur.com\/blog\/wp-content\/uploads\/sites\/6\/2022\/01\/screenshot2174-scaled-1-740x287.jpg 740w\" sizes=\"(max-width: 770px) 100vw, 770px\" \/><\/a><figcaption id=\"caption-attachment-29939\" class=\"wp-caption-text\">Exemple de fil d&#8217;Ariane par hi\u00e9rarchisation sur le site e-commerce de Cultura<\/figcaption><\/figure>\n<h3>Le fil d&#8217;Ariane con\u00e7u par attributs<\/h3>\n<p>Cette construction du fil semble un peu plus technique. En effet, ce dernier se veut bien plus pr\u00e9cis et sera bien <strong>plus utilis\u00e9 sur les sites de e-commerce<\/strong>, car il permet d\u2019avoir le parcours affich\u00e9, mais cette fois-ci <strong>en fonction des filtres de recherches<\/strong> d\u00e9finis par l\u2019utilisateur.<\/p>\n<p>Ex&nbsp;: <em>\u00ab Page d\u2019accueil &gt; Cat\u00e9gorie &gt; Filtre\/Attribut 1 &gt; Filtre\/Attribut 2 &gt; \u2026 &gt; Page actuelle \u00bb<\/em><\/p>\n<h3>Le fil d&#8217;Ariane con\u00e7u par historique complet<\/h3>\n<p>Cette derni\u00e8re construction est beaucoup moins compr\u00e9hensible, car elle retrace <strong>tout le parcours de l\u2019utilisateur<\/strong>. Par cons\u00e9quent, le fil peut vite se retrouver cons\u00e9quent. Il est certainement moins utilis\u00e9 notamment sur les sites de e-commerce.<\/p>\n<p>Ex&nbsp;: <em>\u00ab Page d\u2019accueil &gt; Cat\u00e9gorie &gt; Sous-cat\u00e9gorie &gt; Produit &gt; Sous-cat\u00e9gorie \u00bb<\/em><\/p>\n<h2>Pourquoi adopter un fil d\u2019Ariane sur son site&nbsp;?<\/h2>\n<h3>Faciliter la navigation<\/h3>\n<p>Le premier int\u00e9r\u00eat qui vient \u00e0 l\u2019esprit pour cet outil en <strong>SEO<\/strong> est la possibilit\u00e9 pour les utilisateurs d\u2019avoir une trace de leur chemin sur le site. Par cons\u00e9quent, le voyage sur le site est plus simple, ce qui am\u00e9liore le taux de conversion et de clic, et <strong>simplifie son utilisation<\/strong>.<\/p>\n<p>Si son utilisation est simplifi\u00e9e, les utilisateurs seront plus \u00e0 m\u00eame de s\u2019y rendre ce qui <strong>augmente le trafic<\/strong>.<\/p>\n<h3>Faciliter le crawl des robots<\/h3>\n<p>Le second int\u00e9r\u00eat, c\u2019est que cet outil est <strong>lisible par les robots des moteurs de recherches<\/strong>, notamment Google.<\/p>\n<p>En effet, il am\u00e9liore le <a href=\"https:\/\/www.redacteur.com\/blog\/definition\/maillage-interne\/\">maillage interne<\/a> et permet aux robots de se d\u00e9placer plus facilement sur le site, de faire des liens entre les pages et de leur r\u00e9duire le temps d\u2019analyse dont ils ont besoin pour cartographier le site.<\/p>\n<p>Cette pratique est donc tr\u00e8s appr\u00e9ci\u00e9e des moteurs de recherche.<\/p>\n<h2>Quelques conseils pour utiliser efficacement le fil d\u2019Ariane<\/h2>\n<p>Afin de le mettre en place et d\u2019<a href=\"https:\/\/www.redacteur.com\/blog\/fil-d-ariane-site-web-seo\/\">optimiser l\u2019utilisation du <strong>fil d\u2019Ariane<\/strong><\/a>, voici quelques conseils&nbsp;:<\/p>\n<ul>\n<li>Montrer le chemin parcouru, de la page d\u2019accueil \u00e0 la page actuelle en utilisant la construction vue pr\u00e9c\u00e9demment la plus adapt\u00e9e<\/li>\n<li>La derni\u00e8re \u00e9tape est la page actuelle et ne doit pas \u00eatre cliquable<\/li>\n<li>Chaque page doit avoir un lien permettant de renvoyer \u00e0 cette page<\/li>\n<li>Placer le fil en haut \u00e0 gauche du site, dans le coin<\/li>\n<\/ul>\n","protected":false},"excerpt":{"rendered":"<p>En SEO, vous entendrez souvent parler du fil d\u2019Ariane. Cet outil est tout aussi essentiel que la balise canonicale et le budget crawl. Voyons donc pourquoi ce \u00ab fil \u00bb est int\u00e9ressant et comment bien l\u2019utiliser. Mais avant tout, pr\u00e9sentons-le. Le fil d\u2019Ariane&nbsp;: qu\u2019est ce que c\u2019est&nbsp;? Le fil d\u2019Ariane est \u00e9galement appel\u00e9 \u00ab breadcrumb [&hellip;]<\/p>\n","protected":false},"author":1,"featured_media":0,"parent":29730,"menu_order":0,"comment_status":"closed","ping_status":"closed","template":"","meta":{"_acf_changed":false,"inline_featured_image":false,"footnotes":""},"class_list":["post-29874","page","type-page","status-publish","hentry"],"acf":[],"yoast_head":"<!-- This site is optimized with the Yoast SEO plugin v25.9 - https:\/\/yoast.com\/wordpress\/plugins\/seo\/ -->\n<title>Qu&#039;est-ce qu&#039;un Fil d&#039;Ariane ? La d\u00e9finition SEO - Redacteur.com<\/title>\n<meta name=\"description\" content=\"En SEO, vous entendrez souvent parler du fil d\u2019Ariane. Cet outil est tout aussi essentiel que la balise canonicale et le budget crawl. Voyons donc\" \/>\n<meta name=\"robots\" content=\"index, follow, max-snippet:-1, max-image-preview:large, max-video-preview:-1\" \/>\n<link rel=\"canonical\" href=\"https:\/\/www.redacteur.com\/blog\/definition\/fil-ariane\/\" \/>\n<meta property=\"og:locale\" content=\"fr_FR\" \/>\n<meta property=\"og:type\" content=\"article\" \/>\n<meta property=\"og:title\" content=\"Qu&#039;est-ce qu&#039;un Fil d&#039;Ariane ? La d\u00e9finition SEO - Redacteur.com\" \/>\n<meta property=\"og:description\" content=\"En SEO, vous entendrez souvent parler du fil d\u2019Ariane. Cet outil est tout aussi essentiel que la balise canonicale et le budget crawl. Voyons donc\" \/>\n<meta property=\"og:url\" content=\"https:\/\/www.redacteur.com\/blog\/definition\/fil-ariane\/\" \/>\n<meta property=\"og:site_name\" content=\"Redacteur.com\" \/>\n<meta property=\"article:publisher\" content=\"https:\/\/www.facebook.com\/redacteurcom\" \/>\n<meta property=\"article:modified_time\" content=\"2023-03-03T12:59:23+00:00\" \/>\n<meta property=\"og:image\" content=\"https:\/\/www.redacteur.com\/blog\/wp-content\/uploads\/sites\/6\/2022\/01\/screenshot2174-scaled-1-1024x397.jpg\" \/>\n<meta name=\"twitter:card\" content=\"summary_large_image\" \/>\n<meta name=\"twitter:site\" content=\"@Redacteurcom\" \/>\n<meta name=\"twitter:label1\" content=\"Dur\u00e9e de lecture estim\u00e9e\" \/>\n\t<meta name=\"twitter:data1\" content=\"4 minutes\" \/>\n<script type=\"application\/ld+json\" class=\"yoast-schema-graph\">{\"@context\":\"https:\/\/schema.org\",\"@graph\":[{\"@type\":\"WebPage\",\"@id\":\"https:\/\/www.redacteur.com\/blog\/definition\/fil-ariane\/\",\"url\":\"https:\/\/www.redacteur.com\/blog\/definition\/fil-ariane\/\",\"name\":\"Qu'est-ce qu'un Fil d'Ariane ? La d\u00e9finition SEO - Redacteur.com\",\"isPartOf\":{\"@id\":\"https:\/\/www.redacteur.com\/blog\/#website\"},\"primaryImageOfPage\":{\"@id\":\"https:\/\/www.redacteur.com\/blog\/definition\/fil-ariane\/#primaryimage\"},\"image\":{\"@id\":\"https:\/\/www.redacteur.com\/blog\/definition\/fil-ariane\/#primaryimage\"},\"thumbnailUrl\":\"https:\/\/www.redacteur.com\/blog\/wp-content\/uploads\/sites\/6\/2022\/01\/screenshot2174-scaled-1-1024x397.jpg\",\"datePublished\":\"2022-01-26T16:02:15+00:00\",\"dateModified\":\"2023-03-03T12:59:23+00:00\",\"description\":\"En SEO, vous entendrez souvent parler du fil d\u2019Ariane. Cet outil est tout aussi essentiel que la balise canonicale et le budget crawl. Voyons donc\",\"breadcrumb\":{\"@id\":\"https:\/\/www.redacteur.com\/blog\/definition\/fil-ariane\/#breadcrumb\"},\"inLanguage\":\"fr-FR\",\"potentialAction\":[{\"@type\":\"ReadAction\",\"target\":[\"https:\/\/www.redacteur.com\/blog\/definition\/fil-ariane\/\"]}]},{\"@type\":\"ImageObject\",\"inLanguage\":\"fr-FR\",\"@id\":\"https:\/\/www.redacteur.com\/blog\/definition\/fil-ariane\/#primaryimage\",\"url\":\"https:\/\/www.redacteur.com\/blog\/wp-content\/uploads\/sites\/6\/2022\/01\/screenshot2174-scaled-1.jpg\",\"contentUrl\":\"https:\/\/www.redacteur.com\/blog\/wp-content\/uploads\/sites\/6\/2022\/01\/screenshot2174-scaled-1.jpg\",\"width\":2560,\"height\":992,\"caption\":\"Exemple de fil d'Ariane sur le site e-commerce de Cultura\"},{\"@type\":\"BreadcrumbList\",\"@id\":\"https:\/\/www.redacteur.com\/blog\/definition\/fil-ariane\/#breadcrumb\",\"itemListElement\":[{\"@type\":\"ListItem\",\"position\":1,\"name\":\"Blog\",\"item\":\"https:\/\/www.redacteur.com\/blog\/\"},{\"@type\":\"ListItem\",\"position\":2,\"name\":\"Lexique SEO\",\"item\":\"https:\/\/www.redacteur.com\/blog\/definition\/\"},{\"@type\":\"ListItem\",\"position\":3,\"name\":\"Fil d\u2019Ariane\"}]},{\"@type\":\"WebSite\",\"@id\":\"https:\/\/www.redacteur.com\/blog\/#website\",\"url\":\"https:\/\/www.redacteur.com\/blog\/\",\"name\":\"Redacteur.com\",\"description\":\"redacteur\",\"publisher\":{\"@id\":\"https:\/\/www.redacteur.com\/blog\/#organization\"},\"potentialAction\":[{\"@type\":\"SearchAction\",\"target\":{\"@type\":\"EntryPoint\",\"urlTemplate\":\"https:\/\/www.redacteur.com\/blog\/?s={search_term_string}\"},\"query-input\":{\"@type\":\"PropertyValueSpecification\",\"valueRequired\":true,\"valueName\":\"search_term_string\"}}],\"inLanguage\":\"fr-FR\"},{\"@type\":\"Organization\",\"@id\":\"https:\/\/www.redacteur.com\/blog\/#organization\",\"name\":\"Redacteur.com\",\"url\":\"https:\/\/www.redacteur.com\/blog\/\",\"logo\":{\"@type\":\"ImageObject\",\"inLanguage\":\"fr-FR\",\"@id\":\"https:\/\/www.redacteur.com\/blog\/#\/schema\/logo\/image\/\",\"url\":\"https:\/\/www.redacteur.com\/blog\/wp-content\/uploads\/sites\/6\/2022\/10\/logo-redacteur-blog.svg\",\"contentUrl\":\"https:\/\/www.redacteur.com\/blog\/wp-content\/uploads\/sites\/6\/2022\/10\/logo-redacteur-blog.svg\",\"width\":1,\"height\":1,\"caption\":\"Redacteur.com\"},\"image\":{\"@id\":\"https:\/\/www.redacteur.com\/blog\/#\/schema\/logo\/image\/\"},\"sameAs\":[\"https:\/\/www.facebook.com\/redacteurcom\",\"https:\/\/x.com\/Redacteurcom\",\"https:\/\/www.linkedin.com\/company\/redacteur-com\",\"https:\/\/www.youtube.com\/channel\/UCgj9ySM9xy3gdL8qBafl9Uw\/\"]}]}<\/script>\n<!-- \/ Yoast SEO plugin. -->","yoast_head_json":{"title":"Qu'est-ce qu'un Fil d'Ariane ? La d\u00e9finition SEO - Redacteur.com","description":"En SEO, vous entendrez souvent parler du fil d\u2019Ariane. Cet outil est tout aussi essentiel que la balise canonicale et le budget crawl. Voyons donc","robots":{"index":"index","follow":"follow","max-snippet":"max-snippet:-1","max-image-preview":"max-image-preview:large","max-video-preview":"max-video-preview:-1"},"canonical":"https:\/\/www.redacteur.com\/blog\/definition\/fil-ariane\/","og_locale":"fr_FR","og_type":"article","og_title":"Qu'est-ce qu'un Fil d'Ariane ? La d\u00e9finition SEO - Redacteur.com","og_description":"En SEO, vous entendrez souvent parler du fil d\u2019Ariane. Cet outil est tout aussi essentiel que la balise canonicale et le budget crawl. Voyons donc","og_url":"https:\/\/www.redacteur.com\/blog\/definition\/fil-ariane\/","og_site_name":"Redacteur.com","article_publisher":"https:\/\/www.facebook.com\/redacteurcom","article_modified_time":"2023-03-03T12:59:23+00:00","og_image":[{"url":"https:\/\/www.redacteur.com\/blog\/wp-content\/uploads\/sites\/6\/2022\/01\/screenshot2174-scaled-1-1024x397.jpg","type":"","width":"","height":""}],"twitter_card":"summary_large_image","twitter_site":"@Redacteurcom","twitter_misc":{"Dur\u00e9e de lecture estim\u00e9e":"4 minutes"},"schema":{"@context":"https:\/\/schema.org","@graph":[{"@type":"WebPage","@id":"https:\/\/www.redacteur.com\/blog\/definition\/fil-ariane\/","url":"https:\/\/www.redacteur.com\/blog\/definition\/fil-ariane\/","name":"Qu'est-ce qu'un Fil d'Ariane ? La d\u00e9finition SEO - Redacteur.com","isPartOf":{"@id":"https:\/\/www.redacteur.com\/blog\/#website"},"primaryImageOfPage":{"@id":"https:\/\/www.redacteur.com\/blog\/definition\/fil-ariane\/#primaryimage"},"image":{"@id":"https:\/\/www.redacteur.com\/blog\/definition\/fil-ariane\/#primaryimage"},"thumbnailUrl":"https:\/\/www.redacteur.com\/blog\/wp-content\/uploads\/sites\/6\/2022\/01\/screenshot2174-scaled-1-1024x397.jpg","datePublished":"2022-01-26T16:02:15+00:00","dateModified":"2023-03-03T12:59:23+00:00","description":"En SEO, vous entendrez souvent parler du fil d\u2019Ariane. Cet outil est tout aussi essentiel que la balise canonicale et le budget crawl. Voyons donc","breadcrumb":{"@id":"https:\/\/www.redacteur.com\/blog\/definition\/fil-ariane\/#breadcrumb"},"inLanguage":"fr-FR","potentialAction":[{"@type":"ReadAction","target":["https:\/\/www.redacteur.com\/blog\/definition\/fil-ariane\/"]}]},{"@type":"ImageObject","inLanguage":"fr-FR","@id":"https:\/\/www.redacteur.com\/blog\/definition\/fil-ariane\/#primaryimage","url":"https:\/\/www.redacteur.com\/blog\/wp-content\/uploads\/sites\/6\/2022\/01\/screenshot2174-scaled-1.jpg","contentUrl":"https:\/\/www.redacteur.com\/blog\/wp-content\/uploads\/sites\/6\/2022\/01\/screenshot2174-scaled-1.jpg","width":2560,"height":992,"caption":"Exemple de fil d'Ariane sur le site e-commerce de Cultura"},{"@type":"BreadcrumbList","@id":"https:\/\/www.redacteur.com\/blog\/definition\/fil-ariane\/#breadcrumb","itemListElement":[{"@type":"ListItem","position":1,"name":"Blog","item":"https:\/\/www.redacteur.com\/blog\/"},{"@type":"ListItem","position":2,"name":"Lexique SEO","item":"https:\/\/www.redacteur.com\/blog\/definition\/"},{"@type":"ListItem","position":3,"name":"Fil d\u2019Ariane"}]},{"@type":"WebSite","@id":"https:\/\/www.redacteur.com\/blog\/#website","url":"https:\/\/www.redacteur.com\/blog\/","name":"Redacteur.com","description":"redacteur","publisher":{"@id":"https:\/\/www.redacteur.com\/blog\/#organization"},"potentialAction":[{"@type":"SearchAction","target":{"@type":"EntryPoint","urlTemplate":"https:\/\/www.redacteur.com\/blog\/?s={search_term_string}"},"query-input":{"@type":"PropertyValueSpecification","valueRequired":true,"valueName":"search_term_string"}}],"inLanguage":"fr-FR"},{"@type":"Organization","@id":"https:\/\/www.redacteur.com\/blog\/#organization","name":"Redacteur.com","url":"https:\/\/www.redacteur.com\/blog\/","logo":{"@type":"ImageObject","inLanguage":"fr-FR","@id":"https:\/\/www.redacteur.com\/blog\/#\/schema\/logo\/image\/","url":"https:\/\/www.redacteur.com\/blog\/wp-content\/uploads\/sites\/6\/2022\/10\/logo-redacteur-blog.svg","contentUrl":"https:\/\/www.redacteur.com\/blog\/wp-content\/uploads\/sites\/6\/2022\/10\/logo-redacteur-blog.svg","width":1,"height":1,"caption":"Redacteur.com"},"image":{"@id":"https:\/\/www.redacteur.com\/blog\/#\/schema\/logo\/image\/"},"sameAs":["https:\/\/www.facebook.com\/redacteurcom","https:\/\/x.com\/Redacteurcom","https:\/\/www.linkedin.com\/company\/redacteur-com","https:\/\/www.youtube.com\/channel\/UCgj9ySM9xy3gdL8qBafl9Uw\/"]}]}},"_links":{"self":[{"href":"https:\/\/www.redacteur.com\/blog\/wp-json\/wp\/v2\/pages\/29874","targetHints":{"allow":["GET"]}}],"collection":[{"href":"https:\/\/www.redacteur.com\/blog\/wp-json\/wp\/v2\/pages"}],"about":[{"href":"https:\/\/www.redacteur.com\/blog\/wp-json\/wp\/v2\/types\/page"}],"author":[{"embeddable":true,"href":"https:\/\/www.redacteur.com\/blog\/wp-json\/wp\/v2\/users\/1"}],"replies":[{"embeddable":true,"href":"https:\/\/www.redacteur.com\/blog\/wp-json\/wp\/v2\/comments?post=29874"}],"version-history":[{"count":0,"href":"https:\/\/www.redacteur.com\/blog\/wp-json\/wp\/v2\/pages\/29874\/revisions"}],"up":[{"embeddable":true,"href":"https:\/\/www.redacteur.com\/blog\/wp-json\/wp\/v2\/pages\/29730"}],"wp:attachment":[{"href":"https:\/\/www.redacteur.com\/blog\/wp-json\/wp\/v2\/media?parent=29874"}],"curies":[{"name":"wp","href":"https:\/\/api.w.org\/{rel}","templated":true}]}}