{"id":30168,"date":"2022-02-01T16:32:29","date_gmt":"2022-02-01T15:32:29","guid":{"rendered":"https:\/\/www.redacteur.com\/blog\/?page_id=30168"},"modified":"2022-02-01T16:32:29","modified_gmt":"2022-02-01T15:32:29","slug":"landing-page","status":"publish","type":"page","link":"https:\/\/www.redacteur.com\/blog\/definition\/landing-page\/","title":{"rendered":"Landing Page"},"content":{"rendered":"<p>Vous avez certainement d\u00e9j\u00e0 entendu parler de<strong> landing page.<\/strong> Peut-\u00eatre savez ce que c&#8217;est, ou bien en avez-vous juste une vague id\u00e9e. Et si nous vous \u00e9clairions sur ce sujet&nbsp;?<\/p>\n<p>&nbsp;<\/p>\n<h2>Qu&#8217;est-ce qu&#8217;une landing page&nbsp;?<\/h2>\n<p>La <strong>landing page<\/strong> est <strong>le biais par lequel vous voulez inciter l&#8217;internaute \u00e0 acheter votre produit ou service<\/strong> et ainsi le transformer en client, <strong>ou r\u00e9colter ses coordonn\u00e9es<\/strong> pour en faire un prospect qui deviendra peut-\u00eatre un client plus tard.<\/p>\n<p>Le <strong>but de la landing page<\/strong> est donc de <strong>pousser \u00e0 l&#8217;action<\/strong> la personne qui aura cliqu\u00e9 sur votre lien. Elle contient des textes et des images, ainsi qu&#8217;un bouton amenant sur la page d&#8217;inscription ou d&#8217;achat, selon votre objectif.<\/p>\n<p>Vous l&#8217;aurez compris,<strong> la landing page est l&#8217;outil qui va vous permettre de <a href=\"https:\/\/www.redacteur.com\/blog\/ecommerce-convertissez-moins-mais-mieux\/\">convertir vos prospects en clients<\/a><\/strong>. C&#8217;est un \u00e9l\u00e9ment incontournable dans le d\u00e9veloppement de votre business.<\/p>\n<figure id=\"attachment_30169\" aria-describedby=\"caption-attachment-30169\" style=\"width: 1000px\" class=\"wp-caption alignnone\"><img decoding=\"async\" class=\"size-full wp-image-30169\" src=\"https:\/\/www.redacteur.com\/blog\/wp-content\/uploads\/2022\/02\/screenshot2202.jpg\" alt=\"landing page Boursorama\" width=\"1000\" height=\"501\" srcset=\"https:\/\/www.redacteur.com\/blog\/wp-content\/uploads\/sites\/6\/2022\/02\/screenshot2202.jpg 1000w, https:\/\/www.redacteur.com\/blog\/wp-content\/uploads\/sites\/6\/2022\/02\/screenshot2202-300x150.jpg 300w, https:\/\/www.redacteur.com\/blog\/wp-content\/uploads\/sites\/6\/2022\/02\/screenshot2202-768x385.jpg 768w, https:\/\/www.redacteur.com\/blog\/wp-content\/uploads\/sites\/6\/2022\/02\/screenshot2202-60x30.jpg 60w, https:\/\/www.redacteur.com\/blog\/wp-content\/uploads\/sites\/6\/2022\/02\/screenshot2202-370x185.jpg 370w, https:\/\/www.redacteur.com\/blog\/wp-content\/uploads\/sites\/6\/2022\/02\/screenshot2202-270x135.jpg 270w, https:\/\/www.redacteur.com\/blog\/wp-content\/uploads\/sites\/6\/2022\/02\/screenshot2202-570x286.jpg 570w, https:\/\/www.redacteur.com\/blog\/wp-content\/uploads\/sites\/6\/2022\/02\/screenshot2202-740x371.jpg 740w\" sizes=\"(max-width: 1000px) 100vw, 1000px\" \/><figcaption id=\"caption-attachment-30169\" class=\"wp-caption-text\">Landing page avec formulaire &#8211; Boursorama Banque<\/figcaption><\/figure>\n<p>&nbsp;<\/p>\n<h2>Comment concevoir une landing page&nbsp;?<\/h2>\n<p>Mais pour \u00eatre efficace, votre landing page doit r\u00e9pondre \u00e0 quelques exigences.<\/p>\n<p>La <a href=\"https:\/\/www.redacteur.com\/blog\/seo-guide-referencer-landing-page\/\">landing page<\/a> n&#8217;est pas une page classique de votre site internet. On peut traduire landing page en fran\u00e7ais par <strong>page d&#8217;atterrissage<\/strong>. L&#8217;internaute est arriv\u00e9 ici si et seulement s\u2019il a <strong>cliqu\u00e9 sur un lien<\/strong> apr\u00e8s avoir fait sa recherche dans le navigateur par exemple.<\/p>\n<p>En fait, la landing page fait partie d&#8217;un ensemble appel\u00e9 <strong>&#8220;tunnel de vente&#8221;<\/strong>. C&#8217;est le premier contact entre l&#8217;internaute et le service, produit, ou formulaire, que vous voulez lui vendre.<\/p>\n<p>Son r\u00f4le est de<strong> convaincre l&#8217;internaute qu&#8217;il a besoin de ce que vous lui proposez<\/strong> et que ce soit facile pour lui de proc\u00e9der \u00e0 l&#8217;action souhait\u00e9e, la vente ou le formulaire \u00e0 renseigner.<\/p>\n<p>La landing page doit donc contenir les \u00e9l\u00e9ments suivants&nbsp;:<\/p>\n<ul>\n<li>des <strong>textes<\/strong>&nbsp;: titre + des textes explicatifs de ce que vous proposez, qui vous \u00eates, etc. ;<\/li>\n<li>des <strong>images<\/strong>&nbsp;: c&#8217;est toujours plus attrayant d&#8217;avoir un aper\u00e7u de ce pour quoi nous allons nous engager \u00e0 payer ou \u00e0 donner nos coordonn\u00e9es ;<\/li>\n<li>un<strong> bouton d&#8217;action<\/strong>.<\/li>\n<\/ul>\n<figure id=\"attachment_30170\" aria-describedby=\"caption-attachment-30170\" style=\"width: 1000px\" class=\"wp-caption alignnone\"><img decoding=\"async\" class=\"size-full wp-image-30170\" src=\"https:\/\/www.redacteur.com\/blog\/wp-content\/uploads\/2022\/02\/screenshot2203.jpg\" alt=\"landing page Netflix\" width=\"1000\" height=\"518\" srcset=\"https:\/\/www.redacteur.com\/blog\/wp-content\/uploads\/sites\/6\/2022\/02\/screenshot2203.jpg 1000w, https:\/\/www.redacteur.com\/blog\/wp-content\/uploads\/sites\/6\/2022\/02\/screenshot2203-300x155.jpg 300w, https:\/\/www.redacteur.com\/blog\/wp-content\/uploads\/sites\/6\/2022\/02\/screenshot2203-768x398.jpg 768w, https:\/\/www.redacteur.com\/blog\/wp-content\/uploads\/sites\/6\/2022\/02\/screenshot2203-60x31.jpg 60w, https:\/\/www.redacteur.com\/blog\/wp-content\/uploads\/sites\/6\/2022\/02\/screenshot2203-370x192.jpg 370w, https:\/\/www.redacteur.com\/blog\/wp-content\/uploads\/sites\/6\/2022\/02\/screenshot2203-270x140.jpg 270w, https:\/\/www.redacteur.com\/blog\/wp-content\/uploads\/sites\/6\/2022\/02\/screenshot2203-570x295.jpg 570w, https:\/\/www.redacteur.com\/blog\/wp-content\/uploads\/sites\/6\/2022\/02\/screenshot2203-740x383.jpg 740w\" sizes=\"(max-width: 1000px) 100vw, 1000px\" \/><figcaption id=\"caption-attachment-30170\" class=\"wp-caption-text\">Landing page avec bouton &#8211; Netflix<\/figcaption><\/figure>\n<p>&nbsp;<\/p>\n<h2>Comment cr\u00e9er des landing pages performantes&nbsp;?<\/h2>\n<p>Pour que votre landing page vous am\u00e8ne les r\u00e9sultats escompt\u00e9s, il est n\u00e9cessaire d&#8217;appliquer quelques conseils.<\/p>\n<p>En premier lieu, vous devez <strong>\u00e9veiller l&#8217;int\u00e9r\u00eat<\/strong> de l&#8217;internaute. Sans susciter sa curiosit\u00e9, vous n&#8217;avez aucune chance qu&#8217;il aille au bout de sa lecture.<\/p>\n<p>Prenons un exemple.<\/p>\n<p>Vous vendez une prestation de coaching appel\u00e9e &#8220;9 jours pour perdre du poids&#8221;. L&#8217;internaute a cliqu\u00e9 sur votre lien puisque qu&#8217;il a ins\u00e9r\u00e9 vos mots cl\u00e9s dans sa recherche \u00e0 savoir &#8220;perdre du poids.&#8221; Mais en plus, il peut le faire en 9 jours&nbsp;! L\u00e0, vous avez forc\u00e9ment \u00e9veill\u00e9 son int\u00e9r\u00eat.<\/p>\n<p>Ensuite, \u00e0 la lecture de cette page, vous devez lui exposer le gain qu&#8217;il aura \u00e0 choisir votre produit, et pr\u00e9senter ce dernier en toute transparence, pour qu&#8217;il sache exactement \u00e0 quoi s&#8217;attendre. C&#8217;est la partie <a href=\"https:\/\/www.redacteur.com\/blog\/regles-storytelling-captivant\/\"><strong>storytelling<\/strong><\/a> de votre landing page.<\/p>\n<p>Dans notre exemple &#8220;9 jours pour perdre du poids&#8221;, vous allez lui expliquer pourquoi et comment vous avez \u00e9t\u00e9 amen\u00e9 \u00e0 concevoir ce produit et lui donner envie de suivre vos pas.<\/p>\n<p>Enfin, il passera \u00e0 l&#8217;action d&#8217;achat finale en cliquant sur le bouton renvoyant vers la page d&#8217;achat.<\/p>\n<p>&nbsp;<\/p>\n<p><strong>La construction d&#8217;une landing page vous para\u00eet complexe&nbsp;? Confiez cette t\u00e2che \u00e0 un r\u00e9dacteur de <a href=\"https:\/\/www.redacteur.com\/\">Redacteur.com<\/a>. Nous avons des sp\u00e9cialistes du storytelling pr\u00eats \u00e0 vous aider.<\/strong><\/p>\n","protected":false},"excerpt":{"rendered":"<p>Vous avez certainement d\u00e9j\u00e0 entendu parler de landing page. Peut-\u00eatre savez ce que c&#8217;est, ou bien en avez-vous juste une vague id\u00e9e. Et si nous vous \u00e9clairions sur ce sujet&nbsp;? &nbsp; Qu&#8217;est-ce qu&#8217;une landing page&nbsp;? La landing page est le biais par lequel vous voulez inciter l&#8217;internaute \u00e0 acheter votre produit ou service et ainsi [&hellip;]<\/p>\n","protected":false},"author":1,"featured_media":0,"parent":29730,"menu_order":0,"comment_status":"closed","ping_status":"closed","template":"","meta":{"_acf_changed":false,"inline_featured_image":false,"footnotes":""},"class_list":["post-30168","page","type-page","status-publish","hentry"],"acf":[],"yoast_head":"<!-- This site is optimized with the Yoast SEO plugin v25.9 - https:\/\/yoast.com\/wordpress\/plugins\/seo\/ -->\n<title>Qu&#039;est-ce qu&#039;une landing page ? D\u00e9finition - Redacteur.com<\/title>\n<meta name=\"description\" content=\"Vous avez certainement d\u00e9j\u00e0 entendu parler de landing page. Peut-\u00eatre savez ce que c&#039;est, ou bien en avez-vous juste une vague id\u00e9e. Et si nous vous\" \/>\n<meta name=\"robots\" content=\"index, follow, max-snippet:-1, max-image-preview:large, max-video-preview:-1\" \/>\n<link rel=\"canonical\" href=\"https:\/\/www.redacteur.com\/blog\/definition\/landing-page\/\" \/>\n<meta property=\"og:locale\" content=\"fr_FR\" \/>\n<meta property=\"og:type\" content=\"article\" \/>\n<meta property=\"og:title\" content=\"Qu&#039;est-ce qu&#039;une landing page ? D\u00e9finition - Redacteur.com\" \/>\n<meta property=\"og:description\" content=\"Vous avez certainement d\u00e9j\u00e0 entendu parler de landing page. Peut-\u00eatre savez ce que c&#039;est, ou bien en avez-vous juste une vague id\u00e9e. Et si nous vous\" \/>\n<meta property=\"og:url\" content=\"https:\/\/www.redacteur.com\/blog\/definition\/landing-page\/\" \/>\n<meta property=\"og:site_name\" content=\"Redacteur.com\" \/>\n<meta property=\"article:publisher\" content=\"https:\/\/www.facebook.com\/redacteurcom\" \/>\n<meta property=\"og:image\" content=\"https:\/\/www.redacteur.com\/blog\/wp-content\/uploads\/2022\/02\/screenshot2202.jpg\" \/>\n<meta name=\"twitter:card\" content=\"summary_large_image\" \/>\n<meta name=\"twitter:site\" content=\"@Redacteurcom\" \/>\n<meta name=\"twitter:label1\" content=\"Dur\u00e9e de lecture estim\u00e9e\" \/>\n\t<meta name=\"twitter:data1\" content=\"3 minutes\" \/>\n<script type=\"application\/ld+json\" class=\"yoast-schema-graph\">{\"@context\":\"https:\/\/schema.org\",\"@graph\":[{\"@type\":\"WebPage\",\"@id\":\"https:\/\/www.redacteur.com\/blog\/definition\/landing-page\/\",\"url\":\"https:\/\/www.redacteur.com\/blog\/definition\/landing-page\/\",\"name\":\"Qu'est-ce qu'une landing page ? D\u00e9finition - Redacteur.com\",\"isPartOf\":{\"@id\":\"https:\/\/www.redacteur.com\/blog\/#website\"},\"primaryImageOfPage\":{\"@id\":\"https:\/\/www.redacteur.com\/blog\/definition\/landing-page\/#primaryimage\"},\"image\":{\"@id\":\"https:\/\/www.redacteur.com\/blog\/definition\/landing-page\/#primaryimage\"},\"thumbnailUrl\":\"https:\/\/www.redacteur.com\/blog\/wp-content\/uploads\/2022\/02\/screenshot2202.jpg\",\"datePublished\":\"2022-02-01T15:32:29+00:00\",\"description\":\"Vous avez certainement d\u00e9j\u00e0 entendu parler de landing page. Peut-\u00eatre savez ce que c'est, ou bien en avez-vous juste une vague id\u00e9e. Et si nous vous\",\"breadcrumb\":{\"@id\":\"https:\/\/www.redacteur.com\/blog\/definition\/landing-page\/#breadcrumb\"},\"inLanguage\":\"fr-FR\",\"potentialAction\":[{\"@type\":\"ReadAction\",\"target\":[\"https:\/\/www.redacteur.com\/blog\/definition\/landing-page\/\"]}]},{\"@type\":\"ImageObject\",\"inLanguage\":\"fr-FR\",\"@id\":\"https:\/\/www.redacteur.com\/blog\/definition\/landing-page\/#primaryimage\",\"url\":\"https:\/\/www.redacteur.com\/blog\/wp-content\/uploads\/sites\/6\/2022\/02\/screenshot2202.jpg\",\"contentUrl\":\"https:\/\/www.redacteur.com\/blog\/wp-content\/uploads\/sites\/6\/2022\/02\/screenshot2202.jpg\",\"width\":1000,\"height\":501,\"caption\":\"Landing page avec formulaire - Boursorama Banque\"},{\"@type\":\"BreadcrumbList\",\"@id\":\"https:\/\/www.redacteur.com\/blog\/definition\/landing-page\/#breadcrumb\",\"itemListElement\":[{\"@type\":\"ListItem\",\"position\":1,\"name\":\"Blog\",\"item\":\"https:\/\/www.redacteur.com\/blog\/\"},{\"@type\":\"ListItem\",\"position\":2,\"name\":\"Lexique SEO\",\"item\":\"https:\/\/www.redacteur.com\/blog\/definition\/\"},{\"@type\":\"ListItem\",\"position\":3,\"name\":\"Landing Page\"}]},{\"@type\":\"WebSite\",\"@id\":\"https:\/\/www.redacteur.com\/blog\/#website\",\"url\":\"https:\/\/www.redacteur.com\/blog\/\",\"name\":\"Redacteur.com\",\"description\":\"redacteur\",\"publisher\":{\"@id\":\"https:\/\/www.redacteur.com\/blog\/#organization\"},\"potentialAction\":[{\"@type\":\"SearchAction\",\"target\":{\"@type\":\"EntryPoint\",\"urlTemplate\":\"https:\/\/www.redacteur.com\/blog\/?s={search_term_string}\"},\"query-input\":{\"@type\":\"PropertyValueSpecification\",\"valueRequired\":true,\"valueName\":\"search_term_string\"}}],\"inLanguage\":\"fr-FR\"},{\"@type\":\"Organization\",\"@id\":\"https:\/\/www.redacteur.com\/blog\/#organization\",\"name\":\"Redacteur.com\",\"url\":\"https:\/\/www.redacteur.com\/blog\/\",\"logo\":{\"@type\":\"ImageObject\",\"inLanguage\":\"fr-FR\",\"@id\":\"https:\/\/www.redacteur.com\/blog\/#\/schema\/logo\/image\/\",\"url\":\"https:\/\/www.redacteur.com\/blog\/wp-content\/uploads\/sites\/6\/2022\/10\/logo-redacteur-blog.svg\",\"contentUrl\":\"https:\/\/www.redacteur.com\/blog\/wp-content\/uploads\/sites\/6\/2022\/10\/logo-redacteur-blog.svg\",\"width\":1,\"height\":1,\"caption\":\"Redacteur.com\"},\"image\":{\"@id\":\"https:\/\/www.redacteur.com\/blog\/#\/schema\/logo\/image\/\"},\"sameAs\":[\"https:\/\/www.facebook.com\/redacteurcom\",\"https:\/\/x.com\/Redacteurcom\",\"https:\/\/www.linkedin.com\/company\/redacteur-com\",\"https:\/\/www.youtube.com\/channel\/UCgj9ySM9xy3gdL8qBafl9Uw\/\"]}]}<\/script>\n<!-- \/ Yoast SEO plugin. -->","yoast_head_json":{"title":"Qu'est-ce qu'une landing page ? D\u00e9finition - Redacteur.com","description":"Vous avez certainement d\u00e9j\u00e0 entendu parler de landing page. Peut-\u00eatre savez ce que c'est, ou bien en avez-vous juste une vague id\u00e9e. Et si nous vous","robots":{"index":"index","follow":"follow","max-snippet":"max-snippet:-1","max-image-preview":"max-image-preview:large","max-video-preview":"max-video-preview:-1"},"canonical":"https:\/\/www.redacteur.com\/blog\/definition\/landing-page\/","og_locale":"fr_FR","og_type":"article","og_title":"Qu'est-ce qu'une landing page ? D\u00e9finition - Redacteur.com","og_description":"Vous avez certainement d\u00e9j\u00e0 entendu parler de landing page. Peut-\u00eatre savez ce que c'est, ou bien en avez-vous juste une vague id\u00e9e. Et si nous vous","og_url":"https:\/\/www.redacteur.com\/blog\/definition\/landing-page\/","og_site_name":"Redacteur.com","article_publisher":"https:\/\/www.facebook.com\/redacteurcom","og_image":[{"url":"https:\/\/www.redacteur.com\/blog\/wp-content\/uploads\/2022\/02\/screenshot2202.jpg","type":"","width":"","height":""}],"twitter_card":"summary_large_image","twitter_site":"@Redacteurcom","twitter_misc":{"Dur\u00e9e de lecture estim\u00e9e":"3 minutes"},"schema":{"@context":"https:\/\/schema.org","@graph":[{"@type":"WebPage","@id":"https:\/\/www.redacteur.com\/blog\/definition\/landing-page\/","url":"https:\/\/www.redacteur.com\/blog\/definition\/landing-page\/","name":"Qu'est-ce qu'une landing page ? D\u00e9finition - Redacteur.com","isPartOf":{"@id":"https:\/\/www.redacteur.com\/blog\/#website"},"primaryImageOfPage":{"@id":"https:\/\/www.redacteur.com\/blog\/definition\/landing-page\/#primaryimage"},"image":{"@id":"https:\/\/www.redacteur.com\/blog\/definition\/landing-page\/#primaryimage"},"thumbnailUrl":"https:\/\/www.redacteur.com\/blog\/wp-content\/uploads\/2022\/02\/screenshot2202.jpg","datePublished":"2022-02-01T15:32:29+00:00","description":"Vous avez certainement d\u00e9j\u00e0 entendu parler de landing page. Peut-\u00eatre savez ce que c'est, ou bien en avez-vous juste une vague id\u00e9e. Et si nous vous","breadcrumb":{"@id":"https:\/\/www.redacteur.com\/blog\/definition\/landing-page\/#breadcrumb"},"inLanguage":"fr-FR","potentialAction":[{"@type":"ReadAction","target":["https:\/\/www.redacteur.com\/blog\/definition\/landing-page\/"]}]},{"@type":"ImageObject","inLanguage":"fr-FR","@id":"https:\/\/www.redacteur.com\/blog\/definition\/landing-page\/#primaryimage","url":"https:\/\/www.redacteur.com\/blog\/wp-content\/uploads\/sites\/6\/2022\/02\/screenshot2202.jpg","contentUrl":"https:\/\/www.redacteur.com\/blog\/wp-content\/uploads\/sites\/6\/2022\/02\/screenshot2202.jpg","width":1000,"height":501,"caption":"Landing page avec formulaire - Boursorama Banque"},{"@type":"BreadcrumbList","@id":"https:\/\/www.redacteur.com\/blog\/definition\/landing-page\/#breadcrumb","itemListElement":[{"@type":"ListItem","position":1,"name":"Blog","item":"https:\/\/www.redacteur.com\/blog\/"},{"@type":"ListItem","position":2,"name":"Lexique SEO","item":"https:\/\/www.redacteur.com\/blog\/definition\/"},{"@type":"ListItem","position":3,"name":"Landing Page"}]},{"@type":"WebSite","@id":"https:\/\/www.redacteur.com\/blog\/#website","url":"https:\/\/www.redacteur.com\/blog\/","name":"Redacteur.com","description":"redacteur","publisher":{"@id":"https:\/\/www.redacteur.com\/blog\/#organization"},"potentialAction":[{"@type":"SearchAction","target":{"@type":"EntryPoint","urlTemplate":"https:\/\/www.redacteur.com\/blog\/?s={search_term_string}"},"query-input":{"@type":"PropertyValueSpecification","valueRequired":true,"valueName":"search_term_string"}}],"inLanguage":"fr-FR"},{"@type":"Organization","@id":"https:\/\/www.redacteur.com\/blog\/#organization","name":"Redacteur.com","url":"https:\/\/www.redacteur.com\/blog\/","logo":{"@type":"ImageObject","inLanguage":"fr-FR","@id":"https:\/\/www.redacteur.com\/blog\/#\/schema\/logo\/image\/","url":"https:\/\/www.redacteur.com\/blog\/wp-content\/uploads\/sites\/6\/2022\/10\/logo-redacteur-blog.svg","contentUrl":"https:\/\/www.redacteur.com\/blog\/wp-content\/uploads\/sites\/6\/2022\/10\/logo-redacteur-blog.svg","width":1,"height":1,"caption":"Redacteur.com"},"image":{"@id":"https:\/\/www.redacteur.com\/blog\/#\/schema\/logo\/image\/"},"sameAs":["https:\/\/www.facebook.com\/redacteurcom","https:\/\/x.com\/Redacteurcom","https:\/\/www.linkedin.com\/company\/redacteur-com","https:\/\/www.youtube.com\/channel\/UCgj9ySM9xy3gdL8qBafl9Uw\/"]}]}},"_links":{"self":[{"href":"https:\/\/www.redacteur.com\/blog\/wp-json\/wp\/v2\/pages\/30168","targetHints":{"allow":["GET"]}}],"collection":[{"href":"https:\/\/www.redacteur.com\/blog\/wp-json\/wp\/v2\/pages"}],"about":[{"href":"https:\/\/www.redacteur.com\/blog\/wp-json\/wp\/v2\/types\/page"}],"author":[{"embeddable":true,"href":"https:\/\/www.redacteur.com\/blog\/wp-json\/wp\/v2\/users\/1"}],"replies":[{"embeddable":true,"href":"https:\/\/www.redacteur.com\/blog\/wp-json\/wp\/v2\/comments?post=30168"}],"version-history":[{"count":0,"href":"https:\/\/www.redacteur.com\/blog\/wp-json\/wp\/v2\/pages\/30168\/revisions"}],"up":[{"embeddable":true,"href":"https:\/\/www.redacteur.com\/blog\/wp-json\/wp\/v2\/pages\/29730"}],"wp:attachment":[{"href":"https:\/\/www.redacteur.com\/blog\/wp-json\/wp\/v2\/media?parent=30168"}],"curies":[{"name":"wp","href":"https:\/\/api.w.org\/{rel}","templated":true}]}}