{"id":30180,"date":"2022-02-01T17:14:52","date_gmt":"2022-02-01T16:14:52","guid":{"rendered":"https:\/\/www.redacteur.com\/blog\/?page_id=30180"},"modified":"2022-02-01T17:14:52","modified_gmt":"2022-02-01T16:14:52","slug":"trafic-organique","status":"publish","type":"page","link":"https:\/\/www.redacteur.com\/blog\/definition\/trafic-organique\/","title":{"rendered":"Trafic organique"},"content":{"rendered":"<p>Avoir un site internet est d\u00e9j\u00e0 une belle avanc\u00e9e dans votre business, mais avoir un site internet dont le <strong>trafic organique<\/strong> se d\u00e9veloppe est encore plus appr\u00e9ciable. Mais comment faire pour que le trafic organique nous apporte toujours plus de visiteurs&nbsp;?<\/p>\n<p>&nbsp;<\/p>\n<h2>Qu&#8217;est-ce que le trafic organique&nbsp;?<\/h2>\n<p>Le<strong> trafic organique<\/strong> est un moyen de mesurer l&#8217;activit\u00e9 de son site internet. Plus exactement, de <strong>mesurer le nombre de visiteurs atterrissant sur vos pages<\/strong>.<\/p>\n<p>Le trafic organique se calcule en mesurant <strong>le nombre de visites issues de clics depuis les pages de r\u00e9sultats sur les moteurs de recherche<\/strong>.<\/p>\n<p>On l&#8217;oppose au trafic payant, g\u00e9n\u00e9r\u00e9 par les <a href=\"https:\/\/www.redacteur.com\/blog\/definition\/sea\/\">campagnes SEA<\/a>.<\/p>\n<p>&nbsp;<\/p>\n<h2>Pourquoi le trafic organique est-il important&nbsp;?<\/h2>\n<p>Le trafic d&#8217;un site internet d\u00e9pend de plusieurs sources. Mais le trafic organique en est le plus important.<\/p>\n<p>Il repr\u00e9sente g\u00e9n\u00e9ralement un peu moins de 50 % des visites.<\/p>\n<p>Les autres 50 % sont partag\u00e9 entre&nbsp;:<\/p>\n<ul>\n<li>le <strong>trafic payant<\/strong>, g\u00e9n\u00e9r\u00e9 par la publicit\u00e9 (Google Ads, Facebook Ads, ou autres r\u00e9seaux, etc.),<\/li>\n<li>le<strong> trafic direct<\/strong>, c&#8217;est-\u00e0-dire les personnes qui ont acc\u00e9d\u00e9 \u00e0 votre site sans passer par une \u00e9tape de recherches (implique les personnes qui ont en leur possession un lien direct vers votre site ou l&#8217;adresse de votre site),<\/li>\n<li>et le <strong>trafic de r\u00e9seaux sociaux<\/strong> (compte les visites arrivant de vos r\u00e9seaux sur lesquels vous avez partag\u00e9 les liens vers vos pages).<\/li>\n<\/ul>\n<figure id=\"attachment_30181\" aria-describedby=\"caption-attachment-30181\" style=\"width: 500px\" class=\"wp-caption alignnone\"><img decoding=\"async\" class=\" wp-image-30181\" src=\"https:\/\/www.redacteur.com\/blog\/wp-content\/uploads\/2022\/02\/screenshot2205.jpg\" alt=\"canaux d'acquisition\" width=\"500\" height=\"392\" srcset=\"https:\/\/www.redacteur.com\/blog\/wp-content\/uploads\/sites\/6\/2022\/02\/screenshot2205.jpg 736w, https:\/\/www.redacteur.com\/blog\/wp-content\/uploads\/sites\/6\/2022\/02\/screenshot2205-300x236.jpg 300w, https:\/\/www.redacteur.com\/blog\/wp-content\/uploads\/sites\/6\/2022\/02\/screenshot2205-60x47.jpg 60w, https:\/\/www.redacteur.com\/blog\/wp-content\/uploads\/sites\/6\/2022\/02\/screenshot2205-370x291.jpg 370w, https:\/\/www.redacteur.com\/blog\/wp-content\/uploads\/sites\/6\/2022\/02\/screenshot2205-270x212.jpg 270w, https:\/\/www.redacteur.com\/blog\/wp-content\/uploads\/sites\/6\/2022\/02\/screenshot2205-570x448.jpg 570w\" sizes=\"(max-width: 500px) 100vw, 500px\" \/><figcaption id=\"caption-attachment-30181\" class=\"wp-caption-text\">Ici, le trafic organique (Organic Search) repr\u00e9sente 81% des sources d&#8217;acquisition de trafic<\/figcaption><\/figure>\n<p>Le trafic organique indique que vous avez attir\u00e9 l&#8217;attention de prospects vraiment int\u00e9ress\u00e9s par ce que vous proposez, puisqu&#8217;ils ont cliqu\u00e9 sur votre lien dans la page de r\u00e9sultats de leur recherche. Ce sont donc ce que l&#8217;on nomme des <strong>prospects qualifi\u00e9s<\/strong>, qui \u00e0 terme pourront se convertir en clients.<\/p>\n<p>Le trafic organique est \u00e9galement <strong>le trafic le plus rentable<\/strong> tant en terme de rapport co\u00fbt\/b\u00e9n\u00e9fice que temps pass\u00e9\/b\u00e9n\u00e9fice. En effet, comme il d\u00e9pend de votre r\u00e9f\u00e9rencement naturel, si vous avez adopt\u00e9 une bonne strat\u00e9gie SEO, vous \u00eates gagnant aussi bien \u00e0 court terme qu&#8217;\u00e0 long terme, contrairement au trafic payant qui vous donne des r\u00e9sultats en continu seulement et seulement si vous investissez constamment dans votre publicit\u00e9.<\/p>\n<p>Ce qu&#8217;il faut retenir c&#8217;est que <strong>l&#8217;internaute effectue de plus en plus de recherches<\/strong> avant d&#8217;acheter quoi que ce soit. Par cons\u00e9quent, si vos pages remontent dans <strong>les meilleurs r\u00e9sultats de sa recherche<\/strong>, vous avez plus de chances de le convertir en prospect et\/ou en client.<\/p>\n<p>&nbsp;<\/p>\n<h2>Comment am\u00e9liorer son trafic organique&nbsp;?<\/h2>\n<p>De toute \u00e9vidence, le trafic organique passe en premier lieu par le<strong> <a href=\"https:\/\/www.redacteur.com\/blog\/definition\/referencement-naturel\/\">r\u00e9f\u00e9rencement naturel<\/a><\/strong>. Autrement dit, par <strong>une bonne strat\u00e9gie SEO<\/strong>.<\/p>\n<p>Par cons\u00e9quent, la seule mati\u00e8re de d\u00e9velopper et am\u00e9liorer son trafic organique est de <strong>retravailler son contenu fa\u00e7on SEO<\/strong>.<\/p>\n<p>Mais comment faire&nbsp;?<\/p>\n<p>Commencez par lire notre page de <a href=\"https:\/\/www.redacteur.com\/blog\/definition\/seo\/\">d\u00e9finition du SEO<\/a>. Vous y trouverez les premi\u00e8res pistes \u00e0 appliquer pour am\u00e9liorer votre r\u00e9f\u00e9rencement naturel.<\/p>\n<p>Ensuite, il vous faut <strong>regarder ce que font vos concurrents<\/strong>. Surtout ceux mieux class\u00e9s que vous. Ainsi, vous pourrez <strong>comparer<\/strong> leurs contenus et les v\u00f4tres, et trouver des solutions pour am\u00e9liorer votre r\u00e9f\u00e9rencement naturel et donc votre classement. Et ainsi, votre trafic organique.<\/p>\n<p>En gros, vous apprenez des autres pour <strong>rep\u00e9rer vos forces et vos faiblesses<\/strong> et ajustez votre strat\u00e9gie en fonction. Une bonne approche pour v\u00e9rifier par exemple que vos mots cl\u00e9s sont les plus utilis\u00e9s dans votre niche, ou encore, <strong>d\u00e9celer une opportunit\u00e9<\/strong> de produit recherch\u00e9 mais introuvable chez la concurrence.<\/p>\n<p>&nbsp;<\/p>\n<p>En r\u00e9sum\u00e9, <strong>le trafic organique est l&#8217;une des cl\u00e9s de votre r\u00e9ussite sur internet.<\/strong><\/p>\n<p><strong>Faites r\u00e9diger vos contenus web par les r\u00e9dacteurs professionnels experts en SEO de <a href=\"https:\/\/www.redacteur.com\/\">Redacteur.com<\/a> pour optimiser votre r\u00e9f\u00e9rencement naturel et votre trafic organique.<\/strong><\/p>\n<p>&nbsp;<\/p>\n","protected":false},"excerpt":{"rendered":"<p>Avoir un site internet est d\u00e9j\u00e0 une belle avanc\u00e9e dans votre business, mais avoir un site internet dont le trafic organique se d\u00e9veloppe est encore plus appr\u00e9ciable. Mais comment faire pour que le trafic organique nous apporte toujours plus de visiteurs&nbsp;? &nbsp; Qu&#8217;est-ce que le trafic organique&nbsp;? Le trafic organique est un moyen de mesurer [&hellip;]<\/p>\n","protected":false},"author":1,"featured_media":0,"parent":29730,"menu_order":0,"comment_status":"closed","ping_status":"closed","template":"","meta":{"_acf_changed":false,"inline_featured_image":false,"footnotes":""},"class_list":["post-30180","page","type-page","status-publish","hentry"],"acf":[],"yoast_head":"<!-- This site is optimized with the Yoast SEO plugin v25.9 - https:\/\/yoast.com\/wordpress\/plugins\/seo\/ -->\n<title>Qu&#039;est-ce que le trafic organique ? D\u00e9finition - Redacteur.com<\/title>\n<meta name=\"description\" content=\"Avoir un site internet est d\u00e9j\u00e0 une belle avanc\u00e9e dans votre business, mais avoir un site internet dont le trafic organique se d\u00e9veloppe est encore plus\" \/>\n<meta name=\"robots\" content=\"index, follow, max-snippet:-1, max-image-preview:large, max-video-preview:-1\" \/>\n<link rel=\"canonical\" href=\"https:\/\/www.redacteur.com\/blog\/definition\/trafic-organique\/\" \/>\n<meta property=\"og:locale\" content=\"fr_FR\" \/>\n<meta property=\"og:type\" content=\"article\" \/>\n<meta property=\"og:title\" content=\"Qu&#039;est-ce que le trafic organique ? D\u00e9finition - Redacteur.com\" \/>\n<meta property=\"og:description\" content=\"Avoir un site internet est d\u00e9j\u00e0 une belle avanc\u00e9e dans votre business, mais avoir un site internet dont le trafic organique se d\u00e9veloppe est encore plus\" \/>\n<meta property=\"og:url\" content=\"https:\/\/www.redacteur.com\/blog\/definition\/trafic-organique\/\" \/>\n<meta property=\"og:site_name\" content=\"Redacteur.com\" \/>\n<meta property=\"article:publisher\" content=\"https:\/\/www.facebook.com\/redacteurcom\" \/>\n<meta property=\"og:image\" content=\"https:\/\/www.redacteur.com\/blog\/wp-content\/uploads\/2022\/02\/screenshot2205.jpg\" \/>\n<meta name=\"twitter:card\" content=\"summary_large_image\" \/>\n<meta name=\"twitter:site\" content=\"@Redacteurcom\" \/>\n<meta name=\"twitter:label1\" content=\"Dur\u00e9e de lecture estim\u00e9e\" \/>\n\t<meta name=\"twitter:data1\" content=\"3 minutes\" \/>\n<script type=\"application\/ld+json\" class=\"yoast-schema-graph\">{\"@context\":\"https:\/\/schema.org\",\"@graph\":[{\"@type\":\"WebPage\",\"@id\":\"https:\/\/www.redacteur.com\/blog\/definition\/trafic-organique\/\",\"url\":\"https:\/\/www.redacteur.com\/blog\/definition\/trafic-organique\/\",\"name\":\"Qu'est-ce que le trafic organique ? D\u00e9finition - Redacteur.com\",\"isPartOf\":{\"@id\":\"https:\/\/www.redacteur.com\/blog\/#website\"},\"primaryImageOfPage\":{\"@id\":\"https:\/\/www.redacteur.com\/blog\/definition\/trafic-organique\/#primaryimage\"},\"image\":{\"@id\":\"https:\/\/www.redacteur.com\/blog\/definition\/trafic-organique\/#primaryimage\"},\"thumbnailUrl\":\"https:\/\/www.redacteur.com\/blog\/wp-content\/uploads\/2022\/02\/screenshot2205.jpg\",\"datePublished\":\"2022-02-01T16:14:52+00:00\",\"description\":\"Avoir un site internet est d\u00e9j\u00e0 une belle avanc\u00e9e dans votre business, mais avoir un site internet dont le trafic organique se d\u00e9veloppe est encore plus\",\"breadcrumb\":{\"@id\":\"https:\/\/www.redacteur.com\/blog\/definition\/trafic-organique\/#breadcrumb\"},\"inLanguage\":\"fr-FR\",\"potentialAction\":[{\"@type\":\"ReadAction\",\"target\":[\"https:\/\/www.redacteur.com\/blog\/definition\/trafic-organique\/\"]}]},{\"@type\":\"ImageObject\",\"inLanguage\":\"fr-FR\",\"@id\":\"https:\/\/www.redacteur.com\/blog\/definition\/trafic-organique\/#primaryimage\",\"url\":\"https:\/\/www.redacteur.com\/blog\/wp-content\/uploads\/sites\/6\/2022\/02\/screenshot2205.jpg\",\"contentUrl\":\"https:\/\/www.redacteur.com\/blog\/wp-content\/uploads\/sites\/6\/2022\/02\/screenshot2205.jpg\",\"width\":736,\"height\":578,\"caption\":\"Ici, le trafic organique (Organic Search) repr\u00e9sente 81% des sources d'acquisition de trafic\"},{\"@type\":\"BreadcrumbList\",\"@id\":\"https:\/\/www.redacteur.com\/blog\/definition\/trafic-organique\/#breadcrumb\",\"itemListElement\":[{\"@type\":\"ListItem\",\"position\":1,\"name\":\"Blog\",\"item\":\"https:\/\/www.redacteur.com\/blog\/\"},{\"@type\":\"ListItem\",\"position\":2,\"name\":\"Lexique SEO\",\"item\":\"https:\/\/www.redacteur.com\/blog\/definition\/\"},{\"@type\":\"ListItem\",\"position\":3,\"name\":\"Trafic organique\"}]},{\"@type\":\"WebSite\",\"@id\":\"https:\/\/www.redacteur.com\/blog\/#website\",\"url\":\"https:\/\/www.redacteur.com\/blog\/\",\"name\":\"Redacteur.com\",\"description\":\"redacteur\",\"publisher\":{\"@id\":\"https:\/\/www.redacteur.com\/blog\/#organization\"},\"potentialAction\":[{\"@type\":\"SearchAction\",\"target\":{\"@type\":\"EntryPoint\",\"urlTemplate\":\"https:\/\/www.redacteur.com\/blog\/?s={search_term_string}\"},\"query-input\":{\"@type\":\"PropertyValueSpecification\",\"valueRequired\":true,\"valueName\":\"search_term_string\"}}],\"inLanguage\":\"fr-FR\"},{\"@type\":\"Organization\",\"@id\":\"https:\/\/www.redacteur.com\/blog\/#organization\",\"name\":\"Redacteur.com\",\"url\":\"https:\/\/www.redacteur.com\/blog\/\",\"logo\":{\"@type\":\"ImageObject\",\"inLanguage\":\"fr-FR\",\"@id\":\"https:\/\/www.redacteur.com\/blog\/#\/schema\/logo\/image\/\",\"url\":\"https:\/\/www.redacteur.com\/blog\/wp-content\/uploads\/sites\/6\/2022\/10\/logo-redacteur-blog.svg\",\"contentUrl\":\"https:\/\/www.redacteur.com\/blog\/wp-content\/uploads\/sites\/6\/2022\/10\/logo-redacteur-blog.svg\",\"width\":1,\"height\":1,\"caption\":\"Redacteur.com\"},\"image\":{\"@id\":\"https:\/\/www.redacteur.com\/blog\/#\/schema\/logo\/image\/\"},\"sameAs\":[\"https:\/\/www.facebook.com\/redacteurcom\",\"https:\/\/x.com\/Redacteurcom\",\"https:\/\/www.linkedin.com\/company\/redacteur-com\",\"https:\/\/www.youtube.com\/channel\/UCgj9ySM9xy3gdL8qBafl9Uw\/\"]}]}<\/script>\n<!-- \/ Yoast SEO plugin. -->","yoast_head_json":{"title":"Qu'est-ce que le trafic organique ? D\u00e9finition - Redacteur.com","description":"Avoir un site internet est d\u00e9j\u00e0 une belle avanc\u00e9e dans votre business, mais avoir un site internet dont le trafic organique se d\u00e9veloppe est encore plus","robots":{"index":"index","follow":"follow","max-snippet":"max-snippet:-1","max-image-preview":"max-image-preview:large","max-video-preview":"max-video-preview:-1"},"canonical":"https:\/\/www.redacteur.com\/blog\/definition\/trafic-organique\/","og_locale":"fr_FR","og_type":"article","og_title":"Qu'est-ce que le trafic organique ? D\u00e9finition - Redacteur.com","og_description":"Avoir un site internet est d\u00e9j\u00e0 une belle avanc\u00e9e dans votre business, mais avoir un site internet dont le trafic organique se d\u00e9veloppe est encore plus","og_url":"https:\/\/www.redacteur.com\/blog\/definition\/trafic-organique\/","og_site_name":"Redacteur.com","article_publisher":"https:\/\/www.facebook.com\/redacteurcom","og_image":[{"url":"https:\/\/www.redacteur.com\/blog\/wp-content\/uploads\/2022\/02\/screenshot2205.jpg","type":"","width":"","height":""}],"twitter_card":"summary_large_image","twitter_site":"@Redacteurcom","twitter_misc":{"Dur\u00e9e de lecture estim\u00e9e":"3 minutes"},"schema":{"@context":"https:\/\/schema.org","@graph":[{"@type":"WebPage","@id":"https:\/\/www.redacteur.com\/blog\/definition\/trafic-organique\/","url":"https:\/\/www.redacteur.com\/blog\/definition\/trafic-organique\/","name":"Qu'est-ce que le trafic organique ? D\u00e9finition - Redacteur.com","isPartOf":{"@id":"https:\/\/www.redacteur.com\/blog\/#website"},"primaryImageOfPage":{"@id":"https:\/\/www.redacteur.com\/blog\/definition\/trafic-organique\/#primaryimage"},"image":{"@id":"https:\/\/www.redacteur.com\/blog\/definition\/trafic-organique\/#primaryimage"},"thumbnailUrl":"https:\/\/www.redacteur.com\/blog\/wp-content\/uploads\/2022\/02\/screenshot2205.jpg","datePublished":"2022-02-01T16:14:52+00:00","description":"Avoir un site internet est d\u00e9j\u00e0 une belle avanc\u00e9e dans votre business, mais avoir un site internet dont le trafic organique se d\u00e9veloppe est encore plus","breadcrumb":{"@id":"https:\/\/www.redacteur.com\/blog\/definition\/trafic-organique\/#breadcrumb"},"inLanguage":"fr-FR","potentialAction":[{"@type":"ReadAction","target":["https:\/\/www.redacteur.com\/blog\/definition\/trafic-organique\/"]}]},{"@type":"ImageObject","inLanguage":"fr-FR","@id":"https:\/\/www.redacteur.com\/blog\/definition\/trafic-organique\/#primaryimage","url":"https:\/\/www.redacteur.com\/blog\/wp-content\/uploads\/sites\/6\/2022\/02\/screenshot2205.jpg","contentUrl":"https:\/\/www.redacteur.com\/blog\/wp-content\/uploads\/sites\/6\/2022\/02\/screenshot2205.jpg","width":736,"height":578,"caption":"Ici, le trafic organique (Organic Search) repr\u00e9sente 81% des sources d'acquisition de trafic"},{"@type":"BreadcrumbList","@id":"https:\/\/www.redacteur.com\/blog\/definition\/trafic-organique\/#breadcrumb","itemListElement":[{"@type":"ListItem","position":1,"name":"Blog","item":"https:\/\/www.redacteur.com\/blog\/"},{"@type":"ListItem","position":2,"name":"Lexique SEO","item":"https:\/\/www.redacteur.com\/blog\/definition\/"},{"@type":"ListItem","position":3,"name":"Trafic organique"}]},{"@type":"WebSite","@id":"https:\/\/www.redacteur.com\/blog\/#website","url":"https:\/\/www.redacteur.com\/blog\/","name":"Redacteur.com","description":"redacteur","publisher":{"@id":"https:\/\/www.redacteur.com\/blog\/#organization"},"potentialAction":[{"@type":"SearchAction","target":{"@type":"EntryPoint","urlTemplate":"https:\/\/www.redacteur.com\/blog\/?s={search_term_string}"},"query-input":{"@type":"PropertyValueSpecification","valueRequired":true,"valueName":"search_term_string"}}],"inLanguage":"fr-FR"},{"@type":"Organization","@id":"https:\/\/www.redacteur.com\/blog\/#organization","name":"Redacteur.com","url":"https:\/\/www.redacteur.com\/blog\/","logo":{"@type":"ImageObject","inLanguage":"fr-FR","@id":"https:\/\/www.redacteur.com\/blog\/#\/schema\/logo\/image\/","url":"https:\/\/www.redacteur.com\/blog\/wp-content\/uploads\/sites\/6\/2022\/10\/logo-redacteur-blog.svg","contentUrl":"https:\/\/www.redacteur.com\/blog\/wp-content\/uploads\/sites\/6\/2022\/10\/logo-redacteur-blog.svg","width":1,"height":1,"caption":"Redacteur.com"},"image":{"@id":"https:\/\/www.redacteur.com\/blog\/#\/schema\/logo\/image\/"},"sameAs":["https:\/\/www.facebook.com\/redacteurcom","https:\/\/x.com\/Redacteurcom","https:\/\/www.linkedin.com\/company\/redacteur-com","https:\/\/www.youtube.com\/channel\/UCgj9ySM9xy3gdL8qBafl9Uw\/"]}]}},"_links":{"self":[{"href":"https:\/\/www.redacteur.com\/blog\/wp-json\/wp\/v2\/pages\/30180","targetHints":{"allow":["GET"]}}],"collection":[{"href":"https:\/\/www.redacteur.com\/blog\/wp-json\/wp\/v2\/pages"}],"about":[{"href":"https:\/\/www.redacteur.com\/blog\/wp-json\/wp\/v2\/types\/page"}],"author":[{"embeddable":true,"href":"https:\/\/www.redacteur.com\/blog\/wp-json\/wp\/v2\/users\/1"}],"replies":[{"embeddable":true,"href":"https:\/\/www.redacteur.com\/blog\/wp-json\/wp\/v2\/comments?post=30180"}],"version-history":[{"count":0,"href":"https:\/\/www.redacteur.com\/blog\/wp-json\/wp\/v2\/pages\/30180\/revisions"}],"up":[{"embeddable":true,"href":"https:\/\/www.redacteur.com\/blog\/wp-json\/wp\/v2\/pages\/29730"}],"wp:attachment":[{"href":"https:\/\/www.redacteur.com\/blog\/wp-json\/wp\/v2\/media?parent=30180"}],"curies":[{"name":"wp","href":"https:\/\/api.w.org\/{rel}","templated":true}]}}