{"id":30422,"date":"2022-02-17T17:05:42","date_gmt":"2022-02-17T16:05:42","guid":{"rendered":"https:\/\/www.redacteur.com\/blog\/?page_id=30422"},"modified":"2022-02-17T17:05:42","modified_gmt":"2022-02-17T16:05:42","slug":"taux-de-rebond","status":"publish","type":"page","link":"https:\/\/www.redacteur.com\/blog\/definition\/taux-de-rebond\/","title":{"rendered":"Taux de rebond"},"content":{"rendered":"<p>En <a href=\"https:\/\/www.redacteur.com\/blog\/definition\/seo\/\">SEO<\/a>, beaucoup de donn\u00e9es permettent d&#8217;\u00e9valuer les performances de <a href=\"https:\/\/www.redacteur.com\/blog\/definition\/referencement-naturel\/\">r\u00e9f\u00e9rencement<\/a>, notamment les KPI ou Indicateur de Performance. Dans cet article, nous allons nous centrer sur le <strong>taux de rebond<\/strong>, sa d\u00e9finition, mais aussi son utilit\u00e9 \u00e0 travers divers exemples.<\/p>\n<p>&nbsp;<\/p>\n<h2>D\u00e9finition du taux de rebond<\/h2>\n<p><strong>Le taux de rebond<\/strong> est tout simplement un indicateur permettant de conna\u00eetre le pourcentage d&#8217;utilisateurs qui sont all\u00e9s sur votre site puis qui sont instantan\u00e9ment repartis. Ceux qui n&#8217;ont, par cons\u00e9quent, vu qu&#8217;une seule page de votre site Internet. Malheureusement, en plus de d\u00e9noncer un faible trafic, plus le taux de rebond est \u00e9lev\u00e9, moins votre site sera mis en avant, \u00e0 moins que le temps moyen pass\u00e9 sur la page soit \u00e9lev\u00e9. Il est important de le diff\u00e9rencier du <strong>taux de sortie<\/strong>, qui lui prend en compte toutes les sorties du site, peu importe la page o\u00f9 \u00e9tait pr\u00e9sent l\u2019utilisateur. Pour calculer ce taux de rebond, il suffit de diviser le nombre d\u2019utilisateurs ayant quitt\u00e9 la page sans en visiter d\u2019autres, par le nombre de visiteurs total de la page. Il est \u00e9galement possible de le conna\u00eetre via diverses plateformes, notamment <strong>Google Analytics<\/strong>.<\/p>\n<p><img decoding=\"async\" class=\"aligncenter wp-image-30425 size-large\" src=\"https:\/\/www.redacteur.com\/blog\/wp-content\/uploads\/2022\/02\/taux-de-rebond-1024x435.png\" alt=\"Taux de rebond d\u00e9finition\" width=\"770\" height=\"327\" srcset=\"https:\/\/www.redacteur.com\/blog\/wp-content\/uploads\/sites\/6\/2022\/02\/taux-de-rebond-1024x435.png 1024w, https:\/\/www.redacteur.com\/blog\/wp-content\/uploads\/sites\/6\/2022\/02\/taux-de-rebond-300x127.png 300w, https:\/\/www.redacteur.com\/blog\/wp-content\/uploads\/sites\/6\/2022\/02\/taux-de-rebond-768x326.png 768w, https:\/\/www.redacteur.com\/blog\/wp-content\/uploads\/sites\/6\/2022\/02\/taux-de-rebond-1536x652.png 1536w, https:\/\/www.redacteur.com\/blog\/wp-content\/uploads\/sites\/6\/2022\/02\/taux-de-rebond-2048x870.png 2048w, https:\/\/www.redacteur.com\/blog\/wp-content\/uploads\/sites\/6\/2022\/02\/taux-de-rebond-60x25.png 60w, https:\/\/www.redacteur.com\/blog\/wp-content\/uploads\/sites\/6\/2022\/02\/taux-de-rebond-370x157.png 370w, https:\/\/www.redacteur.com\/blog\/wp-content\/uploads\/sites\/6\/2022\/02\/taux-de-rebond-270x115.png 270w, https:\/\/www.redacteur.com\/blog\/wp-content\/uploads\/sites\/6\/2022\/02\/taux-de-rebond-570x242.png 570w, https:\/\/www.redacteur.com\/blog\/wp-content\/uploads\/sites\/6\/2022\/02\/taux-de-rebond-740x314.png 740w\" sizes=\"(max-width: 770px) 100vw, 770px\" \/><\/p>\n<p>&nbsp;<\/p>\n<h2>Utiliser le taux de rebond en SEO<\/h2>\n<p>Tout d\u2019abord, il faut savoir comment interpr\u00e9ter un <strong>taux de rebond<\/strong>. Il est donn\u00e9 en pourcentage, et plus ce dernier est proche de 100 %, plus cela est n\u00e9gatif pour votre site. \u00c0 savoir qu\u2019un taux de rebond est consid\u00e9r\u00e9 comme <strong>bon en dessous de 30 % et trop mauvais \u00e0 partir de 50 %.<\/strong><\/p>\n<p>Comment expliquer un taux de rebond \u00e9lev\u00e9&nbsp;? C\u2019est peut-\u00eatre d\u00fb \u00e0 divers facteurs. Puisque la seule page que les utilisateurs qui \u00ab rebondissent \u00bb voient, c\u2019est la premi\u00e8re, la landing page, alors le probl\u00e8me viendra en grande partie de cette derni\u00e8re. Cela peut \u00eatre en raison d\u2019un design qui n\u2019attire que tr\u00e8s peu, mais aussi d\u00fb \u00e0 un chargement long de la page, ou encore d\u2019infos erron\u00e9es par rapport \u00e0 ce que cherchent les utilisateurs. En revanche, en fonction de ce que vous proposez, il se peut que votre <strong>taux de rebond<\/strong> soit \u00e9lev\u00e9, mais ne plombe en aucun cas votre r\u00e9f\u00e9rencement. En effet, certains sites apportent toutes les r\u00e9ponses recherch\u00e9es. Par cons\u00e9quent, l\u2019utilisateur arrive sur la page, regarde ce qu\u2019il a besoin de savoir et s\u2019en va. Si les visiteurs restent suffisamment longtemps, cela augmente le temps moyen pass\u00e9 sur le site, et les robots ne prennent pas en compte le taux de rebond.<\/p>\n<p>&nbsp;<\/p>\n<h2>Am\u00e9liorer le taux de rebond de votre site<\/h2>\n<p>Par cons\u00e9quent, pour am\u00e9liorer le taux de rebond, plusieurs solutions s\u2019offrent \u00e0 vous en fonction du possible probl\u00e8me&nbsp;:<\/p>\n<ul>\n<li>\u00catre plus pr\u00e9cis dans vos offres. Il est possible que plusieurs utilisateurs n\u2019aient pas trouv\u00e9 ce qu\u2019ils cherchaient sur votre site, car votre offre n\u2019\u00e9tait pas suffisamment bien pr\u00e9sent\u00e9e. <strong>Apporter de la pr\u00e9cision<\/strong> \u00e0 ce point permettrait aux futurs visiteurs de mieux comprendre ce que vous proposez, et ainsi d\u2019am\u00e9liorer le <a href=\"https:\/\/www.redacteur.com\/blog\/definition\/trafic-organique\/\">trafic<\/a>.<\/li>\n<li>Avoir <strong>un site en version mobile<\/strong>. Les mobiles sont tr\u00e8s utilis\u00e9s pour les recherches en ligne, et sont bien plus rapides d\u2019utilisation. Il est donc plus facile de quitter le site. Si votre site n\u2019a pas de version adapt\u00e9e aux t\u00e9l\u00e9phones portables, la navigation sera bien trop compliqu\u00e9e pour que les gens restent.<\/li>\n<li><strong>Am\u00e9liorer la vitesse de navigation<\/strong>. Le temps de chargement des diff\u00e9rentes pages influence les utilisateurs. Aujourd\u2019hui, beaucoup de choses sont rapides et les utilisateurs n\u2019ont pas la patience d\u2019attendre qu\u2019un site charge quand d\u2019autres sont disponibles. Ainsi, cette donn\u00e9e est tr\u00e8s importante \u00e0 prendre en compte.<\/li>\n<li>Le dernier est bien s\u00fbr l\u2019utilisation des <strong>mots-cl\u00e9s<\/strong>. Si votre site ne pr\u00e9sente aucun mot-cl\u00e9 int\u00e9ressant pour l\u2019utilisateur, il partira.<\/li>\n<\/ul>\n<p>Ainsi, le <strong>taux de rebond<\/strong> permet de savoir si votre <a href=\"https:\/\/www.redacteur.com\/blog\/definition\/landing-page\/\">landing page<\/a> est convient aux visiteurs. L\u2019am\u00e9liorer consiste tout simplement \u00e0 mettre en pratique les r\u00e8gles et outils SEO principaux, tels que le maillage, les bons mots-cl\u00e9s, etc&#8230;<\/p>\n<p>&nbsp;<\/p>\n<p>&nbsp;<\/p>\n","protected":false},"excerpt":{"rendered":"<p>En SEO, beaucoup de donn\u00e9es permettent d&#8217;\u00e9valuer les performances de r\u00e9f\u00e9rencement, notamment les KPI ou Indicateur de Performance. Dans cet article, nous allons nous centrer sur le taux de rebond, sa d\u00e9finition, mais aussi son utilit\u00e9 \u00e0 travers divers exemples. &nbsp; D\u00e9finition du taux de rebond Le taux de rebond est tout simplement un indicateur [&hellip;]<\/p>\n","protected":false},"author":1,"featured_media":0,"parent":29730,"menu_order":0,"comment_status":"closed","ping_status":"closed","template":"","meta":{"_acf_changed":false,"inline_featured_image":false,"footnotes":""},"class_list":["post-30422","page","type-page","status-publish","hentry"],"acf":[],"yoast_head":"<!-- This site is optimized with the Yoast SEO plugin v25.9 - https:\/\/yoast.com\/wordpress\/plugins\/seo\/ -->\n<title>Qu&#039;est ce qu&#039;un taux de rebond ? D\u00e9finition - Redacteur.com<\/title>\n<meta name=\"description\" content=\"En SEO, beaucoup de donn\u00e9es permettent d&#039;\u00e9valuer les performances de r\u00e9f\u00e9rencement, notamment les KPI ou Indicateur de Performance. Dans cet article, nous\" \/>\n<meta name=\"robots\" content=\"index, follow, max-snippet:-1, max-image-preview:large, max-video-preview:-1\" \/>\n<link rel=\"canonical\" href=\"https:\/\/www.redacteur.com\/blog\/definition\/taux-de-rebond\/\" \/>\n<meta property=\"og:locale\" content=\"fr_FR\" \/>\n<meta property=\"og:type\" content=\"article\" \/>\n<meta property=\"og:title\" content=\"Qu&#039;est ce qu&#039;un taux de rebond ? D\u00e9finition - Redacteur.com\" \/>\n<meta property=\"og:description\" content=\"En SEO, beaucoup de donn\u00e9es permettent d&#039;\u00e9valuer les performances de r\u00e9f\u00e9rencement, notamment les KPI ou Indicateur de Performance. Dans cet article, nous\" \/>\n<meta property=\"og:url\" content=\"https:\/\/www.redacteur.com\/blog\/definition\/taux-de-rebond\/\" \/>\n<meta property=\"og:site_name\" content=\"Redacteur.com\" \/>\n<meta property=\"article:publisher\" content=\"https:\/\/www.facebook.com\/redacteurcom\" \/>\n<meta property=\"og:image\" content=\"https:\/\/www.redacteur.com\/blog\/wp-content\/uploads\/2022\/02\/taux-de-rebond-1024x435.png\" \/>\n<meta name=\"twitter:card\" content=\"summary_large_image\" \/>\n<meta name=\"twitter:site\" content=\"@Redacteurcom\" \/>\n<meta name=\"twitter:label1\" content=\"Dur\u00e9e de lecture estim\u00e9e\" \/>\n\t<meta name=\"twitter:data1\" content=\"4 minutes\" \/>\n<script type=\"application\/ld+json\" class=\"yoast-schema-graph\">{\"@context\":\"https:\/\/schema.org\",\"@graph\":[{\"@type\":\"WebPage\",\"@id\":\"https:\/\/www.redacteur.com\/blog\/definition\/taux-de-rebond\/\",\"url\":\"https:\/\/www.redacteur.com\/blog\/definition\/taux-de-rebond\/\",\"name\":\"Qu'est ce qu'un taux de rebond ? D\u00e9finition - Redacteur.com\",\"isPartOf\":{\"@id\":\"https:\/\/www.redacteur.com\/blog\/#website\"},\"primaryImageOfPage\":{\"@id\":\"https:\/\/www.redacteur.com\/blog\/definition\/taux-de-rebond\/#primaryimage\"},\"image\":{\"@id\":\"https:\/\/www.redacteur.com\/blog\/definition\/taux-de-rebond\/#primaryimage\"},\"thumbnailUrl\":\"https:\/\/www.redacteur.com\/blog\/wp-content\/uploads\/2022\/02\/taux-de-rebond-1024x435.png\",\"datePublished\":\"2022-02-17T16:05:42+00:00\",\"description\":\"En SEO, beaucoup de donn\u00e9es permettent d'\u00e9valuer les performances de r\u00e9f\u00e9rencement, notamment les KPI ou Indicateur de Performance. Dans cet article, nous\",\"breadcrumb\":{\"@id\":\"https:\/\/www.redacteur.com\/blog\/definition\/taux-de-rebond\/#breadcrumb\"},\"inLanguage\":\"fr-FR\",\"potentialAction\":[{\"@type\":\"ReadAction\",\"target\":[\"https:\/\/www.redacteur.com\/blog\/definition\/taux-de-rebond\/\"]}]},{\"@type\":\"ImageObject\",\"inLanguage\":\"fr-FR\",\"@id\":\"https:\/\/www.redacteur.com\/blog\/definition\/taux-de-rebond\/#primaryimage\",\"url\":\"https:\/\/www.redacteur.com\/blog\/wp-content\/uploads\/sites\/6\/2022\/02\/taux-de-rebond.png\",\"contentUrl\":\"https:\/\/www.redacteur.com\/blog\/wp-content\/uploads\/sites\/6\/2022\/02\/taux-de-rebond.png\",\"width\":2560,\"height\":1087,\"caption\":\"Taux de rebond d\u00e9finition\"},{\"@type\":\"BreadcrumbList\",\"@id\":\"https:\/\/www.redacteur.com\/blog\/definition\/taux-de-rebond\/#breadcrumb\",\"itemListElement\":[{\"@type\":\"ListItem\",\"position\":1,\"name\":\"Blog\",\"item\":\"https:\/\/www.redacteur.com\/blog\/\"},{\"@type\":\"ListItem\",\"position\":2,\"name\":\"Lexique SEO\",\"item\":\"https:\/\/www.redacteur.com\/blog\/definition\/\"},{\"@type\":\"ListItem\",\"position\":3,\"name\":\"Taux de rebond\"}]},{\"@type\":\"WebSite\",\"@id\":\"https:\/\/www.redacteur.com\/blog\/#website\",\"url\":\"https:\/\/www.redacteur.com\/blog\/\",\"name\":\"Redacteur.com\",\"description\":\"redacteur\",\"publisher\":{\"@id\":\"https:\/\/www.redacteur.com\/blog\/#organization\"},\"potentialAction\":[{\"@type\":\"SearchAction\",\"target\":{\"@type\":\"EntryPoint\",\"urlTemplate\":\"https:\/\/www.redacteur.com\/blog\/?s={search_term_string}\"},\"query-input\":{\"@type\":\"PropertyValueSpecification\",\"valueRequired\":true,\"valueName\":\"search_term_string\"}}],\"inLanguage\":\"fr-FR\"},{\"@type\":\"Organization\",\"@id\":\"https:\/\/www.redacteur.com\/blog\/#organization\",\"name\":\"Redacteur.com\",\"url\":\"https:\/\/www.redacteur.com\/blog\/\",\"logo\":{\"@type\":\"ImageObject\",\"inLanguage\":\"fr-FR\",\"@id\":\"https:\/\/www.redacteur.com\/blog\/#\/schema\/logo\/image\/\",\"url\":\"https:\/\/www.redacteur.com\/blog\/wp-content\/uploads\/sites\/6\/2022\/10\/logo-redacteur-blog.svg\",\"contentUrl\":\"https:\/\/www.redacteur.com\/blog\/wp-content\/uploads\/sites\/6\/2022\/10\/logo-redacteur-blog.svg\",\"width\":1,\"height\":1,\"caption\":\"Redacteur.com\"},\"image\":{\"@id\":\"https:\/\/www.redacteur.com\/blog\/#\/schema\/logo\/image\/\"},\"sameAs\":[\"https:\/\/www.facebook.com\/redacteurcom\",\"https:\/\/x.com\/Redacteurcom\",\"https:\/\/www.linkedin.com\/company\/redacteur-com\",\"https:\/\/www.youtube.com\/channel\/UCgj9ySM9xy3gdL8qBafl9Uw\/\"]}]}<\/script>\n<!-- \/ Yoast SEO plugin. -->","yoast_head_json":{"title":"Qu'est ce qu'un taux de rebond ? D\u00e9finition - Redacteur.com","description":"En SEO, beaucoup de donn\u00e9es permettent d'\u00e9valuer les performances de r\u00e9f\u00e9rencement, notamment les KPI ou Indicateur de Performance. Dans cet article, nous","robots":{"index":"index","follow":"follow","max-snippet":"max-snippet:-1","max-image-preview":"max-image-preview:large","max-video-preview":"max-video-preview:-1"},"canonical":"https:\/\/www.redacteur.com\/blog\/definition\/taux-de-rebond\/","og_locale":"fr_FR","og_type":"article","og_title":"Qu'est ce qu'un taux de rebond ? D\u00e9finition - Redacteur.com","og_description":"En SEO, beaucoup de donn\u00e9es permettent d'\u00e9valuer les performances de r\u00e9f\u00e9rencement, notamment les KPI ou Indicateur de Performance. Dans cet article, nous","og_url":"https:\/\/www.redacteur.com\/blog\/definition\/taux-de-rebond\/","og_site_name":"Redacteur.com","article_publisher":"https:\/\/www.facebook.com\/redacteurcom","og_image":[{"url":"https:\/\/www.redacteur.com\/blog\/wp-content\/uploads\/2022\/02\/taux-de-rebond-1024x435.png","type":"","width":"","height":""}],"twitter_card":"summary_large_image","twitter_site":"@Redacteurcom","twitter_misc":{"Dur\u00e9e de lecture estim\u00e9e":"4 minutes"},"schema":{"@context":"https:\/\/schema.org","@graph":[{"@type":"WebPage","@id":"https:\/\/www.redacteur.com\/blog\/definition\/taux-de-rebond\/","url":"https:\/\/www.redacteur.com\/blog\/definition\/taux-de-rebond\/","name":"Qu'est ce qu'un taux de rebond ? D\u00e9finition - Redacteur.com","isPartOf":{"@id":"https:\/\/www.redacteur.com\/blog\/#website"},"primaryImageOfPage":{"@id":"https:\/\/www.redacteur.com\/blog\/definition\/taux-de-rebond\/#primaryimage"},"image":{"@id":"https:\/\/www.redacteur.com\/blog\/definition\/taux-de-rebond\/#primaryimage"},"thumbnailUrl":"https:\/\/www.redacteur.com\/blog\/wp-content\/uploads\/2022\/02\/taux-de-rebond-1024x435.png","datePublished":"2022-02-17T16:05:42+00:00","description":"En SEO, beaucoup de donn\u00e9es permettent d'\u00e9valuer les performances de r\u00e9f\u00e9rencement, notamment les KPI ou Indicateur de Performance. Dans cet article, nous","breadcrumb":{"@id":"https:\/\/www.redacteur.com\/blog\/definition\/taux-de-rebond\/#breadcrumb"},"inLanguage":"fr-FR","potentialAction":[{"@type":"ReadAction","target":["https:\/\/www.redacteur.com\/blog\/definition\/taux-de-rebond\/"]}]},{"@type":"ImageObject","inLanguage":"fr-FR","@id":"https:\/\/www.redacteur.com\/blog\/definition\/taux-de-rebond\/#primaryimage","url":"https:\/\/www.redacteur.com\/blog\/wp-content\/uploads\/sites\/6\/2022\/02\/taux-de-rebond.png","contentUrl":"https:\/\/www.redacteur.com\/blog\/wp-content\/uploads\/sites\/6\/2022\/02\/taux-de-rebond.png","width":2560,"height":1087,"caption":"Taux de rebond d\u00e9finition"},{"@type":"BreadcrumbList","@id":"https:\/\/www.redacteur.com\/blog\/definition\/taux-de-rebond\/#breadcrumb","itemListElement":[{"@type":"ListItem","position":1,"name":"Blog","item":"https:\/\/www.redacteur.com\/blog\/"},{"@type":"ListItem","position":2,"name":"Lexique SEO","item":"https:\/\/www.redacteur.com\/blog\/definition\/"},{"@type":"ListItem","position":3,"name":"Taux de rebond"}]},{"@type":"WebSite","@id":"https:\/\/www.redacteur.com\/blog\/#website","url":"https:\/\/www.redacteur.com\/blog\/","name":"Redacteur.com","description":"redacteur","publisher":{"@id":"https:\/\/www.redacteur.com\/blog\/#organization"},"potentialAction":[{"@type":"SearchAction","target":{"@type":"EntryPoint","urlTemplate":"https:\/\/www.redacteur.com\/blog\/?s={search_term_string}"},"query-input":{"@type":"PropertyValueSpecification","valueRequired":true,"valueName":"search_term_string"}}],"inLanguage":"fr-FR"},{"@type":"Organization","@id":"https:\/\/www.redacteur.com\/blog\/#organization","name":"Redacteur.com","url":"https:\/\/www.redacteur.com\/blog\/","logo":{"@type":"ImageObject","inLanguage":"fr-FR","@id":"https:\/\/www.redacteur.com\/blog\/#\/schema\/logo\/image\/","url":"https:\/\/www.redacteur.com\/blog\/wp-content\/uploads\/sites\/6\/2022\/10\/logo-redacteur-blog.svg","contentUrl":"https:\/\/www.redacteur.com\/blog\/wp-content\/uploads\/sites\/6\/2022\/10\/logo-redacteur-blog.svg","width":1,"height":1,"caption":"Redacteur.com"},"image":{"@id":"https:\/\/www.redacteur.com\/blog\/#\/schema\/logo\/image\/"},"sameAs":["https:\/\/www.facebook.com\/redacteurcom","https:\/\/x.com\/Redacteurcom","https:\/\/www.linkedin.com\/company\/redacteur-com","https:\/\/www.youtube.com\/channel\/UCgj9ySM9xy3gdL8qBafl9Uw\/"]}]}},"_links":{"self":[{"href":"https:\/\/www.redacteur.com\/blog\/wp-json\/wp\/v2\/pages\/30422","targetHints":{"allow":["GET"]}}],"collection":[{"href":"https:\/\/www.redacteur.com\/blog\/wp-json\/wp\/v2\/pages"}],"about":[{"href":"https:\/\/www.redacteur.com\/blog\/wp-json\/wp\/v2\/types\/page"}],"author":[{"embeddable":true,"href":"https:\/\/www.redacteur.com\/blog\/wp-json\/wp\/v2\/users\/1"}],"replies":[{"embeddable":true,"href":"https:\/\/www.redacteur.com\/blog\/wp-json\/wp\/v2\/comments?post=30422"}],"version-history":[{"count":0,"href":"https:\/\/www.redacteur.com\/blog\/wp-json\/wp\/v2\/pages\/30422\/revisions"}],"up":[{"embeddable":true,"href":"https:\/\/www.redacteur.com\/blog\/wp-json\/wp\/v2\/pages\/29730"}],"wp:attachment":[{"href":"https:\/\/www.redacteur.com\/blog\/wp-json\/wp\/v2\/media?parent=30422"}],"curies":[{"name":"wp","href":"https:\/\/api.w.org\/{rel}","templated":true}]}}