{"id":30481,"date":"2022-02-18T16:38:22","date_gmt":"2022-02-18T15:38:22","guid":{"rendered":"https:\/\/www.redacteur.com\/blog\/?page_id=30481"},"modified":"2022-02-18T16:38:22","modified_gmt":"2022-02-18T15:38:22","slug":"rich-snippets","status":"publish","type":"page","link":"https:\/\/www.redacteur.com\/blog\/definition\/rich-snippets\/","title":{"rendered":"Rich snippets"},"content":{"rendered":"<h2>Rich snippets d\u00e9finition<\/h2>\n<p><strong>L\u2019extrait enrichi ou rich snippet<\/strong> est un \u00e9l\u00e9ment qui appara\u00eet dans les pages de r\u00e9sultats de Google. Celui-ci prend la forme d\u2019un petit descriptif juste en dessous du lien pointant vers le site Internet. Si cette fonctionnalit\u00e9 a \u00e9t\u00e9 mise en place par Google, c\u2019est dans le but d\u2019apporter une <strong>information rapide et coh\u00e9rente \u00e0 l\u2019internaute<\/strong>. C\u2019est \u00e9galement un excellent moyen de faciliter la compr\u00e9hension d\u2019un contenu.<\/p>\n<p>En effet, lorsqu\u2019un site Internet est pr\u00e9sent dans les r\u00e9sultats de recherche Google, vous trouvez juste en dessous de <strong>son lien, une description d\u2019environ deux lignes<\/strong>. Ce sont des informations compl\u00e9mentaires par rapport \u00e0 la recherche de l\u2019internaute permettant de mieux comprendre le contenu de la page. C\u2019est une fonctionnalit\u00e9 qui a \u00e9t\u00e9 mise en place en 2009 par Google et il est parfaitement possible de modifier cette description ou de rajouter d\u2019autres \u00e9l\u00e9ments comme des <strong>commentaires, des extraits, des avis et des images.<\/strong><\/p>\n<p><img decoding=\"async\" class=\"aligncenter wp-image-30453 size-large\" src=\"https:\/\/www.redacteur.com\/blog\/wp-content\/uploads\/2022\/02\/Featured-snippets-1024x835.png\" alt=\"D\u00e9finition Featured snippets\" width=\"770\" height=\"628\" srcset=\"https:\/\/www.redacteur.com\/blog\/wp-content\/uploads\/sites\/6\/2022\/02\/Featured-snippets-1024x835.png 1024w, https:\/\/www.redacteur.com\/blog\/wp-content\/uploads\/sites\/6\/2022\/02\/Featured-snippets-300x245.png 300w, https:\/\/www.redacteur.com\/blog\/wp-content\/uploads\/sites\/6\/2022\/02\/Featured-snippets-768x626.png 768w, https:\/\/www.redacteur.com\/blog\/wp-content\/uploads\/sites\/6\/2022\/02\/Featured-snippets-1536x1253.png 1536w, https:\/\/www.redacteur.com\/blog\/wp-content\/uploads\/sites\/6\/2022\/02\/Featured-snippets-60x49.png 60w, https:\/\/www.redacteur.com\/blog\/wp-content\/uploads\/sites\/6\/2022\/02\/Featured-snippets-370x302.png 370w, https:\/\/www.redacteur.com\/blog\/wp-content\/uploads\/sites\/6\/2022\/02\/Featured-snippets-270x220.png 270w, https:\/\/www.redacteur.com\/blog\/wp-content\/uploads\/sites\/6\/2022\/02\/Featured-snippets-570x465.png 570w, https:\/\/www.redacteur.com\/blog\/wp-content\/uploads\/sites\/6\/2022\/02\/Featured-snippets-740x603.png 740w, https:\/\/www.redacteur.com\/blog\/wp-content\/uploads\/sites\/6\/2022\/02\/Featured-snippets.png 1908w\" sizes=\"(max-width: 770px) 100vw, 770px\" \/><\/p>\n<p>&nbsp;<\/p>\n<h2>Les diff\u00e9rents types de rich snippets<\/h2>\n<p>Au total, il existe 9 rich snippets diff\u00e9rents&nbsp;:<\/p>\n<ul>\n<li>Vous trouvez le <a href=\"https:\/\/www.redacteur.com\/blog\/definition\/featured-snippets\/\">snippet<\/a> auteur qui inclut le nom de l\u2019auteur, des liens vers des articles connexes de ce m\u00eame auteur et la photo de ce dernier.<\/li>\n<li>Le <strong>rich snippets Organisation<\/strong> apporte des informations de localisation par rapport \u00e0 une organisation. Vous trouvez les horaires d\u2019ouverture, les tarifs, les informations de contact ainsi que les commentaires clients. Ce sont des informations tr\u00e8s pratiques lorsque vous avez besoin de vous renseigner sur un \u00e9tablissement.<\/li>\n<li><strong>L\u2019event snippets<\/strong> s\u2019utilise pour apporter des informations compl\u00e9mentaires \u00e0 un \u00e9v\u00e9nement. Par exemple, les horaires de celui-ci, la date ou encore le lieu. Avec ce m\u00eame snippet, vous avez trois options d\u2019affichage que vous pouvez param\u00e9trer.<\/li>\n<li>Le <strong>Music Album Snippets<\/strong> assure la pr\u00e9sentation des liens vers d\u2019autres titres d\u2019un album, parfois vers les paroles d\u2019une chanson, si ces derni\u00e8res sont disponibles.<\/li>\n<li>Le <strong>People Snippets<\/strong> donne cette fois-ci des informations sur une personne, vis-\u00e0-vis de son m\u00e9tier, le lieu dans lequel elle exerce sa profession ou le nom de l\u2019entreprise qui l\u2019emploie. Dans certains cas, vous pouvez \u00e9galement trouver sa photo.<\/li>\n<li>Le <strong>rich snippets Produit<\/strong> est une forme de description d\u2019un produit dans laquelle vous retrouvez sa notation, la photo du produit ainsi que son prix.<\/li>\n<li><strong>L\u2019extrait enrichi Recette<\/strong> se consacre comme son nom l\u2019indique \u00e0 la pr\u00e9paration d\u2019une recette de cuisine. Au programme, vous retrouvez le temps de pr\u00e9paration, le temps de cuisson, les ingr\u00e9dients n\u00e9cessaires, son nombre de calories et les notations.<\/li>\n<li>Les <strong>Review Snippets<\/strong> pr\u00e9sente une notation sur une \u00e9chelle de 5 \u00e9toiles. Vous retrouvez des <strong>extraits enrichis<\/strong> sur l\u2019ensemble des commentaires.<\/li>\n<li>Le <strong>Video Snippets<\/strong> vous permet d\u2019obtenir une copie d\u2019\u00e9cran de la vid\u00e9o. S\u2019il s\u2019agit d\u2019un contenu publi\u00e9 sur Dailymotion ou YouTube, la mise en place s\u2019effectue automatiquement par Google.<\/li>\n<\/ul>\n<h2>Pourquoi utiliser les rich snippets&nbsp;?<\/h2>\n<p>C\u2019est une fonctionnalit\u00e9 tr\u00e8s avantageuse, car elle permet d\u2019offrir des informations compl\u00e9mentaires \u00e0 l\u2019utilisateur lorsque ce dernier effectue une recherche. En tant qu\u2019annonceur, vous allez gagner en visibilit\u00e9 et vous allez <strong>am\u00e9liorer votre taux de clic<\/strong>. En effet, une description attractive encouragera l\u2019internaute \u00e0 consulter le contenu que vous avez mis \u00e0 sa disposition. Une solution donc indispensable dans le but de d\u00e9velopper votre <a href=\"https:\/\/www.redacteur.com\/blog\/definition\/trafic-organique\/\">trafic<\/a> Web. En plus de cela, les <strong>rich snippets<\/strong> facilitent <a href=\"https:\/\/www.redacteur.com\/blog\/definition\/indexer\/\">l\u2019indexation<\/a> de votre site Internet. C\u2019est un compl\u00e9ment d\u2019information qui est \u00e9galement pris en charge par les moteurs de recherche et donc ce contenu leur permet d\u2019identifier plus facilement le contexte.<\/p>\n<p>N\u2019oubliez pas, le contenu est roi dans le <a href=\"https:\/\/www.redacteur.com\/blog\/definition\/referencement-naturel\/\">r\u00e9f\u00e9rencement<\/a>. Donc si vous avez besoin de r\u00e9dacteurs sp\u00e9cialis\u00e9s, rendez-vous directement sur la plate-forme <a href=\"https:\/\/www.redacteur.com\">Redacteurs.com<\/a>.<\/p>\n","protected":false},"excerpt":{"rendered":"<p>Rich snippets d\u00e9finition L\u2019extrait enrichi ou rich snippet est un \u00e9l\u00e9ment qui appara\u00eet dans les pages de r\u00e9sultats de Google. Celui-ci prend la forme d\u2019un petit descriptif juste en dessous du lien pointant vers le site Internet. Si cette fonctionnalit\u00e9 a \u00e9t\u00e9 mise en place par Google, c\u2019est dans le but d\u2019apporter une information rapide [&hellip;]<\/p>\n","protected":false},"author":1,"featured_media":0,"parent":29730,"menu_order":0,"comment_status":"closed","ping_status":"closed","template":"","meta":{"_acf_changed":false,"inline_featured_image":false,"footnotes":""},"class_list":["post-30481","page","type-page","status-publish","hentry"],"acf":[],"yoast_head":"<!-- This site is optimized with the Yoast SEO plugin v25.9 - https:\/\/yoast.com\/wordpress\/plugins\/seo\/ -->\n<title>Qu&#039;est-ce qu&#039;un Rich snippets ? D\u00e9finition - Redacteur.com<\/title>\n<meta name=\"description\" content=\"Rich snippets d\u00e9finition L\u2019extrait enrichi ou rich snippet est un \u00e9l\u00e9ment qui appara\u00eet dans les pages de r\u00e9sultats de Google. Celui-ci prend la forme d\u2019un\" \/>\n<meta name=\"robots\" content=\"index, follow, max-snippet:-1, max-image-preview:large, max-video-preview:-1\" \/>\n<link rel=\"canonical\" href=\"https:\/\/www.redacteur.com\/blog\/definition\/rich-snippets\/\" \/>\n<meta property=\"og:locale\" content=\"fr_FR\" \/>\n<meta property=\"og:type\" content=\"article\" \/>\n<meta property=\"og:title\" content=\"Qu&#039;est-ce qu&#039;un Rich snippets ? D\u00e9finition - Redacteur.com\" \/>\n<meta property=\"og:description\" content=\"Rich snippets d\u00e9finition L\u2019extrait enrichi ou rich snippet est un \u00e9l\u00e9ment qui appara\u00eet dans les pages de r\u00e9sultats de Google. Celui-ci prend la forme d\u2019un\" \/>\n<meta property=\"og:url\" content=\"https:\/\/www.redacteur.com\/blog\/definition\/rich-snippets\/\" \/>\n<meta property=\"og:site_name\" content=\"Redacteur.com\" \/>\n<meta property=\"article:publisher\" content=\"https:\/\/www.facebook.com\/redacteurcom\" \/>\n<meta property=\"og:image\" content=\"https:\/\/www.redacteur.com\/blog\/wp-content\/uploads\/2022\/02\/Featured-snippets-1024x835.png\" \/>\n<meta name=\"twitter:card\" content=\"summary_large_image\" \/>\n<meta name=\"twitter:site\" content=\"@Redacteurcom\" \/>\n<meta name=\"twitter:label1\" content=\"Dur\u00e9e de lecture estim\u00e9e\" \/>\n\t<meta name=\"twitter:data1\" content=\"4 minutes\" \/>\n<script type=\"application\/ld+json\" class=\"yoast-schema-graph\">{\"@context\":\"https:\/\/schema.org\",\"@graph\":[{\"@type\":\"WebPage\",\"@id\":\"https:\/\/www.redacteur.com\/blog\/definition\/rich-snippets\/\",\"url\":\"https:\/\/www.redacteur.com\/blog\/definition\/rich-snippets\/\",\"name\":\"Qu'est-ce qu'un Rich snippets ? D\u00e9finition - Redacteur.com\",\"isPartOf\":{\"@id\":\"https:\/\/www.redacteur.com\/blog\/#website\"},\"primaryImageOfPage\":{\"@id\":\"https:\/\/www.redacteur.com\/blog\/definition\/rich-snippets\/#primaryimage\"},\"image\":{\"@id\":\"https:\/\/www.redacteur.com\/blog\/definition\/rich-snippets\/#primaryimage\"},\"thumbnailUrl\":\"https:\/\/www.redacteur.com\/blog\/wp-content\/uploads\/2022\/02\/Featured-snippets-1024x835.png\",\"datePublished\":\"2022-02-18T15:38:22+00:00\",\"description\":\"Rich snippets d\u00e9finition L\u2019extrait enrichi ou rich snippet est un \u00e9l\u00e9ment qui appara\u00eet dans les pages de r\u00e9sultats de Google. Celui-ci prend la forme d\u2019un\",\"breadcrumb\":{\"@id\":\"https:\/\/www.redacteur.com\/blog\/definition\/rich-snippets\/#breadcrumb\"},\"inLanguage\":\"fr-FR\",\"potentialAction\":[{\"@type\":\"ReadAction\",\"target\":[\"https:\/\/www.redacteur.com\/blog\/definition\/rich-snippets\/\"]}]},{\"@type\":\"ImageObject\",\"inLanguage\":\"fr-FR\",\"@id\":\"https:\/\/www.redacteur.com\/blog\/definition\/rich-snippets\/#primaryimage\",\"url\":\"https:\/\/www.redacteur.com\/blog\/wp-content\/uploads\/sites\/6\/2022\/02\/Featured-snippets.png\",\"contentUrl\":\"https:\/\/www.redacteur.com\/blog\/wp-content\/uploads\/sites\/6\/2022\/02\/Featured-snippets.png\",\"width\":1908,\"height\":1556,\"caption\":\"D\u00e9finition Featured snippets\"},{\"@type\":\"BreadcrumbList\",\"@id\":\"https:\/\/www.redacteur.com\/blog\/definition\/rich-snippets\/#breadcrumb\",\"itemListElement\":[{\"@type\":\"ListItem\",\"position\":1,\"name\":\"Blog\",\"item\":\"https:\/\/www.redacteur.com\/blog\/\"},{\"@type\":\"ListItem\",\"position\":2,\"name\":\"Lexique SEO\",\"item\":\"https:\/\/www.redacteur.com\/blog\/definition\/\"},{\"@type\":\"ListItem\",\"position\":3,\"name\":\"Rich snippets\"}]},{\"@type\":\"WebSite\",\"@id\":\"https:\/\/www.redacteur.com\/blog\/#website\",\"url\":\"https:\/\/www.redacteur.com\/blog\/\",\"name\":\"Redacteur.com\",\"description\":\"redacteur\",\"publisher\":{\"@id\":\"https:\/\/www.redacteur.com\/blog\/#organization\"},\"potentialAction\":[{\"@type\":\"SearchAction\",\"target\":{\"@type\":\"EntryPoint\",\"urlTemplate\":\"https:\/\/www.redacteur.com\/blog\/?s={search_term_string}\"},\"query-input\":{\"@type\":\"PropertyValueSpecification\",\"valueRequired\":true,\"valueName\":\"search_term_string\"}}],\"inLanguage\":\"fr-FR\"},{\"@type\":\"Organization\",\"@id\":\"https:\/\/www.redacteur.com\/blog\/#organization\",\"name\":\"Redacteur.com\",\"url\":\"https:\/\/www.redacteur.com\/blog\/\",\"logo\":{\"@type\":\"ImageObject\",\"inLanguage\":\"fr-FR\",\"@id\":\"https:\/\/www.redacteur.com\/blog\/#\/schema\/logo\/image\/\",\"url\":\"https:\/\/www.redacteur.com\/blog\/wp-content\/uploads\/sites\/6\/2022\/10\/logo-redacteur-blog.svg\",\"contentUrl\":\"https:\/\/www.redacteur.com\/blog\/wp-content\/uploads\/sites\/6\/2022\/10\/logo-redacteur-blog.svg\",\"width\":1,\"height\":1,\"caption\":\"Redacteur.com\"},\"image\":{\"@id\":\"https:\/\/www.redacteur.com\/blog\/#\/schema\/logo\/image\/\"},\"sameAs\":[\"https:\/\/www.facebook.com\/redacteurcom\",\"https:\/\/x.com\/Redacteurcom\",\"https:\/\/www.linkedin.com\/company\/redacteur-com\",\"https:\/\/www.youtube.com\/channel\/UCgj9ySM9xy3gdL8qBafl9Uw\/\"]}]}<\/script>\n<!-- \/ Yoast SEO plugin. -->","yoast_head_json":{"title":"Qu'est-ce qu'un Rich snippets ? D\u00e9finition - Redacteur.com","description":"Rich snippets d\u00e9finition L\u2019extrait enrichi ou rich snippet est un \u00e9l\u00e9ment qui appara\u00eet dans les pages de r\u00e9sultats de Google. Celui-ci prend la forme d\u2019un","robots":{"index":"index","follow":"follow","max-snippet":"max-snippet:-1","max-image-preview":"max-image-preview:large","max-video-preview":"max-video-preview:-1"},"canonical":"https:\/\/www.redacteur.com\/blog\/definition\/rich-snippets\/","og_locale":"fr_FR","og_type":"article","og_title":"Qu'est-ce qu'un Rich snippets ? D\u00e9finition - Redacteur.com","og_description":"Rich snippets d\u00e9finition L\u2019extrait enrichi ou rich snippet est un \u00e9l\u00e9ment qui appara\u00eet dans les pages de r\u00e9sultats de Google. Celui-ci prend la forme d\u2019un","og_url":"https:\/\/www.redacteur.com\/blog\/definition\/rich-snippets\/","og_site_name":"Redacteur.com","article_publisher":"https:\/\/www.facebook.com\/redacteurcom","og_image":[{"url":"https:\/\/www.redacteur.com\/blog\/wp-content\/uploads\/2022\/02\/Featured-snippets-1024x835.png","type":"","width":"","height":""}],"twitter_card":"summary_large_image","twitter_site":"@Redacteurcom","twitter_misc":{"Dur\u00e9e de lecture estim\u00e9e":"4 minutes"},"schema":{"@context":"https:\/\/schema.org","@graph":[{"@type":"WebPage","@id":"https:\/\/www.redacteur.com\/blog\/definition\/rich-snippets\/","url":"https:\/\/www.redacteur.com\/blog\/definition\/rich-snippets\/","name":"Qu'est-ce qu'un Rich snippets ? D\u00e9finition - Redacteur.com","isPartOf":{"@id":"https:\/\/www.redacteur.com\/blog\/#website"},"primaryImageOfPage":{"@id":"https:\/\/www.redacteur.com\/blog\/definition\/rich-snippets\/#primaryimage"},"image":{"@id":"https:\/\/www.redacteur.com\/blog\/definition\/rich-snippets\/#primaryimage"},"thumbnailUrl":"https:\/\/www.redacteur.com\/blog\/wp-content\/uploads\/2022\/02\/Featured-snippets-1024x835.png","datePublished":"2022-02-18T15:38:22+00:00","description":"Rich snippets d\u00e9finition L\u2019extrait enrichi ou rich snippet est un \u00e9l\u00e9ment qui appara\u00eet dans les pages de r\u00e9sultats de Google. Celui-ci prend la forme d\u2019un","breadcrumb":{"@id":"https:\/\/www.redacteur.com\/blog\/definition\/rich-snippets\/#breadcrumb"},"inLanguage":"fr-FR","potentialAction":[{"@type":"ReadAction","target":["https:\/\/www.redacteur.com\/blog\/definition\/rich-snippets\/"]}]},{"@type":"ImageObject","inLanguage":"fr-FR","@id":"https:\/\/www.redacteur.com\/blog\/definition\/rich-snippets\/#primaryimage","url":"https:\/\/www.redacteur.com\/blog\/wp-content\/uploads\/sites\/6\/2022\/02\/Featured-snippets.png","contentUrl":"https:\/\/www.redacteur.com\/blog\/wp-content\/uploads\/sites\/6\/2022\/02\/Featured-snippets.png","width":1908,"height":1556,"caption":"D\u00e9finition Featured snippets"},{"@type":"BreadcrumbList","@id":"https:\/\/www.redacteur.com\/blog\/definition\/rich-snippets\/#breadcrumb","itemListElement":[{"@type":"ListItem","position":1,"name":"Blog","item":"https:\/\/www.redacteur.com\/blog\/"},{"@type":"ListItem","position":2,"name":"Lexique SEO","item":"https:\/\/www.redacteur.com\/blog\/definition\/"},{"@type":"ListItem","position":3,"name":"Rich snippets"}]},{"@type":"WebSite","@id":"https:\/\/www.redacteur.com\/blog\/#website","url":"https:\/\/www.redacteur.com\/blog\/","name":"Redacteur.com","description":"redacteur","publisher":{"@id":"https:\/\/www.redacteur.com\/blog\/#organization"},"potentialAction":[{"@type":"SearchAction","target":{"@type":"EntryPoint","urlTemplate":"https:\/\/www.redacteur.com\/blog\/?s={search_term_string}"},"query-input":{"@type":"PropertyValueSpecification","valueRequired":true,"valueName":"search_term_string"}}],"inLanguage":"fr-FR"},{"@type":"Organization","@id":"https:\/\/www.redacteur.com\/blog\/#organization","name":"Redacteur.com","url":"https:\/\/www.redacteur.com\/blog\/","logo":{"@type":"ImageObject","inLanguage":"fr-FR","@id":"https:\/\/www.redacteur.com\/blog\/#\/schema\/logo\/image\/","url":"https:\/\/www.redacteur.com\/blog\/wp-content\/uploads\/sites\/6\/2022\/10\/logo-redacteur-blog.svg","contentUrl":"https:\/\/www.redacteur.com\/blog\/wp-content\/uploads\/sites\/6\/2022\/10\/logo-redacteur-blog.svg","width":1,"height":1,"caption":"Redacteur.com"},"image":{"@id":"https:\/\/www.redacteur.com\/blog\/#\/schema\/logo\/image\/"},"sameAs":["https:\/\/www.facebook.com\/redacteurcom","https:\/\/x.com\/Redacteurcom","https:\/\/www.linkedin.com\/company\/redacteur-com","https:\/\/www.youtube.com\/channel\/UCgj9ySM9xy3gdL8qBafl9Uw\/"]}]}},"_links":{"self":[{"href":"https:\/\/www.redacteur.com\/blog\/wp-json\/wp\/v2\/pages\/30481","targetHints":{"allow":["GET"]}}],"collection":[{"href":"https:\/\/www.redacteur.com\/blog\/wp-json\/wp\/v2\/pages"}],"about":[{"href":"https:\/\/www.redacteur.com\/blog\/wp-json\/wp\/v2\/types\/page"}],"author":[{"embeddable":true,"href":"https:\/\/www.redacteur.com\/blog\/wp-json\/wp\/v2\/users\/1"}],"replies":[{"embeddable":true,"href":"https:\/\/www.redacteur.com\/blog\/wp-json\/wp\/v2\/comments?post=30481"}],"version-history":[{"count":0,"href":"https:\/\/www.redacteur.com\/blog\/wp-json\/wp\/v2\/pages\/30481\/revisions"}],"up":[{"embeddable":true,"href":"https:\/\/www.redacteur.com\/blog\/wp-json\/wp\/v2\/pages\/29730"}],"wp:attachment":[{"href":"https:\/\/www.redacteur.com\/blog\/wp-json\/wp\/v2\/media?parent=30481"}],"curies":[{"name":"wp","href":"https:\/\/api.w.org\/{rel}","templated":true}]}}