{"id":30490,"date":"2022-02-18T17:28:41","date_gmt":"2022-02-18T16:28:41","guid":{"rendered":"https:\/\/www.redacteur.com\/blog\/?page_id=30490"},"modified":"2022-02-18T17:28:41","modified_gmt":"2022-02-18T16:28:41","slug":"sitemap","status":"publish","type":"page","link":"https:\/\/www.redacteur.com\/blog\/definition\/sitemap\/","title":{"rendered":"Sitemap"},"content":{"rendered":"<h2>Sitemap d\u00e9finition<\/h2>\n<p>Le <strong>sitemap<\/strong> est un terme r\u00e9guli\u00e8rement employ\u00e9 dans le Web marketing et plus particuli\u00e8rement dans le <a href=\"https:\/\/www.redacteur.com\/blog\/definition\/seo\/\">SEO<\/a>. L\u2019objectif d\u2019un <strong>sitemap<\/strong> est de faciliter l\u2019indexation d\u2019un site Internet en indiquant des informations sp\u00e9cifiques \u00e0 destination des moteurs de recherche comme Yahoo, Bing ou encore Google.<\/p>\n<p>Concr\u00e8tement, le <strong>sitemap<\/strong> correspond \u00e0 un protocole Web d\u00e9velopp\u00e9 par Google en 2005. Il s\u2019agit ni plus ni moins que d\u2019un <strong>fichier XML<\/strong> regroupant l\u2019int\u00e9gralit\u00e9 du contenu d\u2019un site Internet. Plus pr\u00e9cis\u00e9ment, les <strong>URLs<\/strong> devant \u00eatre <a href=\"https:\/\/www.redacteur.com\/blog\/definition\/crawler\/\">crawl\u00e9es<\/a> par les moteurs de recherche.<\/p>\n<p>Par ailleurs, il est \u00e9galement possible d\u2019ajouter des informations compl\u00e9mentaires sur chaque <strong>URL<\/strong> r\u00e9pertori\u00e9e dans le fichier. Bien qu\u2019il soit possible d\u2019utiliser le sitemap au <strong>format txt<\/strong>, il est recommand\u00e9 d\u2019utiliser la norme <strong>XML<\/strong> afin d\u2019ajouter des informations compl\u00e9mentaires. De ce fait, il vous sera possible de pr\u00e9ciser le type de contenu, s\u2019il s\u2019agit d\u2019<strong>actualit\u00e9s, de vid\u00e9os, d\u2019images ou de pages<\/strong>. Vous avez \u00e9galement la possibilit\u00e9 d\u2019organiser le fichier <strong>sitemap<\/strong> en fonction de l\u2019importance du contenu ou par rapport \u00e0 la fr\u00e9quence de mise \u00e0 jour.<\/p>\n<p>Ce fichier s\u2019adresse uniquement aux moteurs de recherche pour que les robots Explorer puissent r\u00e9colter les nombreuses informations dans ce fichier et ainsi <a href=\"https:\/\/www.redacteur.com\/blog\/definition\/indexer\/\">indexer<\/a> l\u2019int\u00e9gralit\u00e9 du contenu. Bien que les pages principales soient prises en compte rapidement, les crawlers peuvent parfois avoir certaines difficult\u00e9s \u00e0 indexer des pages plus profondes, d\u2019o\u00f9 l\u2019utilit\u00e9 du fichier <strong>sitemap<\/strong>.<\/p>\n<p><img decoding=\"async\" class=\"aligncenter wp-image-30491 size-full\" src=\"https:\/\/www.redacteur.com\/blog\/wp-content\/uploads\/2022\/02\/istockphoto-1335057225-170667a.jpg\" alt=\"D\u00e9finition sitemap\" width=\"519\" height=\"332\" srcset=\"https:\/\/www.redacteur.com\/blog\/wp-content\/uploads\/sites\/6\/2022\/02\/istockphoto-1335057225-170667a.jpg 519w, https:\/\/www.redacteur.com\/blog\/wp-content\/uploads\/sites\/6\/2022\/02\/istockphoto-1335057225-170667a-300x192.jpg 300w, https:\/\/www.redacteur.com\/blog\/wp-content\/uploads\/sites\/6\/2022\/02\/istockphoto-1335057225-170667a-60x38.jpg 60w, https:\/\/www.redacteur.com\/blog\/wp-content\/uploads\/sites\/6\/2022\/02\/istockphoto-1335057225-170667a-370x237.jpg 370w, https:\/\/www.redacteur.com\/blog\/wp-content\/uploads\/sites\/6\/2022\/02\/istockphoto-1335057225-170667a-270x173.jpg 270w, https:\/\/www.redacteur.com\/blog\/wp-content\/uploads\/sites\/6\/2022\/02\/istockphoto-1335057225-170667a-470x300.jpg 470w\" sizes=\"(max-width: 519px) 100vw, 519px\" \/><\/p>\n<p>&nbsp;<\/p>\n<h2>Pourquoi utiliser un fichier sitemap pour le SEO&nbsp;?<\/h2>\n<p>D\u2019un point de vue concret, la pr\u00e9sence d\u2019un fichier <strong>sitemap<\/strong> n\u2019am\u00e9liore pas le <a href=\"https:\/\/www.redacteur.com\/blog\/definition\/referencement-naturel\/\">r\u00e9f\u00e9rencement<\/a> d\u2019un site Internet. Il s\u2019agit uniquement d\u2019un fichier facilitant l\u2019indexation, mais n\u2019ayant aucune incidence sur le <a href=\"https:\/\/www.redacteur.com\/blog\/definition\/serp\/\">positionnement<\/a>.<\/p>\n<p>Son r\u00f4le est donc essentiel pour que les moteurs de recherche acc\u00e8dent \u00e0 l\u2019ensemble du contenu. C\u2019est pourquoi, il est recommand\u00e9 d\u2019en faire usage en cas de site volumineux, c\u2019est-\u00e0-dire avec <strong>plus d\u2019une vingtaine de pages<\/strong>. Si jamais vous avez un souci sur le <strong>maillage interne<\/strong> de votre site Internet, certaines pages sans aucun <a href=\"https:\/\/www.redacteur.com\/blog\/definition\/ancre-de-lien\/\">lien<\/a> interne risquent tout simplement de passer aux oubliettes.<\/p>\n<p>Mais il faut \u00e9galement savoir que le robot de Google ne garantit pas l\u2019indexation automatique de chaque page pr\u00e9sente. Mais gr\u00e2ce \u00e0 la mise en place du fichier <strong>sitemap<\/strong>, vos chances d\u2019\u00eatre index\u00e9es sont plus fortes.<\/p>\n<p>Par ailleurs, la cr\u00e9ation d\u2019un tel fichier demeure tr\u00e8s facile et rapide, vous n\u2019\u00eates pas oblig\u00e9 de d\u00e9l\u00e9guer cette op\u00e9ration \u00e0 une entreprise ext\u00e9rieure.<\/p>\n<h2>Comment mettre en place un sitemap&nbsp;?<\/h2>\n<p>Si vous utilisez des <strong>CMS comme WordPress<\/strong>, vous n\u2019avez pas besoin d\u2019action particuli\u00e8re, car ils disposent de fonctions natives permettant de cr\u00e9er automatiquement un fichier <strong>sitemap<\/strong>.<\/p>\n<p>Vous avez \u00e9galement la possibilit\u00e9 d\u2019utiliser des <strong>plug-ins comme Yoast<\/strong> qui vous permettront de cr\u00e9er un sitemap en utilisant diff\u00e9rents param\u00e8tres. Par ailleurs, ce plug-in vous donnera acc\u00e8s \u00e0 d\u2019autres fonctionnalit\u00e9s indispensables pour <strong>am\u00e9liorer votre r\u00e9f\u00e9rencement<\/strong>.<\/p>\n<p>Cependant, vous pouvez \u00e9galement prendre la d\u00e9cision de cr\u00e9er manuellement le fichier si vous avez des connaissances en <a href=\"https:\/\/www.redacteur.com\/blog\/definition\/balise-html\/\">HTML<\/a>. Mais c\u2019est une op\u00e9ration fastidieuse lorsque le site comprend des centaines ou des milliers de pages. Vous n\u2019aurez donc d\u2019autre choix que de cr\u00e9er des scripts sp\u00e9cifiques pour que votre fichier <strong>sitemap<\/strong> soit mis \u00e0 jour automatiquement.<\/p>\n<p>Une fois que le fichier <strong>sitemap<\/strong> a \u00e9t\u00e9 cr\u00e9\u00e9, il suffira de le soumettre aux moteurs de recherche. Pour ce faire, vous utilisez <strong>Google Search Console<\/strong> correspondant \u00e0 l\u2019outil indispensable pour Google.<\/p>\n<p>M\u00eame si certaines personnes remettent en doute son utilit\u00e9 et sur son avenir, il est toujours pr\u00e9f\u00e9rable de le mettre en place, d\u2019autant plus que sa cr\u00e9ation ne prend que quelques secondes. Mais rappelez-vous, le fichier <strong>sitemap<\/strong> ne vous permettra pas d\u2019am\u00e9liorer votre positionnement, il contribue uniquement \u00e0 l\u2019indexation de votre site Internet.<\/p>\n","protected":false},"excerpt":{"rendered":"<p>Sitemap d\u00e9finition Le sitemap est un terme r\u00e9guli\u00e8rement employ\u00e9 dans le Web marketing et plus particuli\u00e8rement dans le SEO. L\u2019objectif d\u2019un sitemap est de faciliter l\u2019indexation d\u2019un site Internet en indiquant des informations sp\u00e9cifiques \u00e0 destination des moteurs de recherche comme Yahoo, Bing ou encore Google. Concr\u00e8tement, le sitemap correspond \u00e0 un protocole Web d\u00e9velopp\u00e9 [&hellip;]<\/p>\n","protected":false},"author":1,"featured_media":0,"parent":29730,"menu_order":0,"comment_status":"closed","ping_status":"closed","template":"","meta":{"_acf_changed":false,"inline_featured_image":false,"footnotes":""},"class_list":["post-30490","page","type-page","status-publish","hentry"],"acf":[],"yoast_head":"<!-- This site is optimized with the Yoast SEO plugin v25.9 - https:\/\/yoast.com\/wordpress\/plugins\/seo\/ -->\n<title>Qu&#039;est-ce qu&#039;un Sitemap ? D\u00e9finition - Redacteur.com<\/title>\n<meta name=\"description\" content=\"Sitemap d\u00e9finition Le sitemap est un terme r\u00e9guli\u00e8rement employ\u00e9 dans le Web marketing et plus particuli\u00e8rement dans le SEO. L\u2019objectif d\u2019un sitemap est\" \/>\n<meta name=\"robots\" content=\"index, follow, max-snippet:-1, max-image-preview:large, max-video-preview:-1\" \/>\n<link rel=\"canonical\" href=\"https:\/\/www.redacteur.com\/blog\/definition\/sitemap\/\" \/>\n<meta property=\"og:locale\" content=\"fr_FR\" \/>\n<meta property=\"og:type\" content=\"article\" \/>\n<meta property=\"og:title\" content=\"Qu&#039;est-ce qu&#039;un Sitemap ? D\u00e9finition - Redacteur.com\" \/>\n<meta property=\"og:description\" content=\"Sitemap d\u00e9finition Le sitemap est un terme r\u00e9guli\u00e8rement employ\u00e9 dans le Web marketing et plus particuli\u00e8rement dans le SEO. L\u2019objectif d\u2019un sitemap est\" \/>\n<meta property=\"og:url\" content=\"https:\/\/www.redacteur.com\/blog\/definition\/sitemap\/\" \/>\n<meta property=\"og:site_name\" content=\"Redacteur.com\" \/>\n<meta property=\"article:publisher\" content=\"https:\/\/www.facebook.com\/redacteurcom\" \/>\n<meta property=\"og:image\" content=\"https:\/\/www.redacteur.com\/blog\/wp-content\/uploads\/2022\/02\/istockphoto-1335057225-170667a.jpg\" \/>\n<meta name=\"twitter:card\" content=\"summary_large_image\" \/>\n<meta name=\"twitter:site\" content=\"@Redacteurcom\" \/>\n<meta name=\"twitter:label1\" content=\"Dur\u00e9e de lecture estim\u00e9e\" \/>\n\t<meta name=\"twitter:data1\" content=\"4 minutes\" \/>\n<script type=\"application\/ld+json\" class=\"yoast-schema-graph\">{\"@context\":\"https:\/\/schema.org\",\"@graph\":[{\"@type\":\"WebPage\",\"@id\":\"https:\/\/www.redacteur.com\/blog\/definition\/sitemap\/\",\"url\":\"https:\/\/www.redacteur.com\/blog\/definition\/sitemap\/\",\"name\":\"Qu'est-ce qu'un Sitemap ? D\u00e9finition - Redacteur.com\",\"isPartOf\":{\"@id\":\"https:\/\/www.redacteur.com\/blog\/#website\"},\"primaryImageOfPage\":{\"@id\":\"https:\/\/www.redacteur.com\/blog\/definition\/sitemap\/#primaryimage\"},\"image\":{\"@id\":\"https:\/\/www.redacteur.com\/blog\/definition\/sitemap\/#primaryimage\"},\"thumbnailUrl\":\"https:\/\/www.redacteur.com\/blog\/wp-content\/uploads\/2022\/02\/istockphoto-1335057225-170667a.jpg\",\"datePublished\":\"2022-02-18T16:28:41+00:00\",\"description\":\"Sitemap d\u00e9finition Le sitemap est un terme r\u00e9guli\u00e8rement employ\u00e9 dans le Web marketing et plus particuli\u00e8rement dans le SEO. L\u2019objectif d\u2019un sitemap est\",\"breadcrumb\":{\"@id\":\"https:\/\/www.redacteur.com\/blog\/definition\/sitemap\/#breadcrumb\"},\"inLanguage\":\"fr-FR\",\"potentialAction\":[{\"@type\":\"ReadAction\",\"target\":[\"https:\/\/www.redacteur.com\/blog\/definition\/sitemap\/\"]}]},{\"@type\":\"ImageObject\",\"inLanguage\":\"fr-FR\",\"@id\":\"https:\/\/www.redacteur.com\/blog\/definition\/sitemap\/#primaryimage\",\"url\":\"https:\/\/www.redacteur.com\/blog\/wp-content\/uploads\/sites\/6\/2022\/02\/istockphoto-1335057225-170667a.jpg\",\"contentUrl\":\"https:\/\/www.redacteur.com\/blog\/wp-content\/uploads\/sites\/6\/2022\/02\/istockphoto-1335057225-170667a.jpg\",\"width\":519,\"height\":332,\"caption\":\"D\u00e9finition sitemap\"},{\"@type\":\"BreadcrumbList\",\"@id\":\"https:\/\/www.redacteur.com\/blog\/definition\/sitemap\/#breadcrumb\",\"itemListElement\":[{\"@type\":\"ListItem\",\"position\":1,\"name\":\"Blog\",\"item\":\"https:\/\/www.redacteur.com\/blog\/\"},{\"@type\":\"ListItem\",\"position\":2,\"name\":\"Lexique SEO\",\"item\":\"https:\/\/www.redacteur.com\/blog\/definition\/\"},{\"@type\":\"ListItem\",\"position\":3,\"name\":\"Sitemap\"}]},{\"@type\":\"WebSite\",\"@id\":\"https:\/\/www.redacteur.com\/blog\/#website\",\"url\":\"https:\/\/www.redacteur.com\/blog\/\",\"name\":\"Redacteur.com\",\"description\":\"redacteur\",\"publisher\":{\"@id\":\"https:\/\/www.redacteur.com\/blog\/#organization\"},\"potentialAction\":[{\"@type\":\"SearchAction\",\"target\":{\"@type\":\"EntryPoint\",\"urlTemplate\":\"https:\/\/www.redacteur.com\/blog\/?s={search_term_string}\"},\"query-input\":{\"@type\":\"PropertyValueSpecification\",\"valueRequired\":true,\"valueName\":\"search_term_string\"}}],\"inLanguage\":\"fr-FR\"},{\"@type\":\"Organization\",\"@id\":\"https:\/\/www.redacteur.com\/blog\/#organization\",\"name\":\"Redacteur.com\",\"url\":\"https:\/\/www.redacteur.com\/blog\/\",\"logo\":{\"@type\":\"ImageObject\",\"inLanguage\":\"fr-FR\",\"@id\":\"https:\/\/www.redacteur.com\/blog\/#\/schema\/logo\/image\/\",\"url\":\"https:\/\/www.redacteur.com\/blog\/wp-content\/uploads\/sites\/6\/2022\/10\/logo-redacteur-blog.svg\",\"contentUrl\":\"https:\/\/www.redacteur.com\/blog\/wp-content\/uploads\/sites\/6\/2022\/10\/logo-redacteur-blog.svg\",\"width\":1,\"height\":1,\"caption\":\"Redacteur.com\"},\"image\":{\"@id\":\"https:\/\/www.redacteur.com\/blog\/#\/schema\/logo\/image\/\"},\"sameAs\":[\"https:\/\/www.facebook.com\/redacteurcom\",\"https:\/\/x.com\/Redacteurcom\",\"https:\/\/www.linkedin.com\/company\/redacteur-com\",\"https:\/\/www.youtube.com\/channel\/UCgj9ySM9xy3gdL8qBafl9Uw\/\"]}]}<\/script>\n<!-- \/ Yoast SEO plugin. -->","yoast_head_json":{"title":"Qu'est-ce qu'un Sitemap ? D\u00e9finition - Redacteur.com","description":"Sitemap d\u00e9finition Le sitemap est un terme r\u00e9guli\u00e8rement employ\u00e9 dans le Web marketing et plus particuli\u00e8rement dans le SEO. L\u2019objectif d\u2019un sitemap est","robots":{"index":"index","follow":"follow","max-snippet":"max-snippet:-1","max-image-preview":"max-image-preview:large","max-video-preview":"max-video-preview:-1"},"canonical":"https:\/\/www.redacteur.com\/blog\/definition\/sitemap\/","og_locale":"fr_FR","og_type":"article","og_title":"Qu'est-ce qu'un Sitemap ? D\u00e9finition - Redacteur.com","og_description":"Sitemap d\u00e9finition Le sitemap est un terme r\u00e9guli\u00e8rement employ\u00e9 dans le Web marketing et plus particuli\u00e8rement dans le SEO. L\u2019objectif d\u2019un sitemap est","og_url":"https:\/\/www.redacteur.com\/blog\/definition\/sitemap\/","og_site_name":"Redacteur.com","article_publisher":"https:\/\/www.facebook.com\/redacteurcom","og_image":[{"url":"https:\/\/www.redacteur.com\/blog\/wp-content\/uploads\/2022\/02\/istockphoto-1335057225-170667a.jpg","type":"","width":"","height":""}],"twitter_card":"summary_large_image","twitter_site":"@Redacteurcom","twitter_misc":{"Dur\u00e9e de lecture estim\u00e9e":"4 minutes"},"schema":{"@context":"https:\/\/schema.org","@graph":[{"@type":"WebPage","@id":"https:\/\/www.redacteur.com\/blog\/definition\/sitemap\/","url":"https:\/\/www.redacteur.com\/blog\/definition\/sitemap\/","name":"Qu'est-ce qu'un Sitemap ? D\u00e9finition - Redacteur.com","isPartOf":{"@id":"https:\/\/www.redacteur.com\/blog\/#website"},"primaryImageOfPage":{"@id":"https:\/\/www.redacteur.com\/blog\/definition\/sitemap\/#primaryimage"},"image":{"@id":"https:\/\/www.redacteur.com\/blog\/definition\/sitemap\/#primaryimage"},"thumbnailUrl":"https:\/\/www.redacteur.com\/blog\/wp-content\/uploads\/2022\/02\/istockphoto-1335057225-170667a.jpg","datePublished":"2022-02-18T16:28:41+00:00","description":"Sitemap d\u00e9finition Le sitemap est un terme r\u00e9guli\u00e8rement employ\u00e9 dans le Web marketing et plus particuli\u00e8rement dans le SEO. L\u2019objectif d\u2019un sitemap est","breadcrumb":{"@id":"https:\/\/www.redacteur.com\/blog\/definition\/sitemap\/#breadcrumb"},"inLanguage":"fr-FR","potentialAction":[{"@type":"ReadAction","target":["https:\/\/www.redacteur.com\/blog\/definition\/sitemap\/"]}]},{"@type":"ImageObject","inLanguage":"fr-FR","@id":"https:\/\/www.redacteur.com\/blog\/definition\/sitemap\/#primaryimage","url":"https:\/\/www.redacteur.com\/blog\/wp-content\/uploads\/sites\/6\/2022\/02\/istockphoto-1335057225-170667a.jpg","contentUrl":"https:\/\/www.redacteur.com\/blog\/wp-content\/uploads\/sites\/6\/2022\/02\/istockphoto-1335057225-170667a.jpg","width":519,"height":332,"caption":"D\u00e9finition sitemap"},{"@type":"BreadcrumbList","@id":"https:\/\/www.redacteur.com\/blog\/definition\/sitemap\/#breadcrumb","itemListElement":[{"@type":"ListItem","position":1,"name":"Blog","item":"https:\/\/www.redacteur.com\/blog\/"},{"@type":"ListItem","position":2,"name":"Lexique SEO","item":"https:\/\/www.redacteur.com\/blog\/definition\/"},{"@type":"ListItem","position":3,"name":"Sitemap"}]},{"@type":"WebSite","@id":"https:\/\/www.redacteur.com\/blog\/#website","url":"https:\/\/www.redacteur.com\/blog\/","name":"Redacteur.com","description":"redacteur","publisher":{"@id":"https:\/\/www.redacteur.com\/blog\/#organization"},"potentialAction":[{"@type":"SearchAction","target":{"@type":"EntryPoint","urlTemplate":"https:\/\/www.redacteur.com\/blog\/?s={search_term_string}"},"query-input":{"@type":"PropertyValueSpecification","valueRequired":true,"valueName":"search_term_string"}}],"inLanguage":"fr-FR"},{"@type":"Organization","@id":"https:\/\/www.redacteur.com\/blog\/#organization","name":"Redacteur.com","url":"https:\/\/www.redacteur.com\/blog\/","logo":{"@type":"ImageObject","inLanguage":"fr-FR","@id":"https:\/\/www.redacteur.com\/blog\/#\/schema\/logo\/image\/","url":"https:\/\/www.redacteur.com\/blog\/wp-content\/uploads\/sites\/6\/2022\/10\/logo-redacteur-blog.svg","contentUrl":"https:\/\/www.redacteur.com\/blog\/wp-content\/uploads\/sites\/6\/2022\/10\/logo-redacteur-blog.svg","width":1,"height":1,"caption":"Redacteur.com"},"image":{"@id":"https:\/\/www.redacteur.com\/blog\/#\/schema\/logo\/image\/"},"sameAs":["https:\/\/www.facebook.com\/redacteurcom","https:\/\/x.com\/Redacteurcom","https:\/\/www.linkedin.com\/company\/redacteur-com","https:\/\/www.youtube.com\/channel\/UCgj9ySM9xy3gdL8qBafl9Uw\/"]}]}},"_links":{"self":[{"href":"https:\/\/www.redacteur.com\/blog\/wp-json\/wp\/v2\/pages\/30490","targetHints":{"allow":["GET"]}}],"collection":[{"href":"https:\/\/www.redacteur.com\/blog\/wp-json\/wp\/v2\/pages"}],"about":[{"href":"https:\/\/www.redacteur.com\/blog\/wp-json\/wp\/v2\/types\/page"}],"author":[{"embeddable":true,"href":"https:\/\/www.redacteur.com\/blog\/wp-json\/wp\/v2\/users\/1"}],"replies":[{"embeddable":true,"href":"https:\/\/www.redacteur.com\/blog\/wp-json\/wp\/v2\/comments?post=30490"}],"version-history":[{"count":0,"href":"https:\/\/www.redacteur.com\/blog\/wp-json\/wp\/v2\/pages\/30490\/revisions"}],"up":[{"embeddable":true,"href":"https:\/\/www.redacteur.com\/blog\/wp-json\/wp\/v2\/pages\/29730"}],"wp:attachment":[{"href":"https:\/\/www.redacteur.com\/blog\/wp-json\/wp\/v2\/media?parent=30490"}],"curies":[{"name":"wp","href":"https:\/\/api.w.org\/{rel}","templated":true}]}}