{"id":30620,"date":"2022-03-01T12:29:24","date_gmt":"2022-03-01T11:29:24","guid":{"rendered":"https:\/\/www.redacteur.com\/blog\/?page_id=30620"},"modified":"2022-03-01T12:29:24","modified_gmt":"2022-03-01T11:29:24","slug":"seo-friendly","status":"publish","type":"page","link":"https:\/\/www.redacteur.com\/blog\/definition\/seo-friendly\/","title":{"rendered":"SEO friendly"},"content":{"rendered":"<p>Le <strong>SEO friendly<\/strong> est un terme que l&#8217;on entend de plus en plus. Mais qu&#8217;est-ce que c&#8217;est&nbsp;? Qu&#8217;a-t-il de plus que le <a href=\"https:\/\/www.redacteur.com\/blog\/definition\/seo\/\">SEO classique<\/a>&nbsp;? Ce sont les questions auxquelles nous allons r\u00e9pondre dans cet article.<\/p>\n<p>&nbsp;<\/p>\n<h2>Qu&#8217;est-ce que le SEO friendly&nbsp;?<\/h2>\n<p>Venue d&#8217;outre-manche, le <strong>SEO friendly<\/strong> est un anglicisme. Il d\u00e9termine le type de contenus pr\u00e9sent sur un site le rendant &#8220;friendly&#8221; et dont le <a href=\"https:\/\/www.redacteur.com\/blog\/definition\/referencement-naturel\/\">r\u00e9f\u00e9rencement naturel<\/a> est optimis\u00e9.<br \/>\nLe SEO friendly est un facteur d&#8217;accroissement de votre visibilit\u00e9, un propulseur de business.<br \/>\nIl ne s&#8217;agit pas seulement de cr\u00e9er du contenu, mais de proposer une <strong>exp\u00e9rience lecteur de qualit\u00e9 \u00e0 l&#8217;internaute<\/strong>.<\/p>\n<p><img decoding=\"async\" class=\"aligncenter wp-image-30624\" src=\"https:\/\/www.redacteur.com\/blog\/wp-content\/uploads\/2022\/03\/definition-seo-friendly.jpg\" alt=\"D\u00e9finition SEO friendly\" width=\"700\" height=\"467\" srcset=\"https:\/\/www.redacteur.com\/blog\/wp-content\/uploads\/sites\/6\/2022\/03\/definition-seo-friendly.jpg 1000w, https:\/\/www.redacteur.com\/blog\/wp-content\/uploads\/sites\/6\/2022\/03\/definition-seo-friendly-300x200.jpg 300w, https:\/\/www.redacteur.com\/blog\/wp-content\/uploads\/sites\/6\/2022\/03\/definition-seo-friendly-768x512.jpg 768w, https:\/\/www.redacteur.com\/blog\/wp-content\/uploads\/sites\/6\/2022\/03\/definition-seo-friendly-60x40.jpg 60w, https:\/\/www.redacteur.com\/blog\/wp-content\/uploads\/sites\/6\/2022\/03\/definition-seo-friendly-370x247.jpg 370w, https:\/\/www.redacteur.com\/blog\/wp-content\/uploads\/sites\/6\/2022\/03\/definition-seo-friendly-270x180.jpg 270w, https:\/\/www.redacteur.com\/blog\/wp-content\/uploads\/sites\/6\/2022\/03\/definition-seo-friendly-570x380.jpg 570w, https:\/\/www.redacteur.com\/blog\/wp-content\/uploads\/sites\/6\/2022\/03\/definition-seo-friendly-740x494.jpg 740w\" sizes=\"(max-width: 700px) 100vw, 700px\" \/><\/p>\n<h2>Comment obtenir du contenu SEO friendly&nbsp;?<\/h2>\n<p>Le <strong>SEO friendly<\/strong> est l&#8217;une des pierres angulaires de votre r\u00e9ussite. S&#8217;il se base sur le SEO classique, il consiste surtout \u00e0 proposer des articles que le lecteur prendra plaisir \u00e0 consulter. De mani\u00e8re g\u00e9n\u00e9rale, un texte <strong>SEO friendly<\/strong> est un texte r\u00e9pondant \u00e0 la m\u00e9thodologie SEO et dont le contenu apporte naturellement de la <strong>valeur et de l&#8217;int\u00e9r\u00eat \u00e0 l&#8217;internaute<\/strong>. C&#8217;est ce qui le poussera \u00e0 vous suivre. Votre texte doit donc \u00eatre original, tout en jouant sur les \u00e9motions de son lecteur.<br \/>\nMais comment faire&nbsp;?<\/p>\n<p>Armez-vous de votre plus belle plume (vous pouvez \u00e9galement confier cette t\u00e2che \u00e0 <a href=\"https:\/\/www.redacteur.com\">nos r\u00e9dacteurs web exp\u00e9riment\u00e9s<\/a> ^^) et appliquez les quelques conseils qui vont suivre.<\/p>\n<h3>Avant m\u00eame d&#8217;\u00e9crire, apprenez&nbsp;!<\/h3>\n<p>Pour fournir du contenu \u00e0 valeur ajout\u00e9e, il vaut mieux <strong>ma\u00eetriser son sujet<\/strong>. Si c&#8217;est le cas, pas de probl\u00e8me, structurez votre article et en avant pour la r\u00e9daction.<br \/>\nSi c&#8217;est un sujet connexe \u00e0 votre domaine de comp\u00e9tences, sourcez-vous. Lisez au maximum sur le sujet avant de vous attaquer \u00e0 la r\u00e9daction.<\/p>\n<h3>Partagez votre histoire<\/h3>\n<p>Ce qui va vous identifier et \u00e9tablir votre expertise est le partage de votre exp\u00e9rience. Utilisez le <strong>storytelling<\/strong> pour capter et captiver les internautes. C&#8217;est votre histoire, celle que vous racontez et qui vous a amen\u00e9 \u00e0 r\u00e9diger cet article qui cr\u00e9e l&#8217;originalit\u00e9 de votre contenu et son attraction. L&#8217;internaute n&#8217;a pas envie de lire pour la \u00e9ni\u00e8me fois le m\u00eame contenu.<\/p>\n<h3>Faites simple&nbsp;!<\/h3>\n<p>Pour \u00eatre <strong>SEO friendly<\/strong>, votre texte doit r\u00e9pondre aux crit\u00e8res SEO certes, mais il doit aussi pouvoir \u00eatre lu facilement. Inutile d&#8217;utiliser un <strong>champ lexical<\/strong> trop pointu. Privil\u00e9giez un champ lexical \u00e0 la port\u00e9e du plus grand nombre. Et surtout, \u00e9vitez les phrases trop longues&nbsp;! Ces derni\u00e8res ont tendances \u00e0 perdre le lecteur. A contrario, les phrases courtes vont donner plus de rythme \u00e0 votre \u00e9crit et la compr\u00e9hension par l&#8217;internaute sera plus ais\u00e9e.<\/p>\n<h3>Restez naturel<\/h3>\n<p>Plus vous \u00e9crirez comme vous parlez, comme vous \u00eates dans la vraie vie, plus vous allez gagner en fluidit\u00e9. \u00c0 travers vos textes, l&#8217;internaute aura l&#8217;impression de mieux vous conna\u00eetre en m\u00eame temps qu&#8217;il en apprendra davantage sur le sujet qui l&#8217;int\u00e9resse.<br \/>\nCe qui le conduira \u00e0 <strong>revenir sur votre site<\/strong> lors de ces prochaines recherches si votre lien appara\u00eet dans ses r\u00e9sultats.<\/p>\n<h3>Surveillez les probl\u00e9matiques de votre audience<\/h3>\n<p>Rien de mieux pour cibler les sujets \u00e0 traiter que de rester \u00e0 l&#8217;affut sur ce que cherche votre prospect type. Cherchez \u00e0 toujours avoir la r\u00e9ponse aux probl\u00e9matique de votre audience vous permettra de rester dans ses r\u00e9sultats de recherche.<\/p>\n<p>&nbsp;<\/p>\n<p><strong>Un article ou un site SEO friendly<\/strong> est donc un endroit o\u00f9 il fait bon fureter. Si vous appliquez le SEO friendly, vous vous assurez une meilleure visibilit\u00e9 et une exp\u00e9rience utilisateur des plus agr\u00e9ables.<br \/>\nEt pour plus de contenus friendly, <a href=\"https:\/\/www.redacteur.com\">nos r\u00e9dacteurs professionnels<\/a> sont \u00e0 votre disposition. N&#8217;h\u00e9sitez pas \u00e0 leur confier aussi bien vos <strong>nouveaux textes que vos contenus \u00e0 am\u00e9liorer<\/strong>.<\/p>\n","protected":false},"excerpt":{"rendered":"<p>Le SEO friendly est un terme que l&#8217;on entend de plus en plus. Mais qu&#8217;est-ce que c&#8217;est&nbsp;? Qu&#8217;a-t-il de plus que le SEO classique&nbsp;? Ce sont les questions auxquelles nous allons r\u00e9pondre dans cet article. &nbsp; Qu&#8217;est-ce que le SEO friendly&nbsp;? Venue d&#8217;outre-manche, le SEO friendly est un anglicisme. Il d\u00e9termine le type de contenus [&hellip;]<\/p>\n","protected":false},"author":1,"featured_media":0,"parent":29730,"menu_order":0,"comment_status":"closed","ping_status":"closed","template":"","meta":{"_acf_changed":false,"inline_featured_image":false,"footnotes":""},"class_list":["post-30620","page","type-page","status-publish","hentry"],"acf":[],"yoast_head":"<!-- This site is optimized with the Yoast SEO plugin v25.9 - https:\/\/yoast.com\/wordpress\/plugins\/seo\/ -->\n<title>Qu&#039;est-ce que le SEO friendly ? D\u00e9finition - Redacteur.com<\/title>\n<meta name=\"description\" content=\"Le SEO friendly est un terme que l&#039;on entend de plus en plus. Mais qu&#039;est-ce que c&#039;est ? Qu&#039;a-t-il de plus que le SEO classique ? Ce sont les questions\" \/>\n<meta name=\"robots\" content=\"index, follow, max-snippet:-1, max-image-preview:large, max-video-preview:-1\" \/>\n<link rel=\"canonical\" href=\"https:\/\/www.redacteur.com\/blog\/definition\/seo-friendly\/\" \/>\n<meta property=\"og:locale\" content=\"fr_FR\" \/>\n<meta property=\"og:type\" content=\"article\" \/>\n<meta property=\"og:title\" content=\"Qu&#039;est-ce que le SEO friendly ? D\u00e9finition - Redacteur.com\" \/>\n<meta property=\"og:description\" content=\"Le SEO friendly est un terme que l&#039;on entend de plus en plus. Mais qu&#039;est-ce que c&#039;est ? Qu&#039;a-t-il de plus que le SEO classique ? Ce sont les questions\" \/>\n<meta property=\"og:url\" content=\"https:\/\/www.redacteur.com\/blog\/definition\/seo-friendly\/\" \/>\n<meta property=\"og:site_name\" content=\"Redacteur.com\" \/>\n<meta property=\"article:publisher\" content=\"https:\/\/www.facebook.com\/redacteurcom\" \/>\n<meta property=\"og:image\" content=\"https:\/\/www.redacteur.com\/blog\/wp-content\/uploads\/2022\/03\/definition-seo-friendly.jpg\" \/>\n<meta name=\"twitter:card\" content=\"summary_large_image\" \/>\n<meta name=\"twitter:site\" content=\"@Redacteurcom\" \/>\n<meta name=\"twitter:label1\" content=\"Dur\u00e9e de lecture estim\u00e9e\" \/>\n\t<meta name=\"twitter:data1\" content=\"4 minutes\" \/>\n<script type=\"application\/ld+json\" class=\"yoast-schema-graph\">{\"@context\":\"https:\/\/schema.org\",\"@graph\":[{\"@type\":\"WebPage\",\"@id\":\"https:\/\/www.redacteur.com\/blog\/definition\/seo-friendly\/\",\"url\":\"https:\/\/www.redacteur.com\/blog\/definition\/seo-friendly\/\",\"name\":\"Qu'est-ce que le SEO friendly ? D\u00e9finition - Redacteur.com\",\"isPartOf\":{\"@id\":\"https:\/\/www.redacteur.com\/blog\/#website\"},\"primaryImageOfPage\":{\"@id\":\"https:\/\/www.redacteur.com\/blog\/definition\/seo-friendly\/#primaryimage\"},\"image\":{\"@id\":\"https:\/\/www.redacteur.com\/blog\/definition\/seo-friendly\/#primaryimage\"},\"thumbnailUrl\":\"https:\/\/www.redacteur.com\/blog\/wp-content\/uploads\/2022\/03\/definition-seo-friendly.jpg\",\"datePublished\":\"2022-03-01T11:29:24+00:00\",\"description\":\"Le SEO friendly est un terme que l'on entend de plus en plus. Mais qu'est-ce que c'est ? Qu'a-t-il de plus que le SEO classique ? Ce sont les questions\",\"breadcrumb\":{\"@id\":\"https:\/\/www.redacteur.com\/blog\/definition\/seo-friendly\/#breadcrumb\"},\"inLanguage\":\"fr-FR\",\"potentialAction\":[{\"@type\":\"ReadAction\",\"target\":[\"https:\/\/www.redacteur.com\/blog\/definition\/seo-friendly\/\"]}]},{\"@type\":\"ImageObject\",\"inLanguage\":\"fr-FR\",\"@id\":\"https:\/\/www.redacteur.com\/blog\/definition\/seo-friendly\/#primaryimage\",\"url\":\"https:\/\/www.redacteur.com\/blog\/wp-content\/uploads\/sites\/6\/2022\/03\/definition-seo-friendly.jpg\",\"contentUrl\":\"https:\/\/www.redacteur.com\/blog\/wp-content\/uploads\/sites\/6\/2022\/03\/definition-seo-friendly.jpg\",\"width\":1000,\"height\":667,\"caption\":\"D\u00e9finition SEO friendly\"},{\"@type\":\"BreadcrumbList\",\"@id\":\"https:\/\/www.redacteur.com\/blog\/definition\/seo-friendly\/#breadcrumb\",\"itemListElement\":[{\"@type\":\"ListItem\",\"position\":1,\"name\":\"Blog\",\"item\":\"https:\/\/www.redacteur.com\/blog\/\"},{\"@type\":\"ListItem\",\"position\":2,\"name\":\"Lexique SEO\",\"item\":\"https:\/\/www.redacteur.com\/blog\/definition\/\"},{\"@type\":\"ListItem\",\"position\":3,\"name\":\"SEO friendly\"}]},{\"@type\":\"WebSite\",\"@id\":\"https:\/\/www.redacteur.com\/blog\/#website\",\"url\":\"https:\/\/www.redacteur.com\/blog\/\",\"name\":\"Redacteur.com\",\"description\":\"redacteur\",\"publisher\":{\"@id\":\"https:\/\/www.redacteur.com\/blog\/#organization\"},\"potentialAction\":[{\"@type\":\"SearchAction\",\"target\":{\"@type\":\"EntryPoint\",\"urlTemplate\":\"https:\/\/www.redacteur.com\/blog\/?s={search_term_string}\"},\"query-input\":{\"@type\":\"PropertyValueSpecification\",\"valueRequired\":true,\"valueName\":\"search_term_string\"}}],\"inLanguage\":\"fr-FR\"},{\"@type\":\"Organization\",\"@id\":\"https:\/\/www.redacteur.com\/blog\/#organization\",\"name\":\"Redacteur.com\",\"url\":\"https:\/\/www.redacteur.com\/blog\/\",\"logo\":{\"@type\":\"ImageObject\",\"inLanguage\":\"fr-FR\",\"@id\":\"https:\/\/www.redacteur.com\/blog\/#\/schema\/logo\/image\/\",\"url\":\"https:\/\/www.redacteur.com\/blog\/wp-content\/uploads\/sites\/6\/2022\/10\/logo-redacteur-blog.svg\",\"contentUrl\":\"https:\/\/www.redacteur.com\/blog\/wp-content\/uploads\/sites\/6\/2022\/10\/logo-redacteur-blog.svg\",\"width\":1,\"height\":1,\"caption\":\"Redacteur.com\"},\"image\":{\"@id\":\"https:\/\/www.redacteur.com\/blog\/#\/schema\/logo\/image\/\"},\"sameAs\":[\"https:\/\/www.facebook.com\/redacteurcom\",\"https:\/\/x.com\/Redacteurcom\",\"https:\/\/www.linkedin.com\/company\/redacteur-com\",\"https:\/\/www.youtube.com\/channel\/UCgj9ySM9xy3gdL8qBafl9Uw\/\"]}]}<\/script>\n<!-- \/ Yoast SEO plugin. -->","yoast_head_json":{"title":"Qu'est-ce que le SEO friendly ? D\u00e9finition - Redacteur.com","description":"Le SEO friendly est un terme que l'on entend de plus en plus. Mais qu'est-ce que c'est ? Qu'a-t-il de plus que le SEO classique ? Ce sont les questions","robots":{"index":"index","follow":"follow","max-snippet":"max-snippet:-1","max-image-preview":"max-image-preview:large","max-video-preview":"max-video-preview:-1"},"canonical":"https:\/\/www.redacteur.com\/blog\/definition\/seo-friendly\/","og_locale":"fr_FR","og_type":"article","og_title":"Qu'est-ce que le SEO friendly ? D\u00e9finition - Redacteur.com","og_description":"Le SEO friendly est un terme que l'on entend de plus en plus. Mais qu'est-ce que c'est ? Qu'a-t-il de plus que le SEO classique ? Ce sont les questions","og_url":"https:\/\/www.redacteur.com\/blog\/definition\/seo-friendly\/","og_site_name":"Redacteur.com","article_publisher":"https:\/\/www.facebook.com\/redacteurcom","og_image":[{"url":"https:\/\/www.redacteur.com\/blog\/wp-content\/uploads\/2022\/03\/definition-seo-friendly.jpg","type":"","width":"","height":""}],"twitter_card":"summary_large_image","twitter_site":"@Redacteurcom","twitter_misc":{"Dur\u00e9e de lecture estim\u00e9e":"4 minutes"},"schema":{"@context":"https:\/\/schema.org","@graph":[{"@type":"WebPage","@id":"https:\/\/www.redacteur.com\/blog\/definition\/seo-friendly\/","url":"https:\/\/www.redacteur.com\/blog\/definition\/seo-friendly\/","name":"Qu'est-ce que le SEO friendly ? D\u00e9finition - Redacteur.com","isPartOf":{"@id":"https:\/\/www.redacteur.com\/blog\/#website"},"primaryImageOfPage":{"@id":"https:\/\/www.redacteur.com\/blog\/definition\/seo-friendly\/#primaryimage"},"image":{"@id":"https:\/\/www.redacteur.com\/blog\/definition\/seo-friendly\/#primaryimage"},"thumbnailUrl":"https:\/\/www.redacteur.com\/blog\/wp-content\/uploads\/2022\/03\/definition-seo-friendly.jpg","datePublished":"2022-03-01T11:29:24+00:00","description":"Le SEO friendly est un terme que l'on entend de plus en plus. Mais qu'est-ce que c'est ? Qu'a-t-il de plus que le SEO classique ? Ce sont les questions","breadcrumb":{"@id":"https:\/\/www.redacteur.com\/blog\/definition\/seo-friendly\/#breadcrumb"},"inLanguage":"fr-FR","potentialAction":[{"@type":"ReadAction","target":["https:\/\/www.redacteur.com\/blog\/definition\/seo-friendly\/"]}]},{"@type":"ImageObject","inLanguage":"fr-FR","@id":"https:\/\/www.redacteur.com\/blog\/definition\/seo-friendly\/#primaryimage","url":"https:\/\/www.redacteur.com\/blog\/wp-content\/uploads\/sites\/6\/2022\/03\/definition-seo-friendly.jpg","contentUrl":"https:\/\/www.redacteur.com\/blog\/wp-content\/uploads\/sites\/6\/2022\/03\/definition-seo-friendly.jpg","width":1000,"height":667,"caption":"D\u00e9finition SEO friendly"},{"@type":"BreadcrumbList","@id":"https:\/\/www.redacteur.com\/blog\/definition\/seo-friendly\/#breadcrumb","itemListElement":[{"@type":"ListItem","position":1,"name":"Blog","item":"https:\/\/www.redacteur.com\/blog\/"},{"@type":"ListItem","position":2,"name":"Lexique SEO","item":"https:\/\/www.redacteur.com\/blog\/definition\/"},{"@type":"ListItem","position":3,"name":"SEO friendly"}]},{"@type":"WebSite","@id":"https:\/\/www.redacteur.com\/blog\/#website","url":"https:\/\/www.redacteur.com\/blog\/","name":"Redacteur.com","description":"redacteur","publisher":{"@id":"https:\/\/www.redacteur.com\/blog\/#organization"},"potentialAction":[{"@type":"SearchAction","target":{"@type":"EntryPoint","urlTemplate":"https:\/\/www.redacteur.com\/blog\/?s={search_term_string}"},"query-input":{"@type":"PropertyValueSpecification","valueRequired":true,"valueName":"search_term_string"}}],"inLanguage":"fr-FR"},{"@type":"Organization","@id":"https:\/\/www.redacteur.com\/blog\/#organization","name":"Redacteur.com","url":"https:\/\/www.redacteur.com\/blog\/","logo":{"@type":"ImageObject","inLanguage":"fr-FR","@id":"https:\/\/www.redacteur.com\/blog\/#\/schema\/logo\/image\/","url":"https:\/\/www.redacteur.com\/blog\/wp-content\/uploads\/sites\/6\/2022\/10\/logo-redacteur-blog.svg","contentUrl":"https:\/\/www.redacteur.com\/blog\/wp-content\/uploads\/sites\/6\/2022\/10\/logo-redacteur-blog.svg","width":1,"height":1,"caption":"Redacteur.com"},"image":{"@id":"https:\/\/www.redacteur.com\/blog\/#\/schema\/logo\/image\/"},"sameAs":["https:\/\/www.facebook.com\/redacteurcom","https:\/\/x.com\/Redacteurcom","https:\/\/www.linkedin.com\/company\/redacteur-com","https:\/\/www.youtube.com\/channel\/UCgj9ySM9xy3gdL8qBafl9Uw\/"]}]}},"_links":{"self":[{"href":"https:\/\/www.redacteur.com\/blog\/wp-json\/wp\/v2\/pages\/30620","targetHints":{"allow":["GET"]}}],"collection":[{"href":"https:\/\/www.redacteur.com\/blog\/wp-json\/wp\/v2\/pages"}],"about":[{"href":"https:\/\/www.redacteur.com\/blog\/wp-json\/wp\/v2\/types\/page"}],"author":[{"embeddable":true,"href":"https:\/\/www.redacteur.com\/blog\/wp-json\/wp\/v2\/users\/1"}],"replies":[{"embeddable":true,"href":"https:\/\/www.redacteur.com\/blog\/wp-json\/wp\/v2\/comments?post=30620"}],"version-history":[{"count":0,"href":"https:\/\/www.redacteur.com\/blog\/wp-json\/wp\/v2\/pages\/30620\/revisions"}],"up":[{"embeddable":true,"href":"https:\/\/www.redacteur.com\/blog\/wp-json\/wp\/v2\/pages\/29730"}],"wp:attachment":[{"href":"https:\/\/www.redacteur.com\/blog\/wp-json\/wp\/v2\/media?parent=30620"}],"curies":[{"name":"wp","href":"https:\/\/api.w.org\/{rel}","templated":true}]}}