{"id":30626,"date":"2022-03-01T14:50:33","date_gmt":"2022-03-01T13:50:33","guid":{"rendered":"https:\/\/www.redacteur.com\/blog\/?page_id=30626"},"modified":"2022-03-01T14:50:33","modified_gmt":"2022-03-01T13:50:33","slug":"referencement-local","status":"publish","type":"page","link":"https:\/\/www.redacteur.com\/blog\/definition\/referencement-local\/","title":{"rendered":"R\u00e9f\u00e9rencement local"},"content":{"rendered":"<p><strong>LE SEO<\/strong> vous permet d&#8217;optimiser votre r\u00e9f\u00e9rencement de mani\u00e8re g\u00e9n\u00e9rale, qu&#8217;il s&#8217;agisse du <a href=\"https:\/\/www.redacteur.com\/blog\/definition\/referencement-naturel\/\">r\u00e9f\u00e9rencement naturel<\/a> comme du <strong>r\u00e9f\u00e9rencement local<\/strong>. Int\u00e9ressons-nous pour aujourd&#8217;hui sur ce dernier et ce qu&#8217;il va nous apporter.<\/p>\n<h2>D\u00e9finition du r\u00e9f\u00e9rencement local<\/h2>\n<p>Le <strong>r\u00e9f\u00e9rencement local<\/strong>, autrement appel\u00e9 <a href=\"https:\/\/www.redacteur.com\/blog\/definition\/seo\/\">SEO<\/a> local, est la technique permettant \u00e0 une entreprise d&#8217;am\u00e9liorer son r\u00e9f\u00e9rencement <strong>dans sa zone g\u00e9ographique<\/strong>.<\/p>\n<p>Mais comment \u00e7a marche&nbsp;? En <strong>SEO local<\/strong>, les r\u00e9sultats des navigateurs remontent en fonction des requ\u00eates r\u00e9gionales effectu\u00e9es. On augmente ainsi la visibilit\u00e9 web de son entreprise dans le <strong>secteur g\u00e9ographique<\/strong> que l&#8217;on souhaite conqu\u00e9rir.<\/p>\n<p><img decoding=\"async\" class=\"aligncenter size-full wp-image-30627\" src=\"https:\/\/www.redacteur.com\/blog\/wp-content\/uploads\/2022\/03\/definition-referencement-local.jpg\" alt=\"D\u00e9finition r\u00e9f\u00e9rencement local\" width=\"700\" height=\"467\" srcset=\"https:\/\/www.redacteur.com\/blog\/wp-content\/uploads\/sites\/6\/2022\/03\/definition-referencement-local.jpg 700w, https:\/\/www.redacteur.com\/blog\/wp-content\/uploads\/sites\/6\/2022\/03\/definition-referencement-local-300x200.jpg 300w, https:\/\/www.redacteur.com\/blog\/wp-content\/uploads\/sites\/6\/2022\/03\/definition-referencement-local-60x40.jpg 60w, https:\/\/www.redacteur.com\/blog\/wp-content\/uploads\/sites\/6\/2022\/03\/definition-referencement-local-370x247.jpg 370w, https:\/\/www.redacteur.com\/blog\/wp-content\/uploads\/sites\/6\/2022\/03\/definition-referencement-local-270x180.jpg 270w, https:\/\/www.redacteur.com\/blog\/wp-content\/uploads\/sites\/6\/2022\/03\/definition-referencement-local-570x380.jpg 570w\" sizes=\"(max-width: 700px) 100vw, 700px\" \/><\/p>\n<h2>R\u00e9f\u00e9rencement local vs r\u00e9f\u00e9rencement naturel<\/h2>\n<p>Si le <strong>r\u00e9f\u00e9rencement naturel<\/strong> vous permet de remonter dans les pages de recherche des navigateurs, il en va de m\u00eame pour le <strong>r\u00e9f\u00e9rencement local<\/strong>. La seule diff\u00e9rence r\u00e9side dans la volont\u00e9 de l&#8217;entreprise de s&#8217;ancrer dans sa r\u00e9gion et de toucher une client\u00e8le locale, physiquement et g\u00e9ographiquement proche d&#8217;elle.<\/p>\n<p>C&#8217;est essentiel par exemple pour une entreprise de peinture en b\u00e2timent, dont le si\u00e8ge se situe en Alsace. Cette entreprise appelons-la Peint&#8217;Al, va d&#8217;abord chercher \u00e0 <strong>fid\u00e9liser des clients dans sa r\u00e9gion<\/strong>, ne serait-ce que pour ma\u00eetriser ses co\u00fbts de d\u00e9placements.<\/p>\n<p>Mais imaginons que Peint&#8217;Al se d\u00e9veloppe et ouvre des succursales dans autres r\u00e9gions en France. Disons, en Nouvelle-Aquitaine, en Franche-Comt\u00e9, et en Bretagne. Pour d\u00e9velopper sa notori\u00e9t\u00e9 et se faire conna\u00eetre de ses futurs clients, Peint&#8217;Al a tout int\u00e9r\u00eat \u00e0 <a href=\"https:\/\/www.redacteur.com\/blog\/seo-local-suivi-kpi\/\">accentuer son <strong>SEO local<\/strong><\/a>, vous ne pensez pas&nbsp;? Ce qui par ailleurs, ne l&#8217;emp\u00eachera par la suite d&#8217;\u00eatre bien r\u00e9f\u00e9renc\u00e9 au niveau national.<\/p>\n<p>&nbsp;<\/p>\n<h2>Comment optimiser son r\u00e9f\u00e9rencement local&nbsp;?<\/h2>\n<p>Tout comme pour le r\u00e9f\u00e9rencement naturel, il est possible <strong>d&#8217;optimiser son SEO local<\/strong>. Toutes les <a href=\"https:\/\/www.redacteur.com\/blog\/definition\/audit-seo\/\">techniques SEO<\/a> sont applicables pour gagner en visibilit\u00e9 localement aussi. Votre site doit donc comporter des contenus originaux dont les pages se chargent rapidement. Il doit \u00eatre structur\u00e9, comport\u00e9 des <a href=\"https:\/\/www.redacteur.com\/blog\/definition\/balise-html\/\">balises HTML<\/a>, des <a href=\"https:\/\/www.redacteur.com\/blog\/definition\/ancre-de-lien\/\">ancres<\/a>, un <a href=\"https:\/\/www.redacteur.com\/blog\/definition\/maillage-interne\/\">maillage interne<\/a>, utiliser les mots-cl\u00e9s, etc.<\/p>\n<p>Mais pour accentuer le c\u00f4t\u00e9 local, il est n\u00e9cessaire d&#8217;appliquer quelques r\u00e8gles suppl\u00e9mentaires.<\/p>\n<h3>Ajoutez un terme local dans vos mots cl\u00e9s et dans vos ancres<\/h3>\n<p>N&#8217;h\u00e9sitez pas \u00e0 ajouter des termes <strong>locaux ou g\u00e9ographiques<\/strong>. Par exemple pour notre soci\u00e9t\u00e9 Peint&#8217;Al, on peut ajouter \u00e0 la liste de mots cl\u00e9&nbsp;: peintre \u00e0 Strasbourg pour d\u00e9velopper sa client\u00e8le dans cette ville.<br \/>\nDe la m\u00eame mani\u00e8re, ajoutez des ancres vers des articles de votre site traitant de chantiers effectu\u00e9s dans la r\u00e9gion par exemple.<\/p>\n<h3>Inscrivez-vous sur Google My Business<\/h3>\n<p>Gr\u00e2ce \u00e0 Google My Business, vous pouvez appara\u00eetre en haut de la <a href=\"https:\/\/www.redacteur.com\/blog\/definition\/serp\/\">SERP<\/a> de Google m\u00eame sans site internet. C&#8217;est enti\u00e8rement <strong>gratuit<\/strong> donc autant ne pas s&#8217;en priver. Remplissez votre fiche professionnelle en indiquant bien votre adresse. Ainsi, vous serez aussi r\u00e9f\u00e9renc\u00e9 via <strong>Google Maps<\/strong>. Profitez de cet espace suppl\u00e9mentaire pour parler de vos services, de pr\u00e9ciser votre secteur g\u00e9ographique et demander des avis \u00e0 vos clients satisfaits.<\/p>\n<h3>Le <a href=\"https:\/\/www.redacteur.com\/blog\/definition\/backlink\/\">backlinking<\/a>, pensez-y<\/h3>\n<p>Contactez les acteurs locaux et demandez-leur de <strong>vous r\u00e9f\u00e9rencer sur leur propre site<\/strong>. Evidemment vous leur rendrez la pareille. Cela permet de tisser un r\u00e9seau de professionnels locaux et donc d&#8217;augmenter votre r\u00e9f\u00e9rencement local.<\/p>\n<h3>N&#8217;oubliez pas les r\u00e9seaux sociaux&nbsp;!<\/h3>\n<p>Les Fran\u00e7ais passent plus de deux heures par jour sur les r\u00e9seaux. C&#8217;est un p\u00f4le de prospects permanents. Rejoignez les pages des communes sur lesquelles vous exercez, partagez vos contenus. Bref, soyez <strong>pr\u00e9sent sur ces canaux de communication<\/strong>. C&#8217;est d&#8217;autant plus int\u00e9ressant que les moteurs de recherche indexent aussi les <strong>pages Facebook, Instagram, LinkedIn, et autres plateformes sociales.<\/strong><\/p>\n<p>Vous le voyez, il y a de nombreuses techniques pour <strong>optimiser votre r\u00e9f\u00e9rencement local<\/strong>. Vous pouvez aussi confier la <a href=\"https:\/\/www.redacteur.com\">r\u00e9daction de vos contenus \u00e0 nos professionnels experts en SEO<\/a>.<\/p>\n","protected":false},"excerpt":{"rendered":"<p>LE SEO vous permet d&#8217;optimiser votre r\u00e9f\u00e9rencement de mani\u00e8re g\u00e9n\u00e9rale, qu&#8217;il s&#8217;agisse du r\u00e9f\u00e9rencement naturel comme du r\u00e9f\u00e9rencement local. Int\u00e9ressons-nous pour aujourd&#8217;hui sur ce dernier et ce qu&#8217;il va nous apporter. D\u00e9finition du r\u00e9f\u00e9rencement local Le r\u00e9f\u00e9rencement local, autrement appel\u00e9 SEO local, est la technique permettant \u00e0 une entreprise d&#8217;am\u00e9liorer son r\u00e9f\u00e9rencement dans sa zone [&hellip;]<\/p>\n","protected":false},"author":1,"featured_media":0,"parent":29730,"menu_order":0,"comment_status":"closed","ping_status":"closed","template":"","meta":{"_acf_changed":false,"inline_featured_image":false,"footnotes":""},"class_list":["post-30626","page","type-page","status-publish","hentry"],"acf":[],"yoast_head":"<!-- This site is optimized with the Yoast SEO plugin v25.9 - https:\/\/yoast.com\/wordpress\/plugins\/seo\/ -->\n<title>Qu&#039;est-ce que le r\u00e9f\u00e9rencement local ? D\u00e9finition - Redacteur.com<\/title>\n<meta name=\"description\" content=\"LE SEO vous permet d&#039;optimiser votre r\u00e9f\u00e9rencement de mani\u00e8re g\u00e9n\u00e9rale, qu&#039;il s&#039;agisse du r\u00e9f\u00e9rencement naturel comme du r\u00e9f\u00e9rencement local.\" \/>\n<meta name=\"robots\" content=\"index, follow, max-snippet:-1, max-image-preview:large, max-video-preview:-1\" \/>\n<link rel=\"canonical\" href=\"https:\/\/www.redacteur.com\/blog\/definition\/referencement-local\/\" \/>\n<meta property=\"og:locale\" content=\"fr_FR\" \/>\n<meta property=\"og:type\" content=\"article\" \/>\n<meta property=\"og:title\" content=\"Qu&#039;est-ce que le r\u00e9f\u00e9rencement local ? D\u00e9finition - Redacteur.com\" \/>\n<meta property=\"og:description\" content=\"LE SEO vous permet d&#039;optimiser votre r\u00e9f\u00e9rencement de mani\u00e8re g\u00e9n\u00e9rale, qu&#039;il s&#039;agisse du r\u00e9f\u00e9rencement naturel comme du r\u00e9f\u00e9rencement local.\" \/>\n<meta property=\"og:url\" content=\"https:\/\/www.redacteur.com\/blog\/definition\/referencement-local\/\" \/>\n<meta property=\"og:site_name\" content=\"Redacteur.com\" \/>\n<meta property=\"article:publisher\" content=\"https:\/\/www.facebook.com\/redacteurcom\" \/>\n<meta property=\"og:image\" content=\"https:\/\/www.redacteur.com\/blog\/wp-content\/uploads\/2022\/03\/definition-referencement-local.jpg\" \/>\n<meta name=\"twitter:card\" content=\"summary_large_image\" \/>\n<meta name=\"twitter:site\" content=\"@Redacteurcom\" \/>\n<meta name=\"twitter:label1\" content=\"Dur\u00e9e de lecture estim\u00e9e\" \/>\n\t<meta name=\"twitter:data1\" content=\"3 minutes\" \/>\n<script type=\"application\/ld+json\" class=\"yoast-schema-graph\">{\"@context\":\"https:\/\/schema.org\",\"@graph\":[{\"@type\":\"WebPage\",\"@id\":\"https:\/\/www.redacteur.com\/blog\/definition\/referencement-local\/\",\"url\":\"https:\/\/www.redacteur.com\/blog\/definition\/referencement-local\/\",\"name\":\"Qu'est-ce que le r\u00e9f\u00e9rencement local ? D\u00e9finition - Redacteur.com\",\"isPartOf\":{\"@id\":\"https:\/\/www.redacteur.com\/blog\/#website\"},\"primaryImageOfPage\":{\"@id\":\"https:\/\/www.redacteur.com\/blog\/definition\/referencement-local\/#primaryimage\"},\"image\":{\"@id\":\"https:\/\/www.redacteur.com\/blog\/definition\/referencement-local\/#primaryimage\"},\"thumbnailUrl\":\"https:\/\/www.redacteur.com\/blog\/wp-content\/uploads\/2022\/03\/definition-referencement-local.jpg\",\"datePublished\":\"2022-03-01T13:50:33+00:00\",\"description\":\"LE SEO vous permet d'optimiser votre r\u00e9f\u00e9rencement de mani\u00e8re g\u00e9n\u00e9rale, qu'il s'agisse du r\u00e9f\u00e9rencement naturel comme du r\u00e9f\u00e9rencement local.\",\"breadcrumb\":{\"@id\":\"https:\/\/www.redacteur.com\/blog\/definition\/referencement-local\/#breadcrumb\"},\"inLanguage\":\"fr-FR\",\"potentialAction\":[{\"@type\":\"ReadAction\",\"target\":[\"https:\/\/www.redacteur.com\/blog\/definition\/referencement-local\/\"]}]},{\"@type\":\"ImageObject\",\"inLanguage\":\"fr-FR\",\"@id\":\"https:\/\/www.redacteur.com\/blog\/definition\/referencement-local\/#primaryimage\",\"url\":\"https:\/\/www.redacteur.com\/blog\/wp-content\/uploads\/sites\/6\/2022\/03\/definition-referencement-local.jpg\",\"contentUrl\":\"https:\/\/www.redacteur.com\/blog\/wp-content\/uploads\/sites\/6\/2022\/03\/definition-referencement-local.jpg\",\"width\":700,\"height\":467,\"caption\":\"D\u00e9finition r\u00e9f\u00e9rencement local\"},{\"@type\":\"BreadcrumbList\",\"@id\":\"https:\/\/www.redacteur.com\/blog\/definition\/referencement-local\/#breadcrumb\",\"itemListElement\":[{\"@type\":\"ListItem\",\"position\":1,\"name\":\"Blog\",\"item\":\"https:\/\/www.redacteur.com\/blog\/\"},{\"@type\":\"ListItem\",\"position\":2,\"name\":\"Lexique SEO\",\"item\":\"https:\/\/www.redacteur.com\/blog\/definition\/\"},{\"@type\":\"ListItem\",\"position\":3,\"name\":\"R\u00e9f\u00e9rencement local\"}]},{\"@type\":\"WebSite\",\"@id\":\"https:\/\/www.redacteur.com\/blog\/#website\",\"url\":\"https:\/\/www.redacteur.com\/blog\/\",\"name\":\"Redacteur.com\",\"description\":\"redacteur\",\"publisher\":{\"@id\":\"https:\/\/www.redacteur.com\/blog\/#organization\"},\"potentialAction\":[{\"@type\":\"SearchAction\",\"target\":{\"@type\":\"EntryPoint\",\"urlTemplate\":\"https:\/\/www.redacteur.com\/blog\/?s={search_term_string}\"},\"query-input\":{\"@type\":\"PropertyValueSpecification\",\"valueRequired\":true,\"valueName\":\"search_term_string\"}}],\"inLanguage\":\"fr-FR\"},{\"@type\":\"Organization\",\"@id\":\"https:\/\/www.redacteur.com\/blog\/#organization\",\"name\":\"Redacteur.com\",\"url\":\"https:\/\/www.redacteur.com\/blog\/\",\"logo\":{\"@type\":\"ImageObject\",\"inLanguage\":\"fr-FR\",\"@id\":\"https:\/\/www.redacteur.com\/blog\/#\/schema\/logo\/image\/\",\"url\":\"https:\/\/www.redacteur.com\/blog\/wp-content\/uploads\/sites\/6\/2022\/10\/logo-redacteur-blog.svg\",\"contentUrl\":\"https:\/\/www.redacteur.com\/blog\/wp-content\/uploads\/sites\/6\/2022\/10\/logo-redacteur-blog.svg\",\"width\":1,\"height\":1,\"caption\":\"Redacteur.com\"},\"image\":{\"@id\":\"https:\/\/www.redacteur.com\/blog\/#\/schema\/logo\/image\/\"},\"sameAs\":[\"https:\/\/www.facebook.com\/redacteurcom\",\"https:\/\/x.com\/Redacteurcom\",\"https:\/\/www.linkedin.com\/company\/redacteur-com\",\"https:\/\/www.youtube.com\/channel\/UCgj9ySM9xy3gdL8qBafl9Uw\/\"]}]}<\/script>\n<!-- \/ Yoast SEO plugin. -->","yoast_head_json":{"title":"Qu'est-ce que le r\u00e9f\u00e9rencement local ? D\u00e9finition - Redacteur.com","description":"LE SEO vous permet d'optimiser votre r\u00e9f\u00e9rencement de mani\u00e8re g\u00e9n\u00e9rale, qu'il s'agisse du r\u00e9f\u00e9rencement naturel comme du r\u00e9f\u00e9rencement local.","robots":{"index":"index","follow":"follow","max-snippet":"max-snippet:-1","max-image-preview":"max-image-preview:large","max-video-preview":"max-video-preview:-1"},"canonical":"https:\/\/www.redacteur.com\/blog\/definition\/referencement-local\/","og_locale":"fr_FR","og_type":"article","og_title":"Qu'est-ce que le r\u00e9f\u00e9rencement local ? D\u00e9finition - Redacteur.com","og_description":"LE SEO vous permet d'optimiser votre r\u00e9f\u00e9rencement de mani\u00e8re g\u00e9n\u00e9rale, qu'il s'agisse du r\u00e9f\u00e9rencement naturel comme du r\u00e9f\u00e9rencement local.","og_url":"https:\/\/www.redacteur.com\/blog\/definition\/referencement-local\/","og_site_name":"Redacteur.com","article_publisher":"https:\/\/www.facebook.com\/redacteurcom","og_image":[{"url":"https:\/\/www.redacteur.com\/blog\/wp-content\/uploads\/2022\/03\/definition-referencement-local.jpg","type":"","width":"","height":""}],"twitter_card":"summary_large_image","twitter_site":"@Redacteurcom","twitter_misc":{"Dur\u00e9e de lecture estim\u00e9e":"3 minutes"},"schema":{"@context":"https:\/\/schema.org","@graph":[{"@type":"WebPage","@id":"https:\/\/www.redacteur.com\/blog\/definition\/referencement-local\/","url":"https:\/\/www.redacteur.com\/blog\/definition\/referencement-local\/","name":"Qu'est-ce que le r\u00e9f\u00e9rencement local ? D\u00e9finition - Redacteur.com","isPartOf":{"@id":"https:\/\/www.redacteur.com\/blog\/#website"},"primaryImageOfPage":{"@id":"https:\/\/www.redacteur.com\/blog\/definition\/referencement-local\/#primaryimage"},"image":{"@id":"https:\/\/www.redacteur.com\/blog\/definition\/referencement-local\/#primaryimage"},"thumbnailUrl":"https:\/\/www.redacteur.com\/blog\/wp-content\/uploads\/2022\/03\/definition-referencement-local.jpg","datePublished":"2022-03-01T13:50:33+00:00","description":"LE SEO vous permet d'optimiser votre r\u00e9f\u00e9rencement de mani\u00e8re g\u00e9n\u00e9rale, qu'il s'agisse du r\u00e9f\u00e9rencement naturel comme du r\u00e9f\u00e9rencement local.","breadcrumb":{"@id":"https:\/\/www.redacteur.com\/blog\/definition\/referencement-local\/#breadcrumb"},"inLanguage":"fr-FR","potentialAction":[{"@type":"ReadAction","target":["https:\/\/www.redacteur.com\/blog\/definition\/referencement-local\/"]}]},{"@type":"ImageObject","inLanguage":"fr-FR","@id":"https:\/\/www.redacteur.com\/blog\/definition\/referencement-local\/#primaryimage","url":"https:\/\/www.redacteur.com\/blog\/wp-content\/uploads\/sites\/6\/2022\/03\/definition-referencement-local.jpg","contentUrl":"https:\/\/www.redacteur.com\/blog\/wp-content\/uploads\/sites\/6\/2022\/03\/definition-referencement-local.jpg","width":700,"height":467,"caption":"D\u00e9finition r\u00e9f\u00e9rencement local"},{"@type":"BreadcrumbList","@id":"https:\/\/www.redacteur.com\/blog\/definition\/referencement-local\/#breadcrumb","itemListElement":[{"@type":"ListItem","position":1,"name":"Blog","item":"https:\/\/www.redacteur.com\/blog\/"},{"@type":"ListItem","position":2,"name":"Lexique SEO","item":"https:\/\/www.redacteur.com\/blog\/definition\/"},{"@type":"ListItem","position":3,"name":"R\u00e9f\u00e9rencement local"}]},{"@type":"WebSite","@id":"https:\/\/www.redacteur.com\/blog\/#website","url":"https:\/\/www.redacteur.com\/blog\/","name":"Redacteur.com","description":"redacteur","publisher":{"@id":"https:\/\/www.redacteur.com\/blog\/#organization"},"potentialAction":[{"@type":"SearchAction","target":{"@type":"EntryPoint","urlTemplate":"https:\/\/www.redacteur.com\/blog\/?s={search_term_string}"},"query-input":{"@type":"PropertyValueSpecification","valueRequired":true,"valueName":"search_term_string"}}],"inLanguage":"fr-FR"},{"@type":"Organization","@id":"https:\/\/www.redacteur.com\/blog\/#organization","name":"Redacteur.com","url":"https:\/\/www.redacteur.com\/blog\/","logo":{"@type":"ImageObject","inLanguage":"fr-FR","@id":"https:\/\/www.redacteur.com\/blog\/#\/schema\/logo\/image\/","url":"https:\/\/www.redacteur.com\/blog\/wp-content\/uploads\/sites\/6\/2022\/10\/logo-redacteur-blog.svg","contentUrl":"https:\/\/www.redacteur.com\/blog\/wp-content\/uploads\/sites\/6\/2022\/10\/logo-redacteur-blog.svg","width":1,"height":1,"caption":"Redacteur.com"},"image":{"@id":"https:\/\/www.redacteur.com\/blog\/#\/schema\/logo\/image\/"},"sameAs":["https:\/\/www.facebook.com\/redacteurcom","https:\/\/x.com\/Redacteurcom","https:\/\/www.linkedin.com\/company\/redacteur-com","https:\/\/www.youtube.com\/channel\/UCgj9ySM9xy3gdL8qBafl9Uw\/"]}]}},"_links":{"self":[{"href":"https:\/\/www.redacteur.com\/blog\/wp-json\/wp\/v2\/pages\/30626","targetHints":{"allow":["GET"]}}],"collection":[{"href":"https:\/\/www.redacteur.com\/blog\/wp-json\/wp\/v2\/pages"}],"about":[{"href":"https:\/\/www.redacteur.com\/blog\/wp-json\/wp\/v2\/types\/page"}],"author":[{"embeddable":true,"href":"https:\/\/www.redacteur.com\/blog\/wp-json\/wp\/v2\/users\/1"}],"replies":[{"embeddable":true,"href":"https:\/\/www.redacteur.com\/blog\/wp-json\/wp\/v2\/comments?post=30626"}],"version-history":[{"count":0,"href":"https:\/\/www.redacteur.com\/blog\/wp-json\/wp\/v2\/pages\/30626\/revisions"}],"up":[{"embeddable":true,"href":"https:\/\/www.redacteur.com\/blog\/wp-json\/wp\/v2\/pages\/29730"}],"wp:attachment":[{"href":"https:\/\/www.redacteur.com\/blog\/wp-json\/wp\/v2\/media?parent=30626"}],"curies":[{"name":"wp","href":"https:\/\/api.w.org\/{rel}","templated":true}]}}