{"id":30629,"date":"2022-03-01T15:12:13","date_gmt":"2022-03-01T14:12:13","guid":{"rendered":"https:\/\/www.redacteur.com\/blog\/?page_id=30629"},"modified":"2022-03-01T15:12:13","modified_gmt":"2022-03-01T14:12:13","slug":"knowledge-graph","status":"publish","type":"page","link":"https:\/\/www.redacteur.com\/blog\/definition\/knowledge-graph\/","title":{"rendered":"Knowledge Graph"},"content":{"rendered":"<p>Parmi les outils SEO souvent mis de c\u00f4t\u00e9, mais qui peuvent s\u2019av\u00e9rer importants, nous avons le <strong>Knowledge Graph<\/strong>. Un nom peu connu qui peut pourtant faire la diff\u00e9rence. Rentrons dans les d\u00e9tails de ce que signifie ce terme anglais et comment cet outil fonctionne afin de correctement l\u2019utiliser en <a href=\"https:\/\/www.redacteur.com\/blog\/definition\/seo\/\">SEO<\/a>.<\/p>\n<p>&nbsp;<\/p>\n<h2>D\u00e9finition du Knowledge graph<\/h2>\n<p>Le <strong>Knowledge graph<\/strong> (ou Graphique de connaissance en fran\u00e7ais) est un terme cr\u00e9\u00e9 en 2012 par Google. Il se d\u00e9mocratise par la suite sur tout autres moteurs de recherche. Comme son nom l\u2019indique, il repr\u00e9sente dans un premier temps, <strong>un graphique<\/strong> reliant des informations entre elles. Google poss\u00e8de une base de connaissance qui permet ensuite de cr\u00e9er des graphiques reliant certaines informations. Cela permet au moteur de recherche de d\u00e9terminer les pages les plus pertinentes. Sur le <a href=\"https:\/\/www.redacteur.com\/blog\/definition\/serp\/\">SERP<\/a> (repr\u00e9sentant la page d&#8217;arriv\u00e9e apr\u00e8s avoir effectu\u00e9 une recherche), nous retrouvons ce <strong>Knowledge Graph<\/strong>, mais sous forme d\u2019un encadr\u00e9, uniquement sur ordinateur et tablette. Cet encadr\u00e9 est souvent situ\u00e9 sur la partie droite de la page, et donne des informations sur le th\u00e8me recherch\u00e9.<\/p>\n<p>Ex&nbsp;: avec une recherche utilisant les mots <strong>\u00ab pirates des cara\u00efbes \u00bb<\/strong>, nous trouverons un encadr\u00e9 sur la droite de la page, contenant des <strong>informations sur la licence<\/strong> (date de sortie, r\u00e9alisateur, acteurs, synopsis, images, etc).<\/p>\n<p><img decoding=\"async\" class=\"aligncenter size-full wp-image-30630\" src=\"https:\/\/www.redacteur.com\/blog\/wp-content\/uploads\/2022\/03\/knowledge-graph.png\" alt=\"D\u00e9finition Knowledge graph\" width=\"700\" height=\"667\" srcset=\"https:\/\/www.redacteur.com\/blog\/wp-content\/uploads\/sites\/6\/2022\/03\/knowledge-graph.png 700w, https:\/\/www.redacteur.com\/blog\/wp-content\/uploads\/sites\/6\/2022\/03\/knowledge-graph-300x286.png 300w, https:\/\/www.redacteur.com\/blog\/wp-content\/uploads\/sites\/6\/2022\/03\/knowledge-graph-60x57.png 60w, https:\/\/www.redacteur.com\/blog\/wp-content\/uploads\/sites\/6\/2022\/03\/knowledge-graph-370x353.png 370w, https:\/\/www.redacteur.com\/blog\/wp-content\/uploads\/sites\/6\/2022\/03\/knowledge-graph-270x257.png 270w, https:\/\/www.redacteur.com\/blog\/wp-content\/uploads\/sites\/6\/2022\/03\/knowledge-graph-570x543.png 570w\" sizes=\"(max-width: 700px) 100vw, 700px\" \/><\/p>\n<h2>Comment fonctionne clairement le Knowledge Graph<\/h2>\n<p>Google utilise une base de donn\u00e9es, nomm\u00e9e <strong>WikiData<\/strong>, poss\u00e9dant un nombre beaucoup trop \u00e9lev\u00e9 d&#8217;informations. Il utilise \u00e9galement de gros sites Internet, ayant une place importante dans le contenu de l\u2019information notamment <strong>Wikip\u00e9dia<\/strong>. Maintenant que Google a sa base de donn\u00e9es, il utilise toutes ces informations pour collecter plus de donn\u00e9es sur des choses tr\u00e8s connues et populaires comme <strong>des artistes<\/strong> (acteurs, peintres, etc), <strong>des films<\/strong>, <strong>des monuments<\/strong>, <strong>des \u00e9v\u00e9nements<\/strong> et autres. Il fait ensuite un lien entre toutes les informations r\u00e9colt\u00e9es pour am\u00e9liorer la pertinence des r\u00e9sultats.<\/p>\n<p>Ex&nbsp;: une recherche \u00ab Gagnant coupe du monde football 2018 \u00bb affichera \u00c9quipe de France de football. Si l\u2019on veut rechercher \u00ab Squeezie \u00bb, nous pouvons taper \u00ab premier youtubeur fran\u00e7ais \u00bb, \u00ab \u00e2ge squeezie \u00bb, \u00ab Lucas Hauchard \u00bb, etc<\/p>\n<p>Ainsi, une recherche d\u2019une personnalit\u00e9 ou autre chose de populaire (une entit\u00e9) peut \u00eatre effectu\u00e9e \u00e0 partir de donn\u00e9es associ\u00e9es \u00e0 cette derni\u00e8re.<\/p>\n<p>&nbsp;<\/p>\n<h2>Comment bien utiliser le Knowledge graph en SEO<\/h2>\n<p>Ainsi, cet encart situ\u00e9 sur la droite pr\u00e9sent pour quasiment chaque recherche permet d\u2019apporter une <strong>grande visibilit\u00e9<\/strong> et est donc tr\u00e8s int\u00e9ressant. Voyons donc quels moyens mettre en place pour l\u2019utiliser&nbsp;:<\/p>\n<ul>\n<li>Am\u00e9liorer votre contenu. Plus votre contenu sera qualitatif et unique, mieux Google le r\u00e9f\u00e9rencera. Plus vous montrerez \u00e0 ce dernier votre expertise dans ce domaine, via les mots-cl\u00e9s utilis\u00e9s, la pertinence des informations, etc, mieux Google r\u00e9f\u00e9rencera votre marque ou produit. Bien s\u00fbr, la qualit\u00e9 ne passe pas uniquement par le texte, mais aussi via la <a href=\"https:\/\/www.redacteur.com\/blog\/definition\/cocon-semantique\/\">s\u00e9mantique<\/a>, et tout le <a href=\"https:\/\/www.redacteur.com\/blog\/definition\/maillage-interne\/\">maillage<\/a> et la structure du site.<\/li>\n<li>Avoir un site optimis\u00e9. Par optimis\u00e9, on entend la <strong>vitesse du site<\/strong>, de sa version mobile PC et tablette ou encore la construction s\u00e9mantique comme vu pr\u00e9c\u00e9demment.<\/li>\n<li>\u00catre la source de diff\u00e9rents sites Internet externes. Autrement dit, le fait de poss\u00e9der des <a href=\"https:\/\/www.redacteur.com\/blog\/definition\/backlink\/\">Backlinks<\/a> vous permet d\u2019\u00eatre vu comme une source d\u2019informations par Google. Plus vous aurez de backlinks, plus Google jugera votre contenu pertinent et vous mettra en avant dans le <strong>Knowledge Graph<\/strong>. Bien s\u00fbr, pour poss\u00e9der des backlinks, il faut \u00eatre une bonne source, et travailler sur cela.<\/li>\n<li>Correspondre aux recherches des utilisateurs. La fonction premi\u00e8re du <strong>knowledge graph<\/strong> \u00e9tant de proposer une synth\u00e8se d\u2019information rapidement aux internautes, votre contenu DOIT correspondre aux attentes de ces derniers pour correspondre \u00e0 Google.<\/li>\n<\/ul>\n<p>Cet outil semble donc plus complexe \u00e0 mettre en place et peut \u00eatre mis de c\u00f4t\u00e9 par certains, mais il conf\u00e8re un net <strong>avantage concurrentiel<\/strong>.<\/p>\n","protected":false},"excerpt":{"rendered":"<p>Parmi les outils SEO souvent mis de c\u00f4t\u00e9, mais qui peuvent s\u2019av\u00e9rer importants, nous avons le Knowledge Graph. Un nom peu connu qui peut pourtant faire la diff\u00e9rence. Rentrons dans les d\u00e9tails de ce que signifie ce terme anglais et comment cet outil fonctionne afin de correctement l\u2019utiliser en SEO. &nbsp; D\u00e9finition du Knowledge graph [&hellip;]<\/p>\n","protected":false},"author":1,"featured_media":0,"parent":29730,"menu_order":0,"comment_status":"closed","ping_status":"closed","template":"","meta":{"_acf_changed":false,"inline_featured_image":false,"footnotes":""},"class_list":["post-30629","page","type-page","status-publish","hentry"],"acf":[],"yoast_head":"<!-- This site is optimized with the Yoast SEO plugin v25.9 - https:\/\/yoast.com\/wordpress\/plugins\/seo\/ -->\n<title>Qu&#039;est-ce qu&#039;un Knowledge Graph ? D\u00e9finition - Redacteur.com<\/title>\n<meta name=\"description\" content=\"Parmi les outils SEO souvent mis de c\u00f4t\u00e9, mais qui peuvent s\u2019av\u00e9rer importants, nous avons le Knowledge Graph. Un nom peu connu qui peut pourtant faire la\" \/>\n<meta name=\"robots\" content=\"index, follow, max-snippet:-1, max-image-preview:large, max-video-preview:-1\" \/>\n<link rel=\"canonical\" href=\"https:\/\/www.redacteur.com\/blog\/definition\/knowledge-graph\/\" \/>\n<meta property=\"og:locale\" content=\"fr_FR\" \/>\n<meta property=\"og:type\" content=\"article\" \/>\n<meta property=\"og:title\" content=\"Qu&#039;est-ce qu&#039;un Knowledge Graph ? D\u00e9finition - Redacteur.com\" \/>\n<meta property=\"og:description\" content=\"Parmi les outils SEO souvent mis de c\u00f4t\u00e9, mais qui peuvent s\u2019av\u00e9rer importants, nous avons le Knowledge Graph. Un nom peu connu qui peut pourtant faire la\" \/>\n<meta property=\"og:url\" content=\"https:\/\/www.redacteur.com\/blog\/definition\/knowledge-graph\/\" \/>\n<meta property=\"og:site_name\" content=\"Redacteur.com\" \/>\n<meta property=\"article:publisher\" content=\"https:\/\/www.facebook.com\/redacteurcom\" \/>\n<meta property=\"og:image\" content=\"https:\/\/www.redacteur.com\/blog\/wp-content\/uploads\/2022\/03\/knowledge-graph.png\" \/>\n<meta name=\"twitter:card\" content=\"summary_large_image\" \/>\n<meta name=\"twitter:site\" content=\"@Redacteurcom\" \/>\n<meta name=\"twitter:label1\" content=\"Dur\u00e9e de lecture estim\u00e9e\" \/>\n\t<meta name=\"twitter:data1\" content=\"3 minutes\" \/>\n<script type=\"application\/ld+json\" class=\"yoast-schema-graph\">{\"@context\":\"https:\/\/schema.org\",\"@graph\":[{\"@type\":\"WebPage\",\"@id\":\"https:\/\/www.redacteur.com\/blog\/definition\/knowledge-graph\/\",\"url\":\"https:\/\/www.redacteur.com\/blog\/definition\/knowledge-graph\/\",\"name\":\"Qu'est-ce qu'un Knowledge Graph ? D\u00e9finition - Redacteur.com\",\"isPartOf\":{\"@id\":\"https:\/\/www.redacteur.com\/blog\/#website\"},\"primaryImageOfPage\":{\"@id\":\"https:\/\/www.redacteur.com\/blog\/definition\/knowledge-graph\/#primaryimage\"},\"image\":{\"@id\":\"https:\/\/www.redacteur.com\/blog\/definition\/knowledge-graph\/#primaryimage\"},\"thumbnailUrl\":\"https:\/\/www.redacteur.com\/blog\/wp-content\/uploads\/2022\/03\/knowledge-graph.png\",\"datePublished\":\"2022-03-01T14:12:13+00:00\",\"description\":\"Parmi les outils SEO souvent mis de c\u00f4t\u00e9, mais qui peuvent s\u2019av\u00e9rer importants, nous avons le Knowledge Graph. Un nom peu connu qui peut pourtant faire la\",\"breadcrumb\":{\"@id\":\"https:\/\/www.redacteur.com\/blog\/definition\/knowledge-graph\/#breadcrumb\"},\"inLanguage\":\"fr-FR\",\"potentialAction\":[{\"@type\":\"ReadAction\",\"target\":[\"https:\/\/www.redacteur.com\/blog\/definition\/knowledge-graph\/\"]}]},{\"@type\":\"ImageObject\",\"inLanguage\":\"fr-FR\",\"@id\":\"https:\/\/www.redacteur.com\/blog\/definition\/knowledge-graph\/#primaryimage\",\"url\":\"https:\/\/www.redacteur.com\/blog\/wp-content\/uploads\/sites\/6\/2022\/03\/knowledge-graph.png\",\"contentUrl\":\"https:\/\/www.redacteur.com\/blog\/wp-content\/uploads\/sites\/6\/2022\/03\/knowledge-graph.png\",\"width\":700,\"height\":667,\"caption\":\"D\u00e9finition Knowledge graph\"},{\"@type\":\"BreadcrumbList\",\"@id\":\"https:\/\/www.redacteur.com\/blog\/definition\/knowledge-graph\/#breadcrumb\",\"itemListElement\":[{\"@type\":\"ListItem\",\"position\":1,\"name\":\"Blog\",\"item\":\"https:\/\/www.redacteur.com\/blog\/\"},{\"@type\":\"ListItem\",\"position\":2,\"name\":\"Lexique SEO\",\"item\":\"https:\/\/www.redacteur.com\/blog\/definition\/\"},{\"@type\":\"ListItem\",\"position\":3,\"name\":\"Knowledge Graph\"}]},{\"@type\":\"WebSite\",\"@id\":\"https:\/\/www.redacteur.com\/blog\/#website\",\"url\":\"https:\/\/www.redacteur.com\/blog\/\",\"name\":\"Redacteur.com\",\"description\":\"redacteur\",\"publisher\":{\"@id\":\"https:\/\/www.redacteur.com\/blog\/#organization\"},\"potentialAction\":[{\"@type\":\"SearchAction\",\"target\":{\"@type\":\"EntryPoint\",\"urlTemplate\":\"https:\/\/www.redacteur.com\/blog\/?s={search_term_string}\"},\"query-input\":{\"@type\":\"PropertyValueSpecification\",\"valueRequired\":true,\"valueName\":\"search_term_string\"}}],\"inLanguage\":\"fr-FR\"},{\"@type\":\"Organization\",\"@id\":\"https:\/\/www.redacteur.com\/blog\/#organization\",\"name\":\"Redacteur.com\",\"url\":\"https:\/\/www.redacteur.com\/blog\/\",\"logo\":{\"@type\":\"ImageObject\",\"inLanguage\":\"fr-FR\",\"@id\":\"https:\/\/www.redacteur.com\/blog\/#\/schema\/logo\/image\/\",\"url\":\"https:\/\/www.redacteur.com\/blog\/wp-content\/uploads\/sites\/6\/2022\/10\/logo-redacteur-blog.svg\",\"contentUrl\":\"https:\/\/www.redacteur.com\/blog\/wp-content\/uploads\/sites\/6\/2022\/10\/logo-redacteur-blog.svg\",\"width\":1,\"height\":1,\"caption\":\"Redacteur.com\"},\"image\":{\"@id\":\"https:\/\/www.redacteur.com\/blog\/#\/schema\/logo\/image\/\"},\"sameAs\":[\"https:\/\/www.facebook.com\/redacteurcom\",\"https:\/\/x.com\/Redacteurcom\",\"https:\/\/www.linkedin.com\/company\/redacteur-com\",\"https:\/\/www.youtube.com\/channel\/UCgj9ySM9xy3gdL8qBafl9Uw\/\"]}]}<\/script>\n<!-- \/ Yoast SEO plugin. -->","yoast_head_json":{"title":"Qu'est-ce qu'un Knowledge Graph ? D\u00e9finition - Redacteur.com","description":"Parmi les outils SEO souvent mis de c\u00f4t\u00e9, mais qui peuvent s\u2019av\u00e9rer importants, nous avons le Knowledge Graph. Un nom peu connu qui peut pourtant faire la","robots":{"index":"index","follow":"follow","max-snippet":"max-snippet:-1","max-image-preview":"max-image-preview:large","max-video-preview":"max-video-preview:-1"},"canonical":"https:\/\/www.redacteur.com\/blog\/definition\/knowledge-graph\/","og_locale":"fr_FR","og_type":"article","og_title":"Qu'est-ce qu'un Knowledge Graph ? D\u00e9finition - Redacteur.com","og_description":"Parmi les outils SEO souvent mis de c\u00f4t\u00e9, mais qui peuvent s\u2019av\u00e9rer importants, nous avons le Knowledge Graph. Un nom peu connu qui peut pourtant faire la","og_url":"https:\/\/www.redacteur.com\/blog\/definition\/knowledge-graph\/","og_site_name":"Redacteur.com","article_publisher":"https:\/\/www.facebook.com\/redacteurcom","og_image":[{"url":"https:\/\/www.redacteur.com\/blog\/wp-content\/uploads\/2022\/03\/knowledge-graph.png","type":"","width":"","height":""}],"twitter_card":"summary_large_image","twitter_site":"@Redacteurcom","twitter_misc":{"Dur\u00e9e de lecture estim\u00e9e":"3 minutes"},"schema":{"@context":"https:\/\/schema.org","@graph":[{"@type":"WebPage","@id":"https:\/\/www.redacteur.com\/blog\/definition\/knowledge-graph\/","url":"https:\/\/www.redacteur.com\/blog\/definition\/knowledge-graph\/","name":"Qu'est-ce qu'un Knowledge Graph ? D\u00e9finition - Redacteur.com","isPartOf":{"@id":"https:\/\/www.redacteur.com\/blog\/#website"},"primaryImageOfPage":{"@id":"https:\/\/www.redacteur.com\/blog\/definition\/knowledge-graph\/#primaryimage"},"image":{"@id":"https:\/\/www.redacteur.com\/blog\/definition\/knowledge-graph\/#primaryimage"},"thumbnailUrl":"https:\/\/www.redacteur.com\/blog\/wp-content\/uploads\/2022\/03\/knowledge-graph.png","datePublished":"2022-03-01T14:12:13+00:00","description":"Parmi les outils SEO souvent mis de c\u00f4t\u00e9, mais qui peuvent s\u2019av\u00e9rer importants, nous avons le Knowledge Graph. Un nom peu connu qui peut pourtant faire la","breadcrumb":{"@id":"https:\/\/www.redacteur.com\/blog\/definition\/knowledge-graph\/#breadcrumb"},"inLanguage":"fr-FR","potentialAction":[{"@type":"ReadAction","target":["https:\/\/www.redacteur.com\/blog\/definition\/knowledge-graph\/"]}]},{"@type":"ImageObject","inLanguage":"fr-FR","@id":"https:\/\/www.redacteur.com\/blog\/definition\/knowledge-graph\/#primaryimage","url":"https:\/\/www.redacteur.com\/blog\/wp-content\/uploads\/sites\/6\/2022\/03\/knowledge-graph.png","contentUrl":"https:\/\/www.redacteur.com\/blog\/wp-content\/uploads\/sites\/6\/2022\/03\/knowledge-graph.png","width":700,"height":667,"caption":"D\u00e9finition Knowledge graph"},{"@type":"BreadcrumbList","@id":"https:\/\/www.redacteur.com\/blog\/definition\/knowledge-graph\/#breadcrumb","itemListElement":[{"@type":"ListItem","position":1,"name":"Blog","item":"https:\/\/www.redacteur.com\/blog\/"},{"@type":"ListItem","position":2,"name":"Lexique SEO","item":"https:\/\/www.redacteur.com\/blog\/definition\/"},{"@type":"ListItem","position":3,"name":"Knowledge Graph"}]},{"@type":"WebSite","@id":"https:\/\/www.redacteur.com\/blog\/#website","url":"https:\/\/www.redacteur.com\/blog\/","name":"Redacteur.com","description":"redacteur","publisher":{"@id":"https:\/\/www.redacteur.com\/blog\/#organization"},"potentialAction":[{"@type":"SearchAction","target":{"@type":"EntryPoint","urlTemplate":"https:\/\/www.redacteur.com\/blog\/?s={search_term_string}"},"query-input":{"@type":"PropertyValueSpecification","valueRequired":true,"valueName":"search_term_string"}}],"inLanguage":"fr-FR"},{"@type":"Organization","@id":"https:\/\/www.redacteur.com\/blog\/#organization","name":"Redacteur.com","url":"https:\/\/www.redacteur.com\/blog\/","logo":{"@type":"ImageObject","inLanguage":"fr-FR","@id":"https:\/\/www.redacteur.com\/blog\/#\/schema\/logo\/image\/","url":"https:\/\/www.redacteur.com\/blog\/wp-content\/uploads\/sites\/6\/2022\/10\/logo-redacteur-blog.svg","contentUrl":"https:\/\/www.redacteur.com\/blog\/wp-content\/uploads\/sites\/6\/2022\/10\/logo-redacteur-blog.svg","width":1,"height":1,"caption":"Redacteur.com"},"image":{"@id":"https:\/\/www.redacteur.com\/blog\/#\/schema\/logo\/image\/"},"sameAs":["https:\/\/www.facebook.com\/redacteurcom","https:\/\/x.com\/Redacteurcom","https:\/\/www.linkedin.com\/company\/redacteur-com","https:\/\/www.youtube.com\/channel\/UCgj9ySM9xy3gdL8qBafl9Uw\/"]}]}},"_links":{"self":[{"href":"https:\/\/www.redacteur.com\/blog\/wp-json\/wp\/v2\/pages\/30629","targetHints":{"allow":["GET"]}}],"collection":[{"href":"https:\/\/www.redacteur.com\/blog\/wp-json\/wp\/v2\/pages"}],"about":[{"href":"https:\/\/www.redacteur.com\/blog\/wp-json\/wp\/v2\/types\/page"}],"author":[{"embeddable":true,"href":"https:\/\/www.redacteur.com\/blog\/wp-json\/wp\/v2\/users\/1"}],"replies":[{"embeddable":true,"href":"https:\/\/www.redacteur.com\/blog\/wp-json\/wp\/v2\/comments?post=30629"}],"version-history":[{"count":0,"href":"https:\/\/www.redacteur.com\/blog\/wp-json\/wp\/v2\/pages\/30629\/revisions"}],"up":[{"embeddable":true,"href":"https:\/\/www.redacteur.com\/blog\/wp-json\/wp\/v2\/pages\/29730"}],"wp:attachment":[{"href":"https:\/\/www.redacteur.com\/blog\/wp-json\/wp\/v2\/media?parent=30629"}],"curies":[{"name":"wp","href":"https:\/\/api.w.org\/{rel}","templated":true}]}}