{"id":30653,"date":"2022-03-01T17:28:26","date_gmt":"2022-03-01T16:28:26","guid":{"rendered":"https:\/\/www.redacteur.com\/blog\/?page_id=30653"},"modified":"2023-02-13T11:45:38","modified_gmt":"2023-02-13T10:45:38","slug":"private-blog-network","status":"publish","type":"page","link":"https:\/\/www.redacteur.com\/blog\/definition\/private-blog-network\/","title":{"rendered":"Private Blog Network"},"content":{"rendered":"<p>Cr\u00e9er des liens externes entrants n\u2019est pas toujours chose facile. En effet, il est n\u00e9cessaire de mettre en place des partenariats ou de r\u00e9mun\u00e9rer d\u2019autres blogs ce qui peut se r\u00e9v\u00e9ler particuli\u00e8rement co\u00fbteux.<\/p>\n<p>Heureusement, il existe une autre solution tout aussi efficace pour g\u00e9n\u00e9rer ces m\u00eames liens qui demande moins d\u2019argent et plus de travail, c\u2019est le <strong>Private Blog Network<\/strong> (ou\u00a0PBN).<\/p>\n<p>Qu\u2019est ce qui se cache derri\u00e8re ce terme&nbsp;? R\u00e9ponse ici.<\/p>\n<h2>Qu\u2019est ce que le PBN&nbsp;?<\/h2>\n<figure id=\"attachment_30527\" aria-describedby=\"caption-attachment-30527\" style=\"width: 700px\" class=\"wp-caption aligncenter\"><img decoding=\"async\" class=\"size-full wp-image-30527\" src=\"https:\/\/www.redacteur.com\/blog\/wp-content\/uploads\/2022\/02\/site-inernet-maillage-interne.jpg\" alt=\"Un maillage interne site internet\" width=\"700\" height=\"429\" srcset=\"https:\/\/www.redacteur.com\/blog\/wp-content\/uploads\/sites\/6\/2022\/02\/site-inernet-maillage-interne.jpg 700w, https:\/\/www.redacteur.com\/blog\/wp-content\/uploads\/sites\/6\/2022\/02\/site-inernet-maillage-interne-300x184.jpg 300w, https:\/\/www.redacteur.com\/blog\/wp-content\/uploads\/sites\/6\/2022\/02\/site-inernet-maillage-interne-60x37.jpg 60w, https:\/\/www.redacteur.com\/blog\/wp-content\/uploads\/sites\/6\/2022\/02\/site-inernet-maillage-interne-370x227.jpg 370w, https:\/\/www.redacteur.com\/blog\/wp-content\/uploads\/sites\/6\/2022\/02\/site-inernet-maillage-interne-270x165.jpg 270w, https:\/\/www.redacteur.com\/blog\/wp-content\/uploads\/sites\/6\/2022\/02\/site-inernet-maillage-interne-570x349.jpg 570w\" sizes=\"(max-width: 700px) 100vw, 700px\" \/><figcaption id=\"caption-attachment-30527\" class=\"wp-caption-text\">Source: freepik.com<\/figcaption><\/figure>\n<p>Le <strong>PBN<\/strong> est un acronyme de l\u2019expression <strong>Private Blog Network<\/strong>. C\u2019est un r\u00e9seau de blogs priv\u00e9 dont l\u2019objectif est de cr\u00e9er des <strong>liens URL<\/strong> vers un site principal afin d\u2019am\u00e9liorer son positionnement <a href=\"https:\/\/www.redacteur.com\/blog\/definition\/seo\/\">SEO<\/a>. De cette mani\u00e8re, il appara\u00eet plus souvent et mieux plac\u00e9 dans les r\u00e9sultats de moteurs de recherche. En cr\u00e9ant un <strong>PBN<\/strong>, vous avez la possibilit\u00e9 de cr\u00e9er vous-m\u00eame un r\u00e9seau et donc d\u2019am\u00e9liorer le <a href=\"https:\/\/www.redacteur.com\/blog\/definition\/referencement-naturel\/\">r\u00e9f\u00e9rencement<\/a> de votre site principal.<\/p>\n<p>En effet, il existe deux types de PBN que sont le <strong>Private Blog Network d\u00e9di\u00e9 et Private Blog Network Mutualis\u00e9<\/strong>.<\/p>\n<p>Comme son nom l\u2019indique, <strong>Private Blog Network d\u00e9di\u00e9<\/strong> est destin\u00e9 uniquement \u00e0 une seule plateforme. Dans ce cas, le promoteur de site cr\u00e9e uniquement un hyperlien qui \u00e9merge vers ce site uniquement ou des sites neutres et demeure inaccessible aux concurrents. A l\u2019oppos\u00e9 du PBN d\u00e9di\u00e9, le <strong>Private Blog Network mutualis\u00e9<\/strong> tire profit \u00e0 plusieurs sites dans le m\u00eame temps. Son but est de cr\u00e9er des liens qui renvoient vers des sites de clients en contrepartie d\u2019une r\u00e9mun\u00e9ration.<\/p>\n<p>En outre, la cr\u00e9ation d\u2019un r\u00e9seau de blogs priv\u00e9 vous aide \u00e0&nbsp;:<\/p>\n<ul>\n<li>Am\u00e9liorer votre <a href=\"https:\/\/www.redacteur.com\/blog\/definition\/maillage-interne\/\">maillage<\/a> de lien externes ;<\/li>\n<li>Adapter votre <a href=\"https:\/\/www.redacteur.com\/blog\/definition\/link-building\/\">Link building<\/a> en fonction des \u00e9volutions de l\u2019algorithme de google ;<\/li>\n<li>D\u00e9velopper le r\u00e9f\u00e9rencement de votre site et b\u00e9n\u00e9ficier d\u2019un meilleur positionnement sur les moteurs de recherche ;<\/li>\n<li>Augmenter votre chiffre d\u2019affaires en g\u00e9n\u00e9rant beaucoup plus de <a href=\"https:\/\/www.redacteur.com\/blog\/definition\/trafic-organique\/\">trafic<\/a> ;<\/li>\n<li>D\u00e9velopper l\u2019image de votre entreprise et gagner en notori\u00e9t\u00e9 ;<\/li>\n<li>Trouver de nouveaux clients ;<\/li>\n<li>Promouvoir vos produits et services ;<\/li>\n<\/ul>\n<h2>Ce que peut vous apporter le PBN pour votre r\u00e9f\u00e9rencement<\/h2>\n<p>\u00c9laborer des sites <strong>Private Blog Network<\/strong>, apporte beaucoup plus d&#8217;avantages que d\u2019inconv\u00e9nients. L\u2019objectif \u00e9tant d\u2019am\u00e9liorer le r\u00e9f\u00e9rencement du site et d\u2019assurer ainsi la visibilit\u00e9 au niveau des moteurs de recherche, le PBN permet au promoteur du site de b\u00e9n\u00e9ficier de plusieurs avantages \u00e0 savoir&nbsp;:<\/p>\n<ul>\n<li>Le monopole des liens entrant<\/li>\n<li>Le monopole du contenu des blogs<\/li>\n<li>Le contr\u00f4le total des URL utilis\u00e9s<\/li>\n<\/ul>\n<p>Il faut cependant pr\u00eater attention aux PBN mutualis\u00e9s, car si le site concern\u00e9 publie trop de liens concurrents, il se peut que votre r\u00e9f\u00e9rencement en soit impacter de mani\u00e8re n\u00e9gative. En effet, les moteurs de recherche sont tr\u00e8s sensibles \u00e0 la qualit\u00e9 des liens qui relient vos sites. Relier un site site de mauvaise qualit\u00e9 directement au v\u00f4tre n\u2019est pas toujours la meilleure solution.<\/p>\n<h2>Nos conseils pour cr\u00e9er votre PBN<\/h2>\n<p>Pour am\u00e9liorer la qualit\u00e9 de votre site internet et augmenter votre visibilit\u00e9 sur la toile, il est important de cr\u00e9er un bon <strong>PNB<\/strong> tout en respectant les crit\u00e8res d\u2019\u00e9valuation de Google. Pour y arriver, il s\u2019agira de&nbsp;:<\/p>\n<ul>\n<li>Varier les types et <a href=\"https:\/\/www.redacteur.com\/blog\/definition\/ancre-de-lien\/\">ancres des liens<\/a> ;<\/li>\n<li>Cr\u00e9er des liens pertinents ;<\/li>\n<li>Varier les contenus ;<\/li>\n<li>Cr\u00e9er plusieurs pages ;<\/li>\n<li>S\u2019assurer de l\u2019originalit\u00e9 des blogs et les animer r\u00e9guli\u00e8rement;<\/li>\n<li>Faire la mise \u00e0 jour r\u00e9guli\u00e8re de votre r\u00e9seau ;<\/li>\n<\/ul>\n<p>En suivant ces recommandations, vous apportez plus de la valeur \u00e0 votre <a href=\"https:\/\/www.redacteur.com\/blog\/definition\/netlinking\/\">Netlinking<\/a> ce qui permet au moteur de recherche de recevoir des signaux pertinents par rapport aux algorithmes. N\u00e9anmoins pour plus d\u2019expertise, il est souhaitable de <a href=\"https:\/\/www.redacteur.com\/packs-strategie-contenu-seo\/\">faire appel \u00e0 une agence sp\u00e9cialis\u00e9e<\/a> dans le but de vous donner les conseils ad\u00e9quats pour contribuer \u00e0 la <strong>performance de votre site<\/strong>.<\/p>\n","protected":false},"excerpt":{"rendered":"<p>Cr\u00e9er des liens externes entrants n\u2019est pas toujours chose facile. En effet, il est n\u00e9cessaire de mettre en place des partenariats ou de r\u00e9mun\u00e9rer d\u2019autres blogs ce qui peut se r\u00e9v\u00e9ler particuli\u00e8rement co\u00fbteux. Heureusement, il existe une autre solution tout aussi efficace pour g\u00e9n\u00e9rer ces m\u00eames liens qui demande moins d\u2019argent et plus de travail, [&hellip;]<\/p>\n","protected":false},"author":1,"featured_media":0,"parent":29730,"menu_order":0,"comment_status":"closed","ping_status":"closed","template":"","meta":{"_acf_changed":false,"inline_featured_image":false,"footnotes":""},"class_list":["post-30653","page","type-page","status-publish","hentry"],"acf":[],"yoast_head":"<!-- This site is optimized with the Yoast SEO plugin v25.9 - https:\/\/yoast.com\/wordpress\/plugins\/seo\/ -->\n<title>Qu&#039;est-ce que le Private Blog Network ? D\u00e9finition - Redacteur.com<\/title>\n<meta name=\"description\" content=\"Cr\u00e9er des liens externes entrants n\u2019est pas toujours chose facile. En effet, il est n\u00e9cessaire de mettre en place des partenariats ou de r\u00e9mun\u00e9rer\" \/>\n<meta name=\"robots\" content=\"index, follow, max-snippet:-1, max-image-preview:large, max-video-preview:-1\" \/>\n<link rel=\"canonical\" href=\"https:\/\/www.redacteur.com\/blog\/definition\/private-blog-network\/\" \/>\n<meta property=\"og:locale\" content=\"fr_FR\" \/>\n<meta property=\"og:type\" content=\"article\" \/>\n<meta property=\"og:title\" content=\"Qu&#039;est-ce que le Private Blog Network ? D\u00e9finition - Redacteur.com\" \/>\n<meta property=\"og:description\" content=\"Cr\u00e9er des liens externes entrants n\u2019est pas toujours chose facile. En effet, il est n\u00e9cessaire de mettre en place des partenariats ou de r\u00e9mun\u00e9rer\" \/>\n<meta property=\"og:url\" content=\"https:\/\/www.redacteur.com\/blog\/definition\/private-blog-network\/\" \/>\n<meta property=\"og:site_name\" content=\"Redacteur.com\" \/>\n<meta property=\"article:publisher\" content=\"https:\/\/www.facebook.com\/redacteurcom\" \/>\n<meta property=\"article:modified_time\" content=\"2023-02-13T10:45:38+00:00\" \/>\n<meta property=\"og:image\" content=\"https:\/\/www.redacteur.com\/blog\/wp-content\/uploads\/2022\/02\/site-inernet-maillage-interne.jpg\" \/>\n<meta name=\"twitter:card\" content=\"summary_large_image\" \/>\n<meta name=\"twitter:site\" content=\"@Redacteurcom\" \/>\n<meta name=\"twitter:label1\" content=\"Dur\u00e9e de lecture estim\u00e9e\" \/>\n\t<meta name=\"twitter:data1\" content=\"4 minutes\" \/>\n<script type=\"application\/ld+json\" class=\"yoast-schema-graph\">{\"@context\":\"https:\/\/schema.org\",\"@graph\":[{\"@type\":\"WebPage\",\"@id\":\"https:\/\/www.redacteur.com\/blog\/definition\/private-blog-network\/\",\"url\":\"https:\/\/www.redacteur.com\/blog\/definition\/private-blog-network\/\",\"name\":\"Qu'est-ce que le Private Blog Network ? D\u00e9finition - Redacteur.com\",\"isPartOf\":{\"@id\":\"https:\/\/www.redacteur.com\/blog\/#website\"},\"primaryImageOfPage\":{\"@id\":\"https:\/\/www.redacteur.com\/blog\/definition\/private-blog-network\/#primaryimage\"},\"image\":{\"@id\":\"https:\/\/www.redacteur.com\/blog\/definition\/private-blog-network\/#primaryimage\"},\"thumbnailUrl\":\"https:\/\/www.redacteur.com\/blog\/wp-content\/uploads\/2022\/02\/site-inernet-maillage-interne.jpg\",\"datePublished\":\"2022-03-01T16:28:26+00:00\",\"dateModified\":\"2023-02-13T10:45:38+00:00\",\"description\":\"Cr\u00e9er des liens externes entrants n\u2019est pas toujours chose facile. En effet, il est n\u00e9cessaire de mettre en place des partenariats ou de r\u00e9mun\u00e9rer\",\"breadcrumb\":{\"@id\":\"https:\/\/www.redacteur.com\/blog\/definition\/private-blog-network\/#breadcrumb\"},\"inLanguage\":\"fr-FR\",\"potentialAction\":[{\"@type\":\"ReadAction\",\"target\":[\"https:\/\/www.redacteur.com\/blog\/definition\/private-blog-network\/\"]}]},{\"@type\":\"ImageObject\",\"inLanguage\":\"fr-FR\",\"@id\":\"https:\/\/www.redacteur.com\/blog\/definition\/private-blog-network\/#primaryimage\",\"url\":\"https:\/\/www.redacteur.com\/blog\/wp-content\/uploads\/2022\/02\/site-inernet-maillage-interne.jpg\",\"contentUrl\":\"https:\/\/www.redacteur.com\/blog\/wp-content\/uploads\/2022\/02\/site-inernet-maillage-interne.jpg\"},{\"@type\":\"BreadcrumbList\",\"@id\":\"https:\/\/www.redacteur.com\/blog\/definition\/private-blog-network\/#breadcrumb\",\"itemListElement\":[{\"@type\":\"ListItem\",\"position\":1,\"name\":\"Blog\",\"item\":\"https:\/\/www.redacteur.com\/blog\/\"},{\"@type\":\"ListItem\",\"position\":2,\"name\":\"Lexique SEO\",\"item\":\"https:\/\/www.redacteur.com\/blog\/definition\/\"},{\"@type\":\"ListItem\",\"position\":3,\"name\":\"Private Blog Network\"}]},{\"@type\":\"WebSite\",\"@id\":\"https:\/\/www.redacteur.com\/blog\/#website\",\"url\":\"https:\/\/www.redacteur.com\/blog\/\",\"name\":\"Redacteur.com\",\"description\":\"redacteur\",\"publisher\":{\"@id\":\"https:\/\/www.redacteur.com\/blog\/#organization\"},\"potentialAction\":[{\"@type\":\"SearchAction\",\"target\":{\"@type\":\"EntryPoint\",\"urlTemplate\":\"https:\/\/www.redacteur.com\/blog\/?s={search_term_string}\"},\"query-input\":{\"@type\":\"PropertyValueSpecification\",\"valueRequired\":true,\"valueName\":\"search_term_string\"}}],\"inLanguage\":\"fr-FR\"},{\"@type\":\"Organization\",\"@id\":\"https:\/\/www.redacteur.com\/blog\/#organization\",\"name\":\"Redacteur.com\",\"url\":\"https:\/\/www.redacteur.com\/blog\/\",\"logo\":{\"@type\":\"ImageObject\",\"inLanguage\":\"fr-FR\",\"@id\":\"https:\/\/www.redacteur.com\/blog\/#\/schema\/logo\/image\/\",\"url\":\"https:\/\/www.redacteur.com\/blog\/wp-content\/uploads\/sites\/6\/2022\/10\/logo-redacteur-blog.svg\",\"contentUrl\":\"https:\/\/www.redacteur.com\/blog\/wp-content\/uploads\/sites\/6\/2022\/10\/logo-redacteur-blog.svg\",\"width\":1,\"height\":1,\"caption\":\"Redacteur.com\"},\"image\":{\"@id\":\"https:\/\/www.redacteur.com\/blog\/#\/schema\/logo\/image\/\"},\"sameAs\":[\"https:\/\/www.facebook.com\/redacteurcom\",\"https:\/\/x.com\/Redacteurcom\",\"https:\/\/www.linkedin.com\/company\/redacteur-com\",\"https:\/\/www.youtube.com\/channel\/UCgj9ySM9xy3gdL8qBafl9Uw\/\"]}]}<\/script>\n<!-- \/ Yoast SEO plugin. -->","yoast_head_json":{"title":"Qu'est-ce que le Private Blog Network ? D\u00e9finition - Redacteur.com","description":"Cr\u00e9er des liens externes entrants n\u2019est pas toujours chose facile. En effet, il est n\u00e9cessaire de mettre en place des partenariats ou de r\u00e9mun\u00e9rer","robots":{"index":"index","follow":"follow","max-snippet":"max-snippet:-1","max-image-preview":"max-image-preview:large","max-video-preview":"max-video-preview:-1"},"canonical":"https:\/\/www.redacteur.com\/blog\/definition\/private-blog-network\/","og_locale":"fr_FR","og_type":"article","og_title":"Qu'est-ce que le Private Blog Network ? D\u00e9finition - Redacteur.com","og_description":"Cr\u00e9er des liens externes entrants n\u2019est pas toujours chose facile. En effet, il est n\u00e9cessaire de mettre en place des partenariats ou de r\u00e9mun\u00e9rer","og_url":"https:\/\/www.redacteur.com\/blog\/definition\/private-blog-network\/","og_site_name":"Redacteur.com","article_publisher":"https:\/\/www.facebook.com\/redacteurcom","article_modified_time":"2023-02-13T10:45:38+00:00","og_image":[{"url":"https:\/\/www.redacteur.com\/blog\/wp-content\/uploads\/2022\/02\/site-inernet-maillage-interne.jpg","type":"","width":"","height":""}],"twitter_card":"summary_large_image","twitter_site":"@Redacteurcom","twitter_misc":{"Dur\u00e9e de lecture estim\u00e9e":"4 minutes"},"schema":{"@context":"https:\/\/schema.org","@graph":[{"@type":"WebPage","@id":"https:\/\/www.redacteur.com\/blog\/definition\/private-blog-network\/","url":"https:\/\/www.redacteur.com\/blog\/definition\/private-blog-network\/","name":"Qu'est-ce que le Private Blog Network ? D\u00e9finition - Redacteur.com","isPartOf":{"@id":"https:\/\/www.redacteur.com\/blog\/#website"},"primaryImageOfPage":{"@id":"https:\/\/www.redacteur.com\/blog\/definition\/private-blog-network\/#primaryimage"},"image":{"@id":"https:\/\/www.redacteur.com\/blog\/definition\/private-blog-network\/#primaryimage"},"thumbnailUrl":"https:\/\/www.redacteur.com\/blog\/wp-content\/uploads\/2022\/02\/site-inernet-maillage-interne.jpg","datePublished":"2022-03-01T16:28:26+00:00","dateModified":"2023-02-13T10:45:38+00:00","description":"Cr\u00e9er des liens externes entrants n\u2019est pas toujours chose facile. En effet, il est n\u00e9cessaire de mettre en place des partenariats ou de r\u00e9mun\u00e9rer","breadcrumb":{"@id":"https:\/\/www.redacteur.com\/blog\/definition\/private-blog-network\/#breadcrumb"},"inLanguage":"fr-FR","potentialAction":[{"@type":"ReadAction","target":["https:\/\/www.redacteur.com\/blog\/definition\/private-blog-network\/"]}]},{"@type":"ImageObject","inLanguage":"fr-FR","@id":"https:\/\/www.redacteur.com\/blog\/definition\/private-blog-network\/#primaryimage","url":"https:\/\/www.redacteur.com\/blog\/wp-content\/uploads\/2022\/02\/site-inernet-maillage-interne.jpg","contentUrl":"https:\/\/www.redacteur.com\/blog\/wp-content\/uploads\/2022\/02\/site-inernet-maillage-interne.jpg"},{"@type":"BreadcrumbList","@id":"https:\/\/www.redacteur.com\/blog\/definition\/private-blog-network\/#breadcrumb","itemListElement":[{"@type":"ListItem","position":1,"name":"Blog","item":"https:\/\/www.redacteur.com\/blog\/"},{"@type":"ListItem","position":2,"name":"Lexique SEO","item":"https:\/\/www.redacteur.com\/blog\/definition\/"},{"@type":"ListItem","position":3,"name":"Private Blog Network"}]},{"@type":"WebSite","@id":"https:\/\/www.redacteur.com\/blog\/#website","url":"https:\/\/www.redacteur.com\/blog\/","name":"Redacteur.com","description":"redacteur","publisher":{"@id":"https:\/\/www.redacteur.com\/blog\/#organization"},"potentialAction":[{"@type":"SearchAction","target":{"@type":"EntryPoint","urlTemplate":"https:\/\/www.redacteur.com\/blog\/?s={search_term_string}"},"query-input":{"@type":"PropertyValueSpecification","valueRequired":true,"valueName":"search_term_string"}}],"inLanguage":"fr-FR"},{"@type":"Organization","@id":"https:\/\/www.redacteur.com\/blog\/#organization","name":"Redacteur.com","url":"https:\/\/www.redacteur.com\/blog\/","logo":{"@type":"ImageObject","inLanguage":"fr-FR","@id":"https:\/\/www.redacteur.com\/blog\/#\/schema\/logo\/image\/","url":"https:\/\/www.redacteur.com\/blog\/wp-content\/uploads\/sites\/6\/2022\/10\/logo-redacteur-blog.svg","contentUrl":"https:\/\/www.redacteur.com\/blog\/wp-content\/uploads\/sites\/6\/2022\/10\/logo-redacteur-blog.svg","width":1,"height":1,"caption":"Redacteur.com"},"image":{"@id":"https:\/\/www.redacteur.com\/blog\/#\/schema\/logo\/image\/"},"sameAs":["https:\/\/www.facebook.com\/redacteurcom","https:\/\/x.com\/Redacteurcom","https:\/\/www.linkedin.com\/company\/redacteur-com","https:\/\/www.youtube.com\/channel\/UCgj9ySM9xy3gdL8qBafl9Uw\/"]}]}},"_links":{"self":[{"href":"https:\/\/www.redacteur.com\/blog\/wp-json\/wp\/v2\/pages\/30653","targetHints":{"allow":["GET"]}}],"collection":[{"href":"https:\/\/www.redacteur.com\/blog\/wp-json\/wp\/v2\/pages"}],"about":[{"href":"https:\/\/www.redacteur.com\/blog\/wp-json\/wp\/v2\/types\/page"}],"author":[{"embeddable":true,"href":"https:\/\/www.redacteur.com\/blog\/wp-json\/wp\/v2\/users\/1"}],"replies":[{"embeddable":true,"href":"https:\/\/www.redacteur.com\/blog\/wp-json\/wp\/v2\/comments?post=30653"}],"version-history":[{"count":0,"href":"https:\/\/www.redacteur.com\/blog\/wp-json\/wp\/v2\/pages\/30653\/revisions"}],"up":[{"embeddable":true,"href":"https:\/\/www.redacteur.com\/blog\/wp-json\/wp\/v2\/pages\/29730"}],"wp:attachment":[{"href":"https:\/\/www.redacteur.com\/blog\/wp-json\/wp\/v2\/media?parent=30653"}],"curies":[{"name":"wp","href":"https:\/\/api.w.org\/{rel}","templated":true}]}}