{"id":32662,"date":"2022-08-11T15:29:31","date_gmt":"2022-08-11T13:29:31","guid":{"rendered":"https:\/\/www.redacteur.com\/blog\/?page_id=32662"},"modified":"2022-11-08T10:11:15","modified_gmt":"2022-11-08T09:11:15","slug":"inscription-newsletter-hebdomadaire","status":"publish","type":"page","link":"https:\/\/www.redacteur.com\/blog\/inscription-newsletter-hebdomadaire\/","title":{"rendered":"Je ne souhaite recevoir qu&#8217;un seul e-mail par semaine"},"content":{"rendered":"<p>Vous pr\u00e9f\u00e9rez ne recevoir qu&#8217;un seul e-mail avec tous nos articles de la semaine&nbsp;?<br \/>\nC&#8217;est possible en vous inscrivant \u00e0 notre newsletter hebdomadaire&nbsp;! <strong>Vous ne recevrez plus qu&#8217;un seul message, chaque vendredi, avec tous les articles parus sur le blog dans la semaine.<\/strong><\/p>\n<p><label for=\"email\">Votre e-mail*<\/label><br \/>\nJ&#8217;accepte de recevoir chaque semaine les derniers articles parus sur le blog Redacteur.com<br \/>\n<span style=\"font-size: 0.8rem\">Vous pourrez vous d\u00e9sabonner \u00e0 tout moment. En validant ce formulaire, vous acceptez que vos donn\u00e9es soient trait\u00e9es conform\u00e9ment \u00e0 notre <a href=\"\/pages\/politique-de-confidentialite\" target=\"_blank\" rel=\"nofollow noindex noopener\">Politique de Confidentialit\u00e9<\/a>. <\/span><strong><span style=\"font-size: 0.8rem\">En vous inscrivant \u00e0 notre newsletter hebdomadaire, vous cesserez de recevoir la newsletter quotidienne.<\/span><\/strong><br \/>\n<strong><\/strong><\/p>\n","protected":false},"excerpt":{"rendered":"<p>Vous pr\u00e9f\u00e9rez ne recevoir qu&#8217;un seul e-mail avec tous nos articles de la semaine&nbsp;? C&#8217;est possible en vous inscrivant \u00e0 notre newsletter hebdomadaire&nbsp;! Vous ne recevrez plus qu&#8217;un seul message, chaque vendredi, avec tous les articles parus sur le blog dans la semaine. Votre e-mail* J&#8217;accepte de recevoir chaque semaine les derniers articles parus sur [&hellip;]<\/p>\n","protected":false},"author":1,"featured_media":0,"parent":0,"menu_order":0,"comment_status":"closed","ping_status":"closed","template":"page-templates\/page-landing-inscription-hebdo.php","meta":{"_acf_changed":false,"inline_featured_image":false,"footnotes":""},"class_list":["post-32662","page","type-page","status-publish","hentry"],"acf":[],"yoast_head":"<!-- This site is optimized with the Yoast SEO plugin v25.9 - https:\/\/yoast.com\/wordpress\/plugins\/seo\/ -->\n<title>Je ne souhaite recevoir qu&#039;un seul e-mail par semaine - Redacteur Blog<\/title>\n<meta name=\"description\" content=\"Vous pr\u00e9f\u00e9rez ne recevoir qu&#039;un seul e-mail avec tous nos articles de la semaine ? C&#039;est possible en vous inscrivant \u00e0 notre newsletter hebdomadaire !\" \/>\n<meta name=\"robots\" content=\"noindex, nofollow\" \/>\n<meta property=\"og:locale\" content=\"fr_FR\" \/>\n<meta property=\"og:type\" content=\"article\" \/>\n<meta property=\"og:title\" content=\"Je ne souhaite recevoir qu&#039;un seul e-mail par semaine - Redacteur Blog\" \/>\n<meta property=\"og:description\" content=\"Vous pr\u00e9f\u00e9rez ne recevoir qu&#039;un seul e-mail avec tous nos articles de la semaine ? C&#039;est possible en vous inscrivant \u00e0 notre newsletter hebdomadaire !\" \/>\n<meta property=\"og:url\" content=\"https:\/\/www.redacteur.com\/blog\/inscription-newsletter-hebdomadaire\/\" \/>\n<meta property=\"og:site_name\" content=\"Redacteur.com\" \/>\n<meta property=\"article:publisher\" content=\"https:\/\/www.facebook.com\/redacteurcom\" \/>\n<meta property=\"article:modified_time\" content=\"2022-11-08T09:11:15+00:00\" \/>\n<meta name=\"twitter:card\" content=\"summary_large_image\" \/>\n<meta name=\"twitter:site\" content=\"@Redacteurcom\" \/>\n<meta name=\"twitter:label1\" content=\"Dur\u00e9e de lecture estim\u00e9e\" \/>\n\t<meta name=\"twitter:data1\" content=\"1 minute\" \/>\n<script type=\"application\/ld+json\" class=\"yoast-schema-graph\">{\"@context\":\"https:\/\/schema.org\",\"@graph\":[{\"@type\":\"WebPage\",\"@id\":\"https:\/\/www.redacteur.com\/blog\/inscription-newsletter-hebdomadaire\/\",\"url\":\"https:\/\/www.redacteur.com\/blog\/inscription-newsletter-hebdomadaire\/\",\"name\":\"Je ne souhaite recevoir qu'un seul e-mail par semaine - Redacteur Blog\",\"isPartOf\":{\"@id\":\"https:\/\/www.redacteur.com\/blog\/#website\"},\"datePublished\":\"2022-08-11T13:29:31+00:00\",\"dateModified\":\"2022-11-08T09:11:15+00:00\",\"description\":\"Vous pr\u00e9f\u00e9rez ne recevoir qu'un seul e-mail avec tous nos articles de la semaine ? C'est possible en vous inscrivant \u00e0 notre newsletter hebdomadaire !\",\"breadcrumb\":{\"@id\":\"https:\/\/www.redacteur.com\/blog\/inscription-newsletter-hebdomadaire\/#breadcrumb\"},\"inLanguage\":\"fr-FR\",\"potentialAction\":[{\"@type\":\"ReadAction\",\"target\":[\"https:\/\/www.redacteur.com\/blog\/inscription-newsletter-hebdomadaire\/\"]}]},{\"@type\":\"BreadcrumbList\",\"@id\":\"https:\/\/www.redacteur.com\/blog\/inscription-newsletter-hebdomadaire\/#breadcrumb\",\"itemListElement\":[{\"@type\":\"ListItem\",\"position\":1,\"name\":\"Blog\",\"item\":\"https:\/\/www.redacteur.com\/blog\/\"},{\"@type\":\"ListItem\",\"position\":2,\"name\":\"Je ne souhaite recevoir qu&#8217;un seul e-mail par semaine\"}]},{\"@type\":\"WebSite\",\"@id\":\"https:\/\/www.redacteur.com\/blog\/#website\",\"url\":\"https:\/\/www.redacteur.com\/blog\/\",\"name\":\"Redacteur.com\",\"description\":\"redacteur\",\"publisher\":{\"@id\":\"https:\/\/www.redacteur.com\/blog\/#organization\"},\"potentialAction\":[{\"@type\":\"SearchAction\",\"target\":{\"@type\":\"EntryPoint\",\"urlTemplate\":\"https:\/\/www.redacteur.com\/blog\/?s={search_term_string}\"},\"query-input\":{\"@type\":\"PropertyValueSpecification\",\"valueRequired\":true,\"valueName\":\"search_term_string\"}}],\"inLanguage\":\"fr-FR\"},{\"@type\":\"Organization\",\"@id\":\"https:\/\/www.redacteur.com\/blog\/#organization\",\"name\":\"Redacteur.com\",\"url\":\"https:\/\/www.redacteur.com\/blog\/\",\"logo\":{\"@type\":\"ImageObject\",\"inLanguage\":\"fr-FR\",\"@id\":\"https:\/\/www.redacteur.com\/blog\/#\/schema\/logo\/image\/\",\"url\":\"https:\/\/www.redacteur.com\/blog\/wp-content\/uploads\/sites\/6\/2022\/10\/logo-redacteur-blog.svg\",\"contentUrl\":\"https:\/\/www.redacteur.com\/blog\/wp-content\/uploads\/sites\/6\/2022\/10\/logo-redacteur-blog.svg\",\"width\":1,\"height\":1,\"caption\":\"Redacteur.com\"},\"image\":{\"@id\":\"https:\/\/www.redacteur.com\/blog\/#\/schema\/logo\/image\/\"},\"sameAs\":[\"https:\/\/www.facebook.com\/redacteurcom\",\"https:\/\/x.com\/Redacteurcom\",\"https:\/\/www.linkedin.com\/company\/redacteur-com\",\"https:\/\/www.youtube.com\/channel\/UCgj9ySM9xy3gdL8qBafl9Uw\/\"]}]}<\/script>\n<!-- \/ Yoast SEO plugin. -->","yoast_head_json":{"title":"Je ne souhaite recevoir qu'un seul e-mail par semaine - Redacteur Blog","description":"Vous pr\u00e9f\u00e9rez ne recevoir qu'un seul e-mail avec tous nos articles de la semaine ? C'est possible en vous inscrivant \u00e0 notre newsletter hebdomadaire !","robots":{"index":"noindex","follow":"nofollow"},"og_locale":"fr_FR","og_type":"article","og_title":"Je ne souhaite recevoir qu'un seul e-mail par semaine - Redacteur Blog","og_description":"Vous pr\u00e9f\u00e9rez ne recevoir qu'un seul e-mail avec tous nos articles de la semaine ? C'est possible en vous inscrivant \u00e0 notre newsletter hebdomadaire !","og_url":"https:\/\/www.redacteur.com\/blog\/inscription-newsletter-hebdomadaire\/","og_site_name":"Redacteur.com","article_publisher":"https:\/\/www.facebook.com\/redacteurcom","article_modified_time":"2022-11-08T09:11:15+00:00","twitter_card":"summary_large_image","twitter_site":"@Redacteurcom","twitter_misc":{"Dur\u00e9e de lecture estim\u00e9e":"1 minute"},"schema":{"@context":"https:\/\/schema.org","@graph":[{"@type":"WebPage","@id":"https:\/\/www.redacteur.com\/blog\/inscription-newsletter-hebdomadaire\/","url":"https:\/\/www.redacteur.com\/blog\/inscription-newsletter-hebdomadaire\/","name":"Je ne souhaite recevoir qu'un seul e-mail par semaine - Redacteur Blog","isPartOf":{"@id":"https:\/\/www.redacteur.com\/blog\/#website"},"datePublished":"2022-08-11T13:29:31+00:00","dateModified":"2022-11-08T09:11:15+00:00","description":"Vous pr\u00e9f\u00e9rez ne recevoir qu'un seul e-mail avec tous nos articles de la semaine ? C'est possible en vous inscrivant \u00e0 notre newsletter hebdomadaire !","breadcrumb":{"@id":"https:\/\/www.redacteur.com\/blog\/inscription-newsletter-hebdomadaire\/#breadcrumb"},"inLanguage":"fr-FR","potentialAction":[{"@type":"ReadAction","target":["https:\/\/www.redacteur.com\/blog\/inscription-newsletter-hebdomadaire\/"]}]},{"@type":"BreadcrumbList","@id":"https:\/\/www.redacteur.com\/blog\/inscription-newsletter-hebdomadaire\/#breadcrumb","itemListElement":[{"@type":"ListItem","position":1,"name":"Blog","item":"https:\/\/www.redacteur.com\/blog\/"},{"@type":"ListItem","position":2,"name":"Je ne souhaite recevoir qu&#8217;un seul e-mail par semaine"}]},{"@type":"WebSite","@id":"https:\/\/www.redacteur.com\/blog\/#website","url":"https:\/\/www.redacteur.com\/blog\/","name":"Redacteur.com","description":"redacteur","publisher":{"@id":"https:\/\/www.redacteur.com\/blog\/#organization"},"potentialAction":[{"@type":"SearchAction","target":{"@type":"EntryPoint","urlTemplate":"https:\/\/www.redacteur.com\/blog\/?s={search_term_string}"},"query-input":{"@type":"PropertyValueSpecification","valueRequired":true,"valueName":"search_term_string"}}],"inLanguage":"fr-FR"},{"@type":"Organization","@id":"https:\/\/www.redacteur.com\/blog\/#organization","name":"Redacteur.com","url":"https:\/\/www.redacteur.com\/blog\/","logo":{"@type":"ImageObject","inLanguage":"fr-FR","@id":"https:\/\/www.redacteur.com\/blog\/#\/schema\/logo\/image\/","url":"https:\/\/www.redacteur.com\/blog\/wp-content\/uploads\/sites\/6\/2022\/10\/logo-redacteur-blog.svg","contentUrl":"https:\/\/www.redacteur.com\/blog\/wp-content\/uploads\/sites\/6\/2022\/10\/logo-redacteur-blog.svg","width":1,"height":1,"caption":"Redacteur.com"},"image":{"@id":"https:\/\/www.redacteur.com\/blog\/#\/schema\/logo\/image\/"},"sameAs":["https:\/\/www.facebook.com\/redacteurcom","https:\/\/x.com\/Redacteurcom","https:\/\/www.linkedin.com\/company\/redacteur-com","https:\/\/www.youtube.com\/channel\/UCgj9ySM9xy3gdL8qBafl9Uw\/"]}]}},"_links":{"self":[{"href":"https:\/\/www.redacteur.com\/blog\/wp-json\/wp\/v2\/pages\/32662","targetHints":{"allow":["GET"]}}],"collection":[{"href":"https:\/\/www.redacteur.com\/blog\/wp-json\/wp\/v2\/pages"}],"about":[{"href":"https:\/\/www.redacteur.com\/blog\/wp-json\/wp\/v2\/types\/page"}],"author":[{"embeddable":true,"href":"https:\/\/www.redacteur.com\/blog\/wp-json\/wp\/v2\/users\/1"}],"replies":[{"embeddable":true,"href":"https:\/\/www.redacteur.com\/blog\/wp-json\/wp\/v2\/comments?post=32662"}],"version-history":[{"count":0,"href":"https:\/\/www.redacteur.com\/blog\/wp-json\/wp\/v2\/pages\/32662\/revisions"}],"wp:attachment":[{"href":"https:\/\/www.redacteur.com\/blog\/wp-json\/wp\/v2\/media?parent=32662"}],"curies":[{"name":"wp","href":"https:\/\/api.w.org\/{rel}","templated":true}]}}